{"id":4033,"date":"2019-01-14T10:45:48","date_gmt":"2019-01-14T10:45:48","guid":{"rendered":"https:\/\/ikisbaby.com\/?post_type=product&#038;p=4033"},"modified":"2019-11-15T12:19:16","modified_gmt":"2019-11-15T12:19:16","slug":"babygrow-de-algodao-rosa","status":"publish","type":"product","link":"https:\/\/ikisbaby.com\/index.php\/produto\/babygrow-de-algodao-rosa\/","title":{"rendered":"Babygrow Algod\u00e3o P\u00e1ssaros"},"content":{"rendered":"<p>Babygrow de algod\u00e3o rosa para Beb\u00e9 Bordado.<\/p>\n<p>Babygrow com molas a apertar na frente e entre pernas, com bordado de passarinhos, aplica\u00e7\u00e3o de bolsos e la\u00e7os.<\/p>\n<p>Composi\u00e7\u00e3o: 100% Algod\u00e3o<\/p>\n","protected":false},"excerpt":{"rendered":"<p>Babygrow de algod\u00e3o rosa para Beb\u00e9 Bordado.<\/p>\n<p>Babygrow com molas a apertar na frente e entre pernas, com bordado de passarinhos, aplica\u00e7\u00e3o de bolsos e la\u00e7os.<\/p>\n<p>Composi\u00e7\u00e3o: 100% Algod\u00e3o<\/p>\n","protected":false},"featured_media":10752,"comment_status":"closed","ping_status":"closed","template":"","meta":[],"product_brand":[],"product_cat":[303,56],"product_tag":[94],"class_list":{"0":"post-4033","1":"product","2":"type-product","3":"status-publish","6":"product_cat-primavera-verao-2024","7":"product_cat-babygrows-menina","8":"product_tag-babygrow","10":"first","11":"instock","12":"taxable","13":"shipping-taxable","14":"purchasable","15":"product-type-variable"},"yoast_head":"<!-- This site is optimized with the Yoast SEO plugin v27.0 - https:\/\/yoast.com\/product\/yoast-seo-wordpress\/ -->\n<title>Babygrow de algod\u00e3o rosa para beb\u00e9 - ikisbaby - Loja Online<\/title>\n<meta name=\"description\" content=\"Babygrow de algod\u00e3o rosa para Beb\u00e9 Bordado. Babygrow com molas a apertar na frente e entre pernas, com bordado aplica\u00e7\u00e3o de bolsos e la\u00e7os.\" \/>\n<meta name=\"robots\" content=\"index, follow, max-snippet:-1, max-image-preview:large, max-video-preview:-1\" \/>\n<link rel=\"canonical\" href=\"https:\/\/ikisbaby.com\/index.php\/produto\/babygrow-de-algodao-rosa\/\" \/>\n<meta property=\"og:locale\" content=\"pt_PT\" \/>\n<meta property=\"og:type\" content=\"article\" \/>\n<meta property=\"og:title\" content=\"Babygrow de algod\u00e3o rosa para beb\u00e9 - ikisbaby - Loja Online\" \/>\n<meta property=\"og:description\" content=\"Babygrow de algod\u00e3o rosa para Beb\u00e9 Bordado. Babygrow com molas a apertar na frente e entre pernas, com bordado aplica\u00e7\u00e3o de bolsos e la\u00e7os.\" \/>\n<meta property=\"og:url\" content=\"https:\/\/ikisbaby.com\/index.php\/produto\/babygrow-de-algodao-rosa\/\" \/>\n<meta property=\"og:site_name\" content=\"Ikisbaby\" \/>\n<meta property=\"article:publisher\" content=\"https:\/\/facebook.com\/ikisbaby\" \/>\n<meta property=\"article:modified_time\" content=\"2019-11-15T12:19:16+00:00\" \/>\n<meta property=\"og:image\" content=\"https:\/\/ikisbaby.com\/wp-content\/uploads\/2018\/02\/babygrow_passaros_rosa.png\" \/>\n\t<meta property=\"og:image:width\" content=\"700\" \/>\n\t<meta property=\"og:image:height\" content=\"750\" \/>\n\t<meta property=\"og:image:type\" content=\"image\/png\" \/>\n<script type=\"application\/ld+json\" class=\"yoast-schema-graph\">{\"@context\":\"https:\/\/schema.org\",\"@graph\":[{\"@type\":\"WebPage\",\"@id\":\"https:\/\/ikisbaby.com\/index.php\/produto\/babygrow-de-algodao-rosa\/\",\"url\":\"https:\/\/ikisbaby.com\/index.php\/produto\/babygrow-de-algodao-rosa\/\",\"name\":\"Babygrow de algod\u00e3o rosa para beb\u00e9 - ikisbaby - Loja Online\",\"isPartOf\":{\"@id\":\"https:\/\/ikisbaby.com\/#website\"},\"primaryImageOfPage\":{\"@id\":\"https:\/\/ikisbaby.com\/index.php\/produto\/babygrow-de-algodao-rosa\/#primaryimage\"},\"image\":{\"@id\":\"https:\/\/ikisbaby.com\/index.php\/produto\/babygrow-de-algodao-rosa\/#primaryimage\"},\"thumbnailUrl\":\"https:\/\/ikisbaby.com\/wp-content\/uploads\/2018\/02\/babygrow_passaros_rosa.png\",\"datePublished\":\"2019-01-14T10:45:48+00:00\",\"dateModified\":\"2019-11-15T12:19:16+00:00\",\"description\":\"Babygrow de algod\u00e3o rosa para Beb\u00e9 Bordado. Babygrow com molas a apertar na frente e entre pernas, com bordado aplica\u00e7\u00e3o de bolsos e la\u00e7os.\",\"breadcrumb\":{\"@id\":\"https:\/\/ikisbaby.com\/index.php\/produto\/babygrow-de-algodao-rosa\/#breadcrumb\"},\"inLanguage\":\"pt-PT\",\"potentialAction\":[{\"@type\":\"ReadAction\",\"target\":[\"https:\/\/ikisbaby.com\/index.php\/produto\/babygrow-de-algodao-rosa\/\"]}]},{\"@type\":\"ImageObject\",\"inLanguage\":\"pt-PT\",\"@id\":\"https:\/\/ikisbaby.com\/index.php\/produto\/babygrow-de-algodao-rosa\/#primaryimage\",\"url\":\"https:\/\/ikisbaby.com\/wp-content\/uploads\/2018\/02\/babygrow_passaros_rosa.png\",\"contentUrl\":\"https:\/\/ikisbaby.com\/wp-content\/uploads\/2018\/02\/babygrow_passaros_rosa.png\",\"width\":700,\"height\":750,\"caption\":\"Babygrow de algod\u00e3o rosa\"},{\"@type\":\"BreadcrumbList\",\"@id\":\"https:\/\/ikisbaby.com\/index.php\/produto\/babygrow-de-algodao-rosa\/#breadcrumb\",\"itemListElement\":[{\"@type\":\"ListItem\",\"position\":1,\"name\":\"In\u00edcio\",\"item\":\"https:\/\/ikisbaby.com\/\"},{\"@type\":\"ListItem\",\"position\":2,\"name\":\"Loja\",\"item\":\"https:\/\/ikisbaby.com\/index.php\/loja-roupa-para-bebe\/\"},{\"@type\":\"ListItem\",\"position\":3,\"name\":\"Babygrow Algod\u00e3o P\u00e1ssaros\"}]},{\"@type\":\"WebSite\",\"@id\":\"https:\/\/ikisbaby.com\/#website\",\"url\":\"https:\/\/ikisbaby.com\/\",\"name\":\"Ikisbaby\",\"description\":\"Loja Online para Beb\u00e9\",\"publisher\":{\"@id\":\"https:\/\/ikisbaby.com\/#organization\"},\"potentialAction\":[{\"@type\":\"SearchAction\",\"target\":{\"@type\":\"EntryPoint\",\"urlTemplate\":\"https:\/\/ikisbaby.com\/?s={search_term_string}\"},\"query-input\":{\"@type\":\"PropertyValueSpecification\",\"valueRequired\":true,\"valueName\":\"search_term_string\"}}],\"inLanguage\":\"pt-PT\"},{\"@type\":\"Organization\",\"@id\":\"https:\/\/ikisbaby.com\/#organization\",\"name\":\"Ikisbaby\",\"url\":\"https:\/\/ikisbaby.com\/\",\"logo\":{\"@type\":\"ImageObject\",\"inLanguage\":\"pt-PT\",\"@id\":\"https:\/\/ikisbaby.com\/#\/schema\/logo\/image\/\",\"url\":\"https:\/\/ikisbaby.com\/wp-content\/uploads\/2019\/02\/favicon.png\",\"contentUrl\":\"https:\/\/ikisbaby.com\/wp-content\/uploads\/2019\/02\/favicon.png\",\"width\":512,\"height\":512,\"caption\":\"Ikisbaby\"},\"image\":{\"@id\":\"https:\/\/ikisbaby.com\/#\/schema\/logo\/image\/\"},\"sameAs\":[\"https:\/\/facebook.com\/ikisbaby\",\"https:\/\/www.instagram.com\/ikisbaby\/\"]}]}<\/script>\n<!-- \/ Yoast SEO plugin. -->","yoast_head_json":{"title":"Babygrow de algod\u00e3o rosa para beb\u00e9 - ikisbaby - Loja Online","description":"Babygrow de algod\u00e3o rosa para Beb\u00e9 Bordado. Babygrow com molas a apertar na frente e entre pernas, com bordado aplica\u00e7\u00e3o de bolsos e la\u00e7os.","robots":{"index":"index","follow":"follow","max-snippet":"max-snippet:-1","max-image-preview":"max-image-preview:large","max-video-preview":"max-video-preview:-1"},"canonical":"https:\/\/ikisbaby.com\/index.php\/produto\/babygrow-de-algodao-rosa\/","og_locale":"pt_PT","og_type":"article","og_title":"Babygrow de algod\u00e3o rosa para beb\u00e9 - ikisbaby - Loja Online","og_description":"Babygrow de algod\u00e3o rosa para Beb\u00e9 Bordado. Babygrow com molas a apertar na frente e entre pernas, com bordado aplica\u00e7\u00e3o de bolsos e la\u00e7os.","og_url":"https:\/\/ikisbaby.com\/index.php\/produto\/babygrow-de-algodao-rosa\/","og_site_name":"Ikisbaby","article_publisher":"https:\/\/facebook.com\/ikisbaby","article_modified_time":"2019-11-15T12:19:16+00:00","og_image":[{"width":700,"height":750,"url":"https:\/\/ikisbaby.com\/wp-content\/uploads\/2018\/02\/babygrow_passaros_rosa.png","type":"image\/png"}],"schema":{"@context":"https:\/\/schema.org","@graph":[{"@type":"WebPage","@id":"https:\/\/ikisbaby.com\/index.php\/produto\/babygrow-de-algodao-rosa\/","url":"https:\/\/ikisbaby.com\/index.php\/produto\/babygrow-de-algodao-rosa\/","name":"Babygrow de algod\u00e3o rosa para beb\u00e9 - ikisbaby - Loja Online","isPartOf":{"@id":"https:\/\/ikisbaby.com\/#website"},"primaryImageOfPage":{"@id":"https:\/\/ikisbaby.com\/index.php\/produto\/babygrow-de-algodao-rosa\/#primaryimage"},"image":{"@id":"https:\/\/ikisbaby.com\/index.php\/produto\/babygrow-de-algodao-rosa\/#primaryimage"},"thumbnailUrl":"https:\/\/ikisbaby.com\/wp-content\/uploads\/2018\/02\/babygrow_passaros_rosa.png","datePublished":"2019-01-14T10:45:48+00:00","dateModified":"2019-11-15T12:19:16+00:00","description":"Babygrow de algod\u00e3o rosa para Beb\u00e9 Bordado. Babygrow com molas a apertar na frente e entre pernas, com bordado aplica\u00e7\u00e3o de bolsos e la\u00e7os.","breadcrumb":{"@id":"https:\/\/ikisbaby.com\/index.php\/produto\/babygrow-de-algodao-rosa\/#breadcrumb"},"inLanguage":"pt-PT","potentialAction":[{"@type":"ReadAction","target":["https:\/\/ikisbaby.com\/index.php\/produto\/babygrow-de-algodao-rosa\/"]}]},{"@type":"ImageObject","inLanguage":"pt-PT","@id":"https:\/\/ikisbaby.com\/index.php\/produto\/babygrow-de-algodao-rosa\/#primaryimage","url":"https:\/\/ikisbaby.com\/wp-content\/uploads\/2018\/02\/babygrow_passaros_rosa.png","contentUrl":"https:\/\/ikisbaby.com\/wp-content\/uploads\/2018\/02\/babygrow_passaros_rosa.png","width":700,"height":750,"caption":"Babygrow de algod\u00e3o rosa"},{"@type":"BreadcrumbList","@id":"https:\/\/ikisbaby.com\/index.php\/produto\/babygrow-de-algodao-rosa\/#breadcrumb","itemListElement":[{"@type":"ListItem","position":1,"name":"In\u00edcio","item":"https:\/\/ikisbaby.com\/"},{"@type":"ListItem","position":2,"name":"Loja","item":"https:\/\/ikisbaby.com\/index.php\/loja-roupa-para-bebe\/"},{"@type":"ListItem","position":3,"name":"Babygrow Algod\u00e3o P\u00e1ssaros"}]},{"@type":"WebSite","@id":"https:\/\/ikisbaby.com\/#website","url":"https:\/\/ikisbaby.com\/","name":"Ikisbaby","description":"Loja Online para Beb\u00e9","publisher":{"@id":"https:\/\/ikisbaby.com\/#organization"},"potentialAction":[{"@type":"SearchAction","target":{"@type":"EntryPoint","urlTemplate":"https:\/\/ikisbaby.com\/?s={search_term_string}"},"query-input":{"@type":"PropertyValueSpecification","valueRequired":true,"valueName":"search_term_string"}}],"inLanguage":"pt-PT"},{"@type":"Organization","@id":"https:\/\/ikisbaby.com\/#organization","name":"Ikisbaby","url":"https:\/\/ikisbaby.com\/","logo":{"@type":"ImageObject","inLanguage":"pt-PT","@id":"https:\/\/ikisbaby.com\/#\/schema\/logo\/image\/","url":"https:\/\/ikisbaby.com\/wp-content\/uploads\/2019\/02\/favicon.png","contentUrl":"https:\/\/ikisbaby.com\/wp-content\/uploads\/2019\/02\/favicon.png","width":512,"height":512,"caption":"Ikisbaby"},"image":{"@id":"https:\/\/ikisbaby.com\/#\/schema\/logo\/image\/"},"sameAs":["https:\/\/facebook.com\/ikisbaby","https:\/\/www.instagram.com\/ikisbaby\/"]}]}},"_links":{"self":[{"href":"https:\/\/ikisbaby.com\/index.php\/wp-json\/wp\/v2\/product\/4033","targetHints":{"allow":["GET"]}}],"collection":[{"href":"https:\/\/ikisbaby.com\/index.php\/wp-json\/wp\/v2\/product"}],"about":[{"href":"https:\/\/ikisbaby.com\/index.php\/wp-json\/wp\/v2\/types\/product"}],"replies":[{"embeddable":true,"href":"https:\/\/ikisbaby.com\/index.php\/wp-json\/wp\/v2\/comments?post=4033"}],"version-history":[{"count":1,"href":"https:\/\/ikisbaby.com\/index.php\/wp-json\/wp\/v2\/product\/4033\/revisions"}],"predecessor-version":[{"id":10751,"href":"https:\/\/ikisbaby.com\/index.php\/wp-json\/wp\/v2\/product\/4033\/revisions\/10751"}],"wp:featuredmedia":[{"embeddable":true,"href":"https:\/\/ikisbaby.com\/index.php\/wp-json\/wp\/v2\/media\/10752"}],"wp:attachment":[{"href":"https:\/\/ikisbaby.com\/index.php\/wp-json\/wp\/v2\/media?parent=4033"}],"wp:term":[{"taxonomy":"product_brand","embeddable":true,"href":"https:\/\/ikisbaby.com\/index.php\/wp-json\/wp\/v2\/product_brand?post=4033"},{"taxonomy":"product_cat","embeddable":true,"href":"https:\/\/ikisbaby.com\/index.php\/wp-json\/wp\/v2\/product_cat?post=4033"},{"taxonomy":"product_tag","embeddable":true,"href":"https:\/\/ikisbaby.com\/index.php\/wp-json\/wp\/v2\/product_tag?post=4033"}],"curies":[{"name":"wp","href":"https:\/\/api.w.org\/{rel}","templated":true}]}}