{"id":28697,"date":"2024-06-18T23:35:18","date_gmt":"2024-06-18T22:35:18","guid":{"rendered":"https:\/\/ikisbaby.com\/?post_type=product&#038;p=28697"},"modified":"2025-04-21T14:18:45","modified_gmt":"2025-04-21T13:18:45","slug":"lencois-para-cama-bebe-algodao-rosa","status":"publish","type":"product","link":"https:\/\/ikisbaby.com\/index.php\/produto\/lencois-para-cama-bebe-algodao-rosa\/","title":{"rendered":"Len\u00e7\u00f3is para Beb\u00e9 Rosa &#8211; Le\u00e3ozinho"},"content":{"rendered":"<p>Transforme a caminha do beb\u00e9 num espa\u00e7o confort\u00e1vel e acolhedor.<\/p>\n<p>Jogo completo de len\u00e7\u00f3is para beb\u00e9 menino, usado em cama de grades ou cama de beb\u00e9.<\/p>\n<ul>\n<li>Len\u00e7ol 160x100cm<\/li>\n<li>Capa ajust\u00e1vel 120x60cm<\/li>\n<li>Almofada 60x30cm<\/li>\n<li>100% Algod\u00e3o<\/li>\n<\/ul>\n<p>&nbsp;<\/p>\n","protected":false},"excerpt":{"rendered":"<p>Transforme a caminha do beb\u00e9 num espa\u00e7o alegre e acolhedor.<\/p>\n<p>Transforme a caminha do beb\u00e9 num espa\u00e7o confort\u00e1vel e acolhedor.<\/p>\n<p>Jogo completo de len\u00e7\u00f3is para beb\u00e9 menino, usado em cama de grades ou cama de beb\u00e9. Cor rosa.<\/p>\n<ul>\n<li>Len\u00e7ol 160x100cm<\/li>\n<li>Capa ajust\u00e1vel 120x60cm<\/li>\n<li>Almofada 60x30cm<\/li>\n<li>100% Algod\u00e3o<\/li>\n<li>cor: rosa<\/li>\n<\/ul>\n<p>&nbsp;<\/p>\n","protected":false},"featured_media":28698,"comment_status":"closed","ping_status":"closed","template":"","meta":[],"product_brand":[],"product_cat":[198],"product_tag":[199,823,309],"class_list":{"0":"post-28697","1":"product","2":"type-product","3":"status-publish","6":"product_cat-lencois-para-bebe","7":"product_tag-lencois","8":"product_tag-lencois-bebe","9":"product_tag-lencois-de-cama-de-grades","11":"first","12":"instock","13":"taxable","14":"shipping-taxable","15":"purchasable","16":"product-type-simple"},"yoast_head":"<!-- This site is optimized with the Yoast SEO plugin v27.0 - https:\/\/yoast.com\/product\/yoast-seo-wordpress\/ -->\n<title>Len\u00e7\u00f3is para Beb\u00e9 Rosa - Ikisbaby - Loja Online<\/title>\n<meta name=\"description\" content=\"Transforme a caminha do beb\u00e9 num espa\u00e7o confort\u00e1vel e acolhedor. Jogo completo de len\u00e7\u00f3is para beb\u00e9 menina 100% algod\u00e3o. Fabricado em Portugal\" \/>\n<meta name=\"robots\" content=\"index, follow, max-snippet:-1, max-image-preview:large, max-video-preview:-1\" \/>\n<link rel=\"canonical\" href=\"https:\/\/ikisbaby.com\/index.php\/produto\/lencois-para-cama-bebe-algodao-rosa\/\" \/>\n<meta property=\"og:locale\" content=\"pt_PT\" \/>\n<meta property=\"og:type\" content=\"article\" \/>\n<meta property=\"og:title\" content=\"Len\u00e7\u00f3is para Beb\u00e9 Rosa - Ikisbaby - Loja Online\" \/>\n<meta property=\"og:description\" content=\"Transforme a caminha do beb\u00e9 num espa\u00e7o confort\u00e1vel e acolhedor. Jogo completo de len\u00e7\u00f3is para beb\u00e9 menina 100% algod\u00e3o. Fabricado em Portugal\" \/>\n<meta property=\"og:url\" content=\"https:\/\/ikisbaby.com\/index.php\/produto\/lencois-para-cama-bebe-algodao-rosa\/\" \/>\n<meta property=\"og:site_name\" content=\"Ikisbaby\" \/>\n<meta property=\"article:publisher\" content=\"https:\/\/facebook.com\/ikisbaby\" \/>\n<meta property=\"article:modified_time\" content=\"2025-04-21T13:18:45+00:00\" \/>\n<meta property=\"og:image\" content=\"https:\/\/ikisbaby.com\/wp-content\/uploads\/2024\/06\/leorosa-scaled-e1718750326491.jpeg\" \/>\n\t<meta property=\"og:image:width\" content=\"600\" \/>\n\t<meta property=\"og:image:height\" content=\"800\" \/>\n\t<meta property=\"og:image:type\" content=\"image\/jpeg\" \/>\n<script type=\"application\/ld+json\" class=\"yoast-schema-graph\">{\"@context\":\"https:\/\/schema.org\",\"@graph\":[{\"@type\":\"WebPage\",\"@id\":\"https:\/\/ikisbaby.com\/index.php\/produto\/lencois-para-cama-bebe-algodao-rosa\/\",\"url\":\"https:\/\/ikisbaby.com\/index.php\/produto\/lencois-para-cama-bebe-algodao-rosa\/\",\"name\":\"Len\u00e7\u00f3is para Beb\u00e9 Rosa - Ikisbaby - Loja Online\",\"isPartOf\":{\"@id\":\"https:\/\/ikisbaby.com\/#website\"},\"primaryImageOfPage\":{\"@id\":\"https:\/\/ikisbaby.com\/index.php\/produto\/lencois-para-cama-bebe-algodao-rosa\/#primaryimage\"},\"image\":{\"@id\":\"https:\/\/ikisbaby.com\/index.php\/produto\/lencois-para-cama-bebe-algodao-rosa\/#primaryimage\"},\"thumbnailUrl\":\"https:\/\/ikisbaby.com\/wp-content\/uploads\/2024\/06\/leorosa-scaled-e1718750326491.jpeg\",\"datePublished\":\"2024-06-18T22:35:18+00:00\",\"dateModified\":\"2025-04-21T13:18:45+00:00\",\"description\":\"Transforme a caminha do beb\u00e9 num espa\u00e7o confort\u00e1vel e acolhedor. Jogo completo de len\u00e7\u00f3is para beb\u00e9 menina 100% algod\u00e3o. Fabricado em Portugal\",\"breadcrumb\":{\"@id\":\"https:\/\/ikisbaby.com\/index.php\/produto\/lencois-para-cama-bebe-algodao-rosa\/#breadcrumb\"},\"inLanguage\":\"pt-PT\",\"potentialAction\":[{\"@type\":\"ReadAction\",\"target\":[\"https:\/\/ikisbaby.com\/index.php\/produto\/lencois-para-cama-bebe-algodao-rosa\/\"]}]},{\"@type\":\"ImageObject\",\"inLanguage\":\"pt-PT\",\"@id\":\"https:\/\/ikisbaby.com\/index.php\/produto\/lencois-para-cama-bebe-algodao-rosa\/#primaryimage\",\"url\":\"https:\/\/ikisbaby.com\/wp-content\/uploads\/2024\/06\/leorosa-scaled-e1718750326491.jpeg\",\"contentUrl\":\"https:\/\/ikisbaby.com\/wp-content\/uploads\/2024\/06\/leorosa-scaled-e1718750326491.jpeg\",\"width\":600,\"height\":800,\"caption\":\"Len\u00e7\u00f3is para Beb\u00e9 Algod\u00e3o rosa\"},{\"@type\":\"BreadcrumbList\",\"@id\":\"https:\/\/ikisbaby.com\/index.php\/produto\/lencois-para-cama-bebe-algodao-rosa\/#breadcrumb\",\"itemListElement\":[{\"@type\":\"ListItem\",\"position\":1,\"name\":\"In\u00edcio\",\"item\":\"https:\/\/ikisbaby.com\/\"},{\"@type\":\"ListItem\",\"position\":2,\"name\":\"Loja\",\"item\":\"https:\/\/ikisbaby.com\/index.php\/loja-roupa-para-bebe\/\"},{\"@type\":\"ListItem\",\"position\":3,\"name\":\"Len\u00e7\u00f3is para Beb\u00e9 Rosa &#8211; Le\u00e3ozinho\"}]},{\"@type\":\"WebSite\",\"@id\":\"https:\/\/ikisbaby.com\/#website\",\"url\":\"https:\/\/ikisbaby.com\/\",\"name\":\"Ikisbaby\",\"description\":\"Loja Online para Beb\u00e9\",\"publisher\":{\"@id\":\"https:\/\/ikisbaby.com\/#organization\"},\"potentialAction\":[{\"@type\":\"SearchAction\",\"target\":{\"@type\":\"EntryPoint\",\"urlTemplate\":\"https:\/\/ikisbaby.com\/?s={search_term_string}\"},\"query-input\":{\"@type\":\"PropertyValueSpecification\",\"valueRequired\":true,\"valueName\":\"search_term_string\"}}],\"inLanguage\":\"pt-PT\"},{\"@type\":\"Organization\",\"@id\":\"https:\/\/ikisbaby.com\/#organization\",\"name\":\"Ikisbaby\",\"url\":\"https:\/\/ikisbaby.com\/\",\"logo\":{\"@type\":\"ImageObject\",\"inLanguage\":\"pt-PT\",\"@id\":\"https:\/\/ikisbaby.com\/#\/schema\/logo\/image\/\",\"url\":\"https:\/\/ikisbaby.com\/wp-content\/uploads\/2019\/02\/favicon.png\",\"contentUrl\":\"https:\/\/ikisbaby.com\/wp-content\/uploads\/2019\/02\/favicon.png\",\"width\":512,\"height\":512,\"caption\":\"Ikisbaby\"},\"image\":{\"@id\":\"https:\/\/ikisbaby.com\/#\/schema\/logo\/image\/\"},\"sameAs\":[\"https:\/\/facebook.com\/ikisbaby\",\"https:\/\/www.instagram.com\/ikisbaby\/\"]}]}<\/script>\n<!-- \/ Yoast SEO plugin. -->","yoast_head_json":{"title":"Len\u00e7\u00f3is para Beb\u00e9 Rosa - Ikisbaby - Loja Online","description":"Transforme a caminha do beb\u00e9 num espa\u00e7o confort\u00e1vel e acolhedor. Jogo completo de len\u00e7\u00f3is para beb\u00e9 menina 100% algod\u00e3o. Fabricado em Portugal","robots":{"index":"index","follow":"follow","max-snippet":"max-snippet:-1","max-image-preview":"max-image-preview:large","max-video-preview":"max-video-preview:-1"},"canonical":"https:\/\/ikisbaby.com\/index.php\/produto\/lencois-para-cama-bebe-algodao-rosa\/","og_locale":"pt_PT","og_type":"article","og_title":"Len\u00e7\u00f3is para Beb\u00e9 Rosa - Ikisbaby - Loja Online","og_description":"Transforme a caminha do beb\u00e9 num espa\u00e7o confort\u00e1vel e acolhedor. Jogo completo de len\u00e7\u00f3is para beb\u00e9 menina 100% algod\u00e3o. Fabricado em Portugal","og_url":"https:\/\/ikisbaby.com\/index.php\/produto\/lencois-para-cama-bebe-algodao-rosa\/","og_site_name":"Ikisbaby","article_publisher":"https:\/\/facebook.com\/ikisbaby","article_modified_time":"2025-04-21T13:18:45+00:00","og_image":[{"width":600,"height":800,"url":"https:\/\/ikisbaby.com\/wp-content\/uploads\/2024\/06\/leorosa-scaled-e1718750326491.jpeg","type":"image\/jpeg"}],"schema":{"@context":"https:\/\/schema.org","@graph":[{"@type":"WebPage","@id":"https:\/\/ikisbaby.com\/index.php\/produto\/lencois-para-cama-bebe-algodao-rosa\/","url":"https:\/\/ikisbaby.com\/index.php\/produto\/lencois-para-cama-bebe-algodao-rosa\/","name":"Len\u00e7\u00f3is para Beb\u00e9 Rosa - Ikisbaby - Loja Online","isPartOf":{"@id":"https:\/\/ikisbaby.com\/#website"},"primaryImageOfPage":{"@id":"https:\/\/ikisbaby.com\/index.php\/produto\/lencois-para-cama-bebe-algodao-rosa\/#primaryimage"},"image":{"@id":"https:\/\/ikisbaby.com\/index.php\/produto\/lencois-para-cama-bebe-algodao-rosa\/#primaryimage"},"thumbnailUrl":"https:\/\/ikisbaby.com\/wp-content\/uploads\/2024\/06\/leorosa-scaled-e1718750326491.jpeg","datePublished":"2024-06-18T22:35:18+00:00","dateModified":"2025-04-21T13:18:45+00:00","description":"Transforme a caminha do beb\u00e9 num espa\u00e7o confort\u00e1vel e acolhedor. Jogo completo de len\u00e7\u00f3is para beb\u00e9 menina 100% algod\u00e3o. Fabricado em Portugal","breadcrumb":{"@id":"https:\/\/ikisbaby.com\/index.php\/produto\/lencois-para-cama-bebe-algodao-rosa\/#breadcrumb"},"inLanguage":"pt-PT","potentialAction":[{"@type":"ReadAction","target":["https:\/\/ikisbaby.com\/index.php\/produto\/lencois-para-cama-bebe-algodao-rosa\/"]}]},{"@type":"ImageObject","inLanguage":"pt-PT","@id":"https:\/\/ikisbaby.com\/index.php\/produto\/lencois-para-cama-bebe-algodao-rosa\/#primaryimage","url":"https:\/\/ikisbaby.com\/wp-content\/uploads\/2024\/06\/leorosa-scaled-e1718750326491.jpeg","contentUrl":"https:\/\/ikisbaby.com\/wp-content\/uploads\/2024\/06\/leorosa-scaled-e1718750326491.jpeg","width":600,"height":800,"caption":"Len\u00e7\u00f3is para Beb\u00e9 Algod\u00e3o rosa"},{"@type":"BreadcrumbList","@id":"https:\/\/ikisbaby.com\/index.php\/produto\/lencois-para-cama-bebe-algodao-rosa\/#breadcrumb","itemListElement":[{"@type":"ListItem","position":1,"name":"In\u00edcio","item":"https:\/\/ikisbaby.com\/"},{"@type":"ListItem","position":2,"name":"Loja","item":"https:\/\/ikisbaby.com\/index.php\/loja-roupa-para-bebe\/"},{"@type":"ListItem","position":3,"name":"Len\u00e7\u00f3is para Beb\u00e9 Rosa &#8211; Le\u00e3ozinho"}]},{"@type":"WebSite","@id":"https:\/\/ikisbaby.com\/#website","url":"https:\/\/ikisbaby.com\/","name":"Ikisbaby","description":"Loja Online para Beb\u00e9","publisher":{"@id":"https:\/\/ikisbaby.com\/#organization"},"potentialAction":[{"@type":"SearchAction","target":{"@type":"EntryPoint","urlTemplate":"https:\/\/ikisbaby.com\/?s={search_term_string}"},"query-input":{"@type":"PropertyValueSpecification","valueRequired":true,"valueName":"search_term_string"}}],"inLanguage":"pt-PT"},{"@type":"Organization","@id":"https:\/\/ikisbaby.com\/#organization","name":"Ikisbaby","url":"https:\/\/ikisbaby.com\/","logo":{"@type":"ImageObject","inLanguage":"pt-PT","@id":"https:\/\/ikisbaby.com\/#\/schema\/logo\/image\/","url":"https:\/\/ikisbaby.com\/wp-content\/uploads\/2019\/02\/favicon.png","contentUrl":"https:\/\/ikisbaby.com\/wp-content\/uploads\/2019\/02\/favicon.png","width":512,"height":512,"caption":"Ikisbaby"},"image":{"@id":"https:\/\/ikisbaby.com\/#\/schema\/logo\/image\/"},"sameAs":["https:\/\/facebook.com\/ikisbaby","https:\/\/www.instagram.com\/ikisbaby\/"]}]}},"_links":{"self":[{"href":"https:\/\/ikisbaby.com\/index.php\/wp-json\/wp\/v2\/product\/28697","targetHints":{"allow":["GET"]}}],"collection":[{"href":"https:\/\/ikisbaby.com\/index.php\/wp-json\/wp\/v2\/product"}],"about":[{"href":"https:\/\/ikisbaby.com\/index.php\/wp-json\/wp\/v2\/types\/product"}],"replies":[{"embeddable":true,"href":"https:\/\/ikisbaby.com\/index.php\/wp-json\/wp\/v2\/comments?post=28697"}],"version-history":[{"count":2,"href":"https:\/\/ikisbaby.com\/index.php\/wp-json\/wp\/v2\/product\/28697\/revisions"}],"predecessor-version":[{"id":28700,"href":"https:\/\/ikisbaby.com\/index.php\/wp-json\/wp\/v2\/product\/28697\/revisions\/28700"}],"wp:featuredmedia":[{"embeddable":true,"href":"https:\/\/ikisbaby.com\/index.php\/wp-json\/wp\/v2\/media\/28698"}],"wp:attachment":[{"href":"https:\/\/ikisbaby.com\/index.php\/wp-json\/wp\/v2\/media?parent=28697"}],"wp:term":[{"taxonomy":"product_brand","embeddable":true,"href":"https:\/\/ikisbaby.com\/index.php\/wp-json\/wp\/v2\/product_brand?post=28697"},{"taxonomy":"product_cat","embeddable":true,"href":"https:\/\/ikisbaby.com\/index.php\/wp-json\/wp\/v2\/product_cat?post=28697"},{"taxonomy":"product_tag","embeddable":true,"href":"https:\/\/ikisbaby.com\/index.php\/wp-json\/wp\/v2\/product_tag?post=28697"}],"curies":[{"name":"wp","href":"https:\/\/api.w.org\/{rel}","templated":true}]}}