{"id":28311,"date":"2023-09-16T17:33:48","date_gmt":"2023-09-16T16:33:48","guid":{"rendered":"https:\/\/ikisbaby.com\/?post_type=product&#038;p=28311"},"modified":"2025-03-16T22:55:27","modified_gmt":"2025-03-16T22:55:27","slug":"fralda-pano-100-algodao","status":"publish","type":"product","link":"https:\/\/ikisbaby.com\/index.php\/produto\/fralda-pano-100-algodao\/","title":{"rendered":"Fralda de Pano 100 Algod\u00e3o"},"content":{"rendered":"<p>Fralda de pano 100 algod\u00e3o branca.<\/p>\n<p>Verdadeiramente multi-fun\u00e7\u00f5es: Limpa, protege e aconchega o beb\u00e9 durante o sono.<\/p>\n<p>As fraldas de pano 100% algod\u00e3o s\u00e3o suaves como um abra\u00e7o, proporcionando ao seu beb\u00e9 uma sensa\u00e7\u00e3o agrad\u00e1vel e natural contra a pele delicada. O algod\u00e3o \u00e9 respir\u00e1vel, ajudando a manter o beb\u00e9 fresco e confort\u00e1vel durante todo o dia.<\/p>\n<p>Medida aproximada 68x68cm.<\/p>\n<ul>\n<li><strong>100% Algod\u00e3o<\/strong><\/li>\n<li>Fralda ideal para bordar ou pintar<\/li>\n<li>Cor: branco<\/li>\n<\/ul>\n","protected":false},"excerpt":{"rendered":"<p>Fralda de pano 100 algod\u00e3o branca.<\/p>\n<p>Verdadeiramente multifun\u00e7\u00f5es: Limpa, protege e aconchega o beb\u00e9 durante o sono.<\/p>\n<p>Medida aproximada 68x68cm.<\/p>\n<ul>\n<li><strong>100% Algod\u00e3o<\/strong><\/li>\n<li>Pode ser usada para pintar ou bordar<\/li>\n<li>Cor: branco<\/li>\n<\/ul>\n","protected":false},"featured_media":28312,"comment_status":"open","ping_status":"closed","template":"","meta":[],"product_brand":[],"product_cat":[68],"product_tag":[97,316,818],"class_list":{"0":"post-28311","1":"product","2":"type-product","3":"status-publish","6":"product_cat-fraldas","7":"product_tag-fralda","8":"product_tag-fralda-de-bebe","9":"product_tag-fralda-para-bordar","11":"first","12":"outofstock","13":"taxable","14":"shipping-taxable","15":"purchasable","16":"product-type-simple"},"yoast_head":"<!-- This site is optimized with the Yoast SEO plugin v27.0 - https:\/\/yoast.com\/product\/yoast-seo-wordpress\/ -->\n<title>Fralda de Pano 100 Algod\u00e3o - Ikisbaby<\/title>\n<meta name=\"description\" content=\"Fralda de pano 100 % algod\u00e3o. Muito pr\u00e1tica e verdadeiramente multi-fun\u00e7\u00f5es: Limpa, protege e aconchega o beb\u00e9 durante o sono. Pode seer usada para pintar.\" \/>\n<meta name=\"robots\" content=\"index, follow, max-snippet:-1, max-image-preview:large, max-video-preview:-1\" \/>\n<link rel=\"canonical\" href=\"https:\/\/ikisbaby.com\/index.php\/produto\/fralda-pano-100-algodao\/\" \/>\n<meta property=\"og:locale\" content=\"pt_PT\" \/>\n<meta property=\"og:type\" content=\"article\" \/>\n<meta property=\"og:title\" content=\"Fralda de Pano 100 Algod\u00e3o - Ikisbaby\" \/>\n<meta property=\"og:description\" content=\"Fralda de pano 100 % algod\u00e3o. Muito pr\u00e1tica e verdadeiramente multi-fun\u00e7\u00f5es: Limpa, protege e aconchega o beb\u00e9 durante o sono. Pode seer usada para pintar.\" \/>\n<meta property=\"og:url\" content=\"https:\/\/ikisbaby.com\/index.php\/produto\/fralda-pano-100-algodao\/\" \/>\n<meta property=\"og:site_name\" content=\"Ikisbaby\" \/>\n<meta property=\"article:publisher\" content=\"https:\/\/facebook.com\/ikisbaby\" \/>\n<meta property=\"article:modified_time\" content=\"2025-03-16T22:55:27+00:00\" \/>\n<meta property=\"og:image\" content=\"https:\/\/ikisbaby.com\/wp-content\/uploads\/2023\/09\/fralda-branca.jpeg\" \/>\n\t<meta property=\"og:image:width\" content=\"600\" \/>\n\t<meta property=\"og:image:height\" content=\"600\" \/>\n\t<meta property=\"og:image:type\" content=\"image\/jpeg\" \/>\n<script type=\"application\/ld+json\" class=\"yoast-schema-graph\">{\"@context\":\"https:\/\/schema.org\",\"@graph\":[{\"@type\":\"WebPage\",\"@id\":\"https:\/\/ikisbaby.com\/index.php\/produto\/fralda-pano-100-algodao\/\",\"url\":\"https:\/\/ikisbaby.com\/index.php\/produto\/fralda-pano-100-algodao\/\",\"name\":\"Fralda de Pano 100 Algod\u00e3o - Ikisbaby\",\"isPartOf\":{\"@id\":\"https:\/\/ikisbaby.com\/#website\"},\"primaryImageOfPage\":{\"@id\":\"https:\/\/ikisbaby.com\/index.php\/produto\/fralda-pano-100-algodao\/#primaryimage\"},\"image\":{\"@id\":\"https:\/\/ikisbaby.com\/index.php\/produto\/fralda-pano-100-algodao\/#primaryimage\"},\"thumbnailUrl\":\"https:\/\/ikisbaby.com\/wp-content\/uploads\/2023\/09\/fralda-branca.jpeg\",\"datePublished\":\"2023-09-16T16:33:48+00:00\",\"dateModified\":\"2025-03-16T22:55:27+00:00\",\"description\":\"Fralda de pano 100 % algod\u00e3o. Muito pr\u00e1tica e verdadeiramente multi-fun\u00e7\u00f5es: Limpa, protege e aconchega o beb\u00e9 durante o sono. Pode seer usada para pintar.\",\"breadcrumb\":{\"@id\":\"https:\/\/ikisbaby.com\/index.php\/produto\/fralda-pano-100-algodao\/#breadcrumb\"},\"inLanguage\":\"pt-PT\",\"potentialAction\":[{\"@type\":\"ReadAction\",\"target\":[\"https:\/\/ikisbaby.com\/index.php\/produto\/fralda-pano-100-algodao\/\"]}]},{\"@type\":\"ImageObject\",\"inLanguage\":\"pt-PT\",\"@id\":\"https:\/\/ikisbaby.com\/index.php\/produto\/fralda-pano-100-algodao\/#primaryimage\",\"url\":\"https:\/\/ikisbaby.com\/wp-content\/uploads\/2023\/09\/fralda-branca.jpeg\",\"contentUrl\":\"https:\/\/ikisbaby.com\/wp-content\/uploads\/2023\/09\/fralda-branca.jpeg\",\"width\":600,\"height\":600,\"caption\":\"falda de pano 100 algod\u00e3o\"},{\"@type\":\"BreadcrumbList\",\"@id\":\"https:\/\/ikisbaby.com\/index.php\/produto\/fralda-pano-100-algodao\/#breadcrumb\",\"itemListElement\":[{\"@type\":\"ListItem\",\"position\":1,\"name\":\"In\u00edcio\",\"item\":\"https:\/\/ikisbaby.com\/\"},{\"@type\":\"ListItem\",\"position\":2,\"name\":\"Loja\",\"item\":\"https:\/\/ikisbaby.com\/index.php\/loja-roupa-para-bebe\/\"},{\"@type\":\"ListItem\",\"position\":3,\"name\":\"Fralda de Pano 100 Algod\u00e3o\"}]},{\"@type\":\"WebSite\",\"@id\":\"https:\/\/ikisbaby.com\/#website\",\"url\":\"https:\/\/ikisbaby.com\/\",\"name\":\"Ikisbaby\",\"description\":\"Loja Online para Beb\u00e9\",\"publisher\":{\"@id\":\"https:\/\/ikisbaby.com\/#organization\"},\"potentialAction\":[{\"@type\":\"SearchAction\",\"target\":{\"@type\":\"EntryPoint\",\"urlTemplate\":\"https:\/\/ikisbaby.com\/?s={search_term_string}\"},\"query-input\":{\"@type\":\"PropertyValueSpecification\",\"valueRequired\":true,\"valueName\":\"search_term_string\"}}],\"inLanguage\":\"pt-PT\"},{\"@type\":\"Organization\",\"@id\":\"https:\/\/ikisbaby.com\/#organization\",\"name\":\"Ikisbaby\",\"url\":\"https:\/\/ikisbaby.com\/\",\"logo\":{\"@type\":\"ImageObject\",\"inLanguage\":\"pt-PT\",\"@id\":\"https:\/\/ikisbaby.com\/#\/schema\/logo\/image\/\",\"url\":\"https:\/\/ikisbaby.com\/wp-content\/uploads\/2019\/02\/favicon.png\",\"contentUrl\":\"https:\/\/ikisbaby.com\/wp-content\/uploads\/2019\/02\/favicon.png\",\"width\":512,\"height\":512,\"caption\":\"Ikisbaby\"},\"image\":{\"@id\":\"https:\/\/ikisbaby.com\/#\/schema\/logo\/image\/\"},\"sameAs\":[\"https:\/\/facebook.com\/ikisbaby\",\"https:\/\/www.instagram.com\/ikisbaby\/\"]}]}<\/script>\n<!-- \/ Yoast SEO plugin. -->","yoast_head_json":{"title":"Fralda de Pano 100 Algod\u00e3o - Ikisbaby","description":"Fralda de pano 100 % algod\u00e3o. Muito pr\u00e1tica e verdadeiramente multi-fun\u00e7\u00f5es: Limpa, protege e aconchega o beb\u00e9 durante o sono. Pode seer usada para pintar.","robots":{"index":"index","follow":"follow","max-snippet":"max-snippet:-1","max-image-preview":"max-image-preview:large","max-video-preview":"max-video-preview:-1"},"canonical":"https:\/\/ikisbaby.com\/index.php\/produto\/fralda-pano-100-algodao\/","og_locale":"pt_PT","og_type":"article","og_title":"Fralda de Pano 100 Algod\u00e3o - Ikisbaby","og_description":"Fralda de pano 100 % algod\u00e3o. Muito pr\u00e1tica e verdadeiramente multi-fun\u00e7\u00f5es: Limpa, protege e aconchega o beb\u00e9 durante o sono. Pode seer usada para pintar.","og_url":"https:\/\/ikisbaby.com\/index.php\/produto\/fralda-pano-100-algodao\/","og_site_name":"Ikisbaby","article_publisher":"https:\/\/facebook.com\/ikisbaby","article_modified_time":"2025-03-16T22:55:27+00:00","og_image":[{"width":600,"height":600,"url":"https:\/\/ikisbaby.com\/wp-content\/uploads\/2023\/09\/fralda-branca.jpeg","type":"image\/jpeg"}],"schema":{"@context":"https:\/\/schema.org","@graph":[{"@type":"WebPage","@id":"https:\/\/ikisbaby.com\/index.php\/produto\/fralda-pano-100-algodao\/","url":"https:\/\/ikisbaby.com\/index.php\/produto\/fralda-pano-100-algodao\/","name":"Fralda de Pano 100 Algod\u00e3o - Ikisbaby","isPartOf":{"@id":"https:\/\/ikisbaby.com\/#website"},"primaryImageOfPage":{"@id":"https:\/\/ikisbaby.com\/index.php\/produto\/fralda-pano-100-algodao\/#primaryimage"},"image":{"@id":"https:\/\/ikisbaby.com\/index.php\/produto\/fralda-pano-100-algodao\/#primaryimage"},"thumbnailUrl":"https:\/\/ikisbaby.com\/wp-content\/uploads\/2023\/09\/fralda-branca.jpeg","datePublished":"2023-09-16T16:33:48+00:00","dateModified":"2025-03-16T22:55:27+00:00","description":"Fralda de pano 100 % algod\u00e3o. Muito pr\u00e1tica e verdadeiramente multi-fun\u00e7\u00f5es: Limpa, protege e aconchega o beb\u00e9 durante o sono. Pode seer usada para pintar.","breadcrumb":{"@id":"https:\/\/ikisbaby.com\/index.php\/produto\/fralda-pano-100-algodao\/#breadcrumb"},"inLanguage":"pt-PT","potentialAction":[{"@type":"ReadAction","target":["https:\/\/ikisbaby.com\/index.php\/produto\/fralda-pano-100-algodao\/"]}]},{"@type":"ImageObject","inLanguage":"pt-PT","@id":"https:\/\/ikisbaby.com\/index.php\/produto\/fralda-pano-100-algodao\/#primaryimage","url":"https:\/\/ikisbaby.com\/wp-content\/uploads\/2023\/09\/fralda-branca.jpeg","contentUrl":"https:\/\/ikisbaby.com\/wp-content\/uploads\/2023\/09\/fralda-branca.jpeg","width":600,"height":600,"caption":"falda de pano 100 algod\u00e3o"},{"@type":"BreadcrumbList","@id":"https:\/\/ikisbaby.com\/index.php\/produto\/fralda-pano-100-algodao\/#breadcrumb","itemListElement":[{"@type":"ListItem","position":1,"name":"In\u00edcio","item":"https:\/\/ikisbaby.com\/"},{"@type":"ListItem","position":2,"name":"Loja","item":"https:\/\/ikisbaby.com\/index.php\/loja-roupa-para-bebe\/"},{"@type":"ListItem","position":3,"name":"Fralda de Pano 100 Algod\u00e3o"}]},{"@type":"WebSite","@id":"https:\/\/ikisbaby.com\/#website","url":"https:\/\/ikisbaby.com\/","name":"Ikisbaby","description":"Loja Online para Beb\u00e9","publisher":{"@id":"https:\/\/ikisbaby.com\/#organization"},"potentialAction":[{"@type":"SearchAction","target":{"@type":"EntryPoint","urlTemplate":"https:\/\/ikisbaby.com\/?s={search_term_string}"},"query-input":{"@type":"PropertyValueSpecification","valueRequired":true,"valueName":"search_term_string"}}],"inLanguage":"pt-PT"},{"@type":"Organization","@id":"https:\/\/ikisbaby.com\/#organization","name":"Ikisbaby","url":"https:\/\/ikisbaby.com\/","logo":{"@type":"ImageObject","inLanguage":"pt-PT","@id":"https:\/\/ikisbaby.com\/#\/schema\/logo\/image\/","url":"https:\/\/ikisbaby.com\/wp-content\/uploads\/2019\/02\/favicon.png","contentUrl":"https:\/\/ikisbaby.com\/wp-content\/uploads\/2019\/02\/favicon.png","width":512,"height":512,"caption":"Ikisbaby"},"image":{"@id":"https:\/\/ikisbaby.com\/#\/schema\/logo\/image\/"},"sameAs":["https:\/\/facebook.com\/ikisbaby","https:\/\/www.instagram.com\/ikisbaby\/"]}]}},"_links":{"self":[{"href":"https:\/\/ikisbaby.com\/index.php\/wp-json\/wp\/v2\/product\/28311","targetHints":{"allow":["GET"]}}],"collection":[{"href":"https:\/\/ikisbaby.com\/index.php\/wp-json\/wp\/v2\/product"}],"about":[{"href":"https:\/\/ikisbaby.com\/index.php\/wp-json\/wp\/v2\/types\/product"}],"replies":[{"embeddable":true,"href":"https:\/\/ikisbaby.com\/index.php\/wp-json\/wp\/v2\/comments?post=28311"}],"version-history":[{"count":3,"href":"https:\/\/ikisbaby.com\/index.php\/wp-json\/wp\/v2\/product\/28311\/revisions"}],"predecessor-version":[{"id":28443,"href":"https:\/\/ikisbaby.com\/index.php\/wp-json\/wp\/v2\/product\/28311\/revisions\/28443"}],"wp:featuredmedia":[{"embeddable":true,"href":"https:\/\/ikisbaby.com\/index.php\/wp-json\/wp\/v2\/media\/28312"}],"wp:attachment":[{"href":"https:\/\/ikisbaby.com\/index.php\/wp-json\/wp\/v2\/media?parent=28311"}],"wp:term":[{"taxonomy":"product_brand","embeddable":true,"href":"https:\/\/ikisbaby.com\/index.php\/wp-json\/wp\/v2\/product_brand?post=28311"},{"taxonomy":"product_cat","embeddable":true,"href":"https:\/\/ikisbaby.com\/index.php\/wp-json\/wp\/v2\/product_cat?post=28311"},{"taxonomy":"product_tag","embeddable":true,"href":"https:\/\/ikisbaby.com\/index.php\/wp-json\/wp\/v2\/product_tag?post=28311"}],"curies":[{"name":"wp","href":"https:\/\/api.w.org\/{rel}","templated":true}]}}