{"id":27251,"date":"2021-12-03T18:51:16","date_gmt":"2021-12-03T18:51:16","guid":{"rendered":"https:\/\/ikisbaby.com\/?post_type=product&#038;p=27251"},"modified":"2024-07-17T18:05:59","modified_gmt":"2024-07-17T17:05:59","slug":"babygrow-veludo-urso-azul","status":"publish","type":"product","link":"https:\/\/ikisbaby.com\/index.php\/produto\/babygrow-veludo-urso-azul\/","title":{"rendered":"Babygrow Veludo Urso Azul"},"content":{"rendered":"<p><a href=\"https:\/\/ikisbaby.com\/index.php\/categoria-produto\/roupa-bebe-menino\/babygrows-menino\/\">Babygrow<\/a> em veludo urso azul<\/p>\n<p>Um babygrow muito fofo com bordado de ursinho<\/p>\n<ul>\n<li>Veludo muito macio<\/li>\n<li>Composi\u00e7\u00e3o 80% algod\u00e3o 20% poli\u00e9ster<\/li>\n<li>Abertura f\u00e1cil com molas na frente e entre pernas<\/li>\n<li>Bordado no peito<\/li>\n<li>Cor: azul<\/li>\n<\/ul>\n","protected":false},"excerpt":{"rendered":"<p><a href=\"https:\/\/ikisbaby.com\/index.php\/categoria-produto\/roupa-bebe-menino\/babygrows-menino\/\">Babygrow<\/a> em veludo urso azul<\/p>\n<p>Um babygrow muito fofo com bordado de ursinho<\/p>\n<ul>\n<li>Veludo muito macio<\/li>\n<li>Composi\u00e7\u00e3o 80% algod\u00e3o 20% poli\u00e9ster<\/li>\n<li>Abertura f\u00e1cil com molas na frente e entre pernas<\/li>\n<li>Bordado no peito<\/li>\n<li>Cor: azul<\/li>\n<\/ul>\n","protected":false},"featured_media":27253,"comment_status":"open","ping_status":"closed","template":"","meta":[],"product_brand":[],"product_cat":[267,55],"product_tag":[94,325,662],"class_list":{"0":"post-27251","1":"product","2":"type-product","3":"status-publish","6":"product_cat-outono-inverno-2022","7":"product_cat-babygrows-menino","8":"product_tag-babygrow","9":"product_tag-babygrow-de-veludo","10":"product_tag-babygrow-veludo","12":"first","13":"instock","14":"taxable","15":"shipping-taxable","16":"purchasable","17":"product-type-variable"},"yoast_head":"<!-- This site is optimized with the Yoast SEO plugin v27.0 - https:\/\/yoast.com\/product\/yoast-seo-wordpress\/ -->\n<title>Babygrow Veludo Urso Azul - Ikisbaby<\/title>\n<meta name=\"description\" content=\"Babygrow em veludo urso azul, muito fofo com bordado de ursinho. Abertura f\u00e1cil com molas na frente e entre pernas. Composi\u00e7\u00e3o: 80% algod\u00e3o 20% poli\u00e9ster.\" \/>\n<meta name=\"robots\" content=\"index, follow, max-snippet:-1, max-image-preview:large, max-video-preview:-1\" \/>\n<link rel=\"canonical\" href=\"https:\/\/ikisbaby.com\/index.php\/produto\/babygrow-veludo-urso-azul\/\" \/>\n<meta property=\"og:locale\" content=\"pt_PT\" \/>\n<meta property=\"og:type\" content=\"article\" \/>\n<meta property=\"og:title\" content=\"Babygrow Veludo Urso Azul - Ikisbaby\" \/>\n<meta property=\"og:description\" content=\"Babygrow em veludo urso azul, muito fofo com bordado de ursinho. Abertura f\u00e1cil com molas na frente e entre pernas. Composi\u00e7\u00e3o: 80% algod\u00e3o 20% poli\u00e9ster.\" \/>\n<meta property=\"og:url\" content=\"https:\/\/ikisbaby.com\/index.php\/produto\/babygrow-veludo-urso-azul\/\" \/>\n<meta property=\"og:site_name\" content=\"Ikisbaby\" \/>\n<meta property=\"article:publisher\" content=\"https:\/\/facebook.com\/ikisbaby\" \/>\n<meta property=\"article:modified_time\" content=\"2024-07-17T17:05:59+00:00\" \/>\n<meta property=\"og:image\" content=\"https:\/\/ikisbaby.com\/wp-content\/uploads\/2021\/12\/IMG20211129114040-01-scaled-e1638557625417.jpeg\" \/>\n\t<meta property=\"og:image:width\" content=\"600\" \/>\n\t<meta property=\"og:image:height\" content=\"600\" \/>\n\t<meta property=\"og:image:type\" content=\"image\/jpeg\" \/>\n<script type=\"application\/ld+json\" class=\"yoast-schema-graph\">{\"@context\":\"https:\/\/schema.org\",\"@graph\":[{\"@type\":\"WebPage\",\"@id\":\"https:\/\/ikisbaby.com\/index.php\/produto\/babygrow-veludo-urso-azul\/\",\"url\":\"https:\/\/ikisbaby.com\/index.php\/produto\/babygrow-veludo-urso-azul\/\",\"name\":\"Babygrow Veludo Urso Azul - Ikisbaby\",\"isPartOf\":{\"@id\":\"https:\/\/ikisbaby.com\/#website\"},\"primaryImageOfPage\":{\"@id\":\"https:\/\/ikisbaby.com\/index.php\/produto\/babygrow-veludo-urso-azul\/#primaryimage\"},\"image\":{\"@id\":\"https:\/\/ikisbaby.com\/index.php\/produto\/babygrow-veludo-urso-azul\/#primaryimage\"},\"thumbnailUrl\":\"https:\/\/ikisbaby.com\/wp-content\/uploads\/2021\/12\/IMG20211129114040-01-scaled-e1638557625417.jpeg\",\"datePublished\":\"2021-12-03T18:51:16+00:00\",\"dateModified\":\"2024-07-17T17:05:59+00:00\",\"description\":\"Babygrow em veludo urso azul, muito fofo com bordado de ursinho. Abertura f\u00e1cil com molas na frente e entre pernas. Composi\u00e7\u00e3o: 80% algod\u00e3o 20% poli\u00e9ster.\",\"breadcrumb\":{\"@id\":\"https:\/\/ikisbaby.com\/index.php\/produto\/babygrow-veludo-urso-azul\/#breadcrumb\"},\"inLanguage\":\"pt-PT\",\"potentialAction\":[{\"@type\":\"ReadAction\",\"target\":[\"https:\/\/ikisbaby.com\/index.php\/produto\/babygrow-veludo-urso-azul\/\"]}]},{\"@type\":\"ImageObject\",\"inLanguage\":\"pt-PT\",\"@id\":\"https:\/\/ikisbaby.com\/index.php\/produto\/babygrow-veludo-urso-azul\/#primaryimage\",\"url\":\"https:\/\/ikisbaby.com\/wp-content\/uploads\/2021\/12\/IMG20211129114040-01-scaled-e1638557625417.jpeg\",\"contentUrl\":\"https:\/\/ikisbaby.com\/wp-content\/uploads\/2021\/12\/IMG20211129114040-01-scaled-e1638557625417.jpeg\",\"width\":600,\"height\":600,\"caption\":\"babygrow ursinho azul\"},{\"@type\":\"BreadcrumbList\",\"@id\":\"https:\/\/ikisbaby.com\/index.php\/produto\/babygrow-veludo-urso-azul\/#breadcrumb\",\"itemListElement\":[{\"@type\":\"ListItem\",\"position\":1,\"name\":\"In\u00edcio\",\"item\":\"https:\/\/ikisbaby.com\/\"},{\"@type\":\"ListItem\",\"position\":2,\"name\":\"Loja\",\"item\":\"https:\/\/ikisbaby.com\/index.php\/loja-roupa-para-bebe\/\"},{\"@type\":\"ListItem\",\"position\":3,\"name\":\"Babygrow Veludo Urso Azul\"}]},{\"@type\":\"WebSite\",\"@id\":\"https:\/\/ikisbaby.com\/#website\",\"url\":\"https:\/\/ikisbaby.com\/\",\"name\":\"Ikisbaby\",\"description\":\"Loja Online para Beb\u00e9\",\"publisher\":{\"@id\":\"https:\/\/ikisbaby.com\/#organization\"},\"potentialAction\":[{\"@type\":\"SearchAction\",\"target\":{\"@type\":\"EntryPoint\",\"urlTemplate\":\"https:\/\/ikisbaby.com\/?s={search_term_string}\"},\"query-input\":{\"@type\":\"PropertyValueSpecification\",\"valueRequired\":true,\"valueName\":\"search_term_string\"}}],\"inLanguage\":\"pt-PT\"},{\"@type\":\"Organization\",\"@id\":\"https:\/\/ikisbaby.com\/#organization\",\"name\":\"Ikisbaby\",\"url\":\"https:\/\/ikisbaby.com\/\",\"logo\":{\"@type\":\"ImageObject\",\"inLanguage\":\"pt-PT\",\"@id\":\"https:\/\/ikisbaby.com\/#\/schema\/logo\/image\/\",\"url\":\"https:\/\/ikisbaby.com\/wp-content\/uploads\/2019\/02\/favicon.png\",\"contentUrl\":\"https:\/\/ikisbaby.com\/wp-content\/uploads\/2019\/02\/favicon.png\",\"width\":512,\"height\":512,\"caption\":\"Ikisbaby\"},\"image\":{\"@id\":\"https:\/\/ikisbaby.com\/#\/schema\/logo\/image\/\"},\"sameAs\":[\"https:\/\/facebook.com\/ikisbaby\",\"https:\/\/www.instagram.com\/ikisbaby\/\"]}]}<\/script>\n<!-- \/ Yoast SEO plugin. -->","yoast_head_json":{"title":"Babygrow Veludo Urso Azul - Ikisbaby","description":"Babygrow em veludo urso azul, muito fofo com bordado de ursinho. Abertura f\u00e1cil com molas na frente e entre pernas. Composi\u00e7\u00e3o: 80% algod\u00e3o 20% poli\u00e9ster.","robots":{"index":"index","follow":"follow","max-snippet":"max-snippet:-1","max-image-preview":"max-image-preview:large","max-video-preview":"max-video-preview:-1"},"canonical":"https:\/\/ikisbaby.com\/index.php\/produto\/babygrow-veludo-urso-azul\/","og_locale":"pt_PT","og_type":"article","og_title":"Babygrow Veludo Urso Azul - Ikisbaby","og_description":"Babygrow em veludo urso azul, muito fofo com bordado de ursinho. Abertura f\u00e1cil com molas na frente e entre pernas. Composi\u00e7\u00e3o: 80% algod\u00e3o 20% poli\u00e9ster.","og_url":"https:\/\/ikisbaby.com\/index.php\/produto\/babygrow-veludo-urso-azul\/","og_site_name":"Ikisbaby","article_publisher":"https:\/\/facebook.com\/ikisbaby","article_modified_time":"2024-07-17T17:05:59+00:00","og_image":[{"width":600,"height":600,"url":"https:\/\/ikisbaby.com\/wp-content\/uploads\/2021\/12\/IMG20211129114040-01-scaled-e1638557625417.jpeg","type":"image\/jpeg"}],"schema":{"@context":"https:\/\/schema.org","@graph":[{"@type":"WebPage","@id":"https:\/\/ikisbaby.com\/index.php\/produto\/babygrow-veludo-urso-azul\/","url":"https:\/\/ikisbaby.com\/index.php\/produto\/babygrow-veludo-urso-azul\/","name":"Babygrow Veludo Urso Azul - Ikisbaby","isPartOf":{"@id":"https:\/\/ikisbaby.com\/#website"},"primaryImageOfPage":{"@id":"https:\/\/ikisbaby.com\/index.php\/produto\/babygrow-veludo-urso-azul\/#primaryimage"},"image":{"@id":"https:\/\/ikisbaby.com\/index.php\/produto\/babygrow-veludo-urso-azul\/#primaryimage"},"thumbnailUrl":"https:\/\/ikisbaby.com\/wp-content\/uploads\/2021\/12\/IMG20211129114040-01-scaled-e1638557625417.jpeg","datePublished":"2021-12-03T18:51:16+00:00","dateModified":"2024-07-17T17:05:59+00:00","description":"Babygrow em veludo urso azul, muito fofo com bordado de ursinho. Abertura f\u00e1cil com molas na frente e entre pernas. Composi\u00e7\u00e3o: 80% algod\u00e3o 20% poli\u00e9ster.","breadcrumb":{"@id":"https:\/\/ikisbaby.com\/index.php\/produto\/babygrow-veludo-urso-azul\/#breadcrumb"},"inLanguage":"pt-PT","potentialAction":[{"@type":"ReadAction","target":["https:\/\/ikisbaby.com\/index.php\/produto\/babygrow-veludo-urso-azul\/"]}]},{"@type":"ImageObject","inLanguage":"pt-PT","@id":"https:\/\/ikisbaby.com\/index.php\/produto\/babygrow-veludo-urso-azul\/#primaryimage","url":"https:\/\/ikisbaby.com\/wp-content\/uploads\/2021\/12\/IMG20211129114040-01-scaled-e1638557625417.jpeg","contentUrl":"https:\/\/ikisbaby.com\/wp-content\/uploads\/2021\/12\/IMG20211129114040-01-scaled-e1638557625417.jpeg","width":600,"height":600,"caption":"babygrow ursinho azul"},{"@type":"BreadcrumbList","@id":"https:\/\/ikisbaby.com\/index.php\/produto\/babygrow-veludo-urso-azul\/#breadcrumb","itemListElement":[{"@type":"ListItem","position":1,"name":"In\u00edcio","item":"https:\/\/ikisbaby.com\/"},{"@type":"ListItem","position":2,"name":"Loja","item":"https:\/\/ikisbaby.com\/index.php\/loja-roupa-para-bebe\/"},{"@type":"ListItem","position":3,"name":"Babygrow Veludo Urso Azul"}]},{"@type":"WebSite","@id":"https:\/\/ikisbaby.com\/#website","url":"https:\/\/ikisbaby.com\/","name":"Ikisbaby","description":"Loja Online para Beb\u00e9","publisher":{"@id":"https:\/\/ikisbaby.com\/#organization"},"potentialAction":[{"@type":"SearchAction","target":{"@type":"EntryPoint","urlTemplate":"https:\/\/ikisbaby.com\/?s={search_term_string}"},"query-input":{"@type":"PropertyValueSpecification","valueRequired":true,"valueName":"search_term_string"}}],"inLanguage":"pt-PT"},{"@type":"Organization","@id":"https:\/\/ikisbaby.com\/#organization","name":"Ikisbaby","url":"https:\/\/ikisbaby.com\/","logo":{"@type":"ImageObject","inLanguage":"pt-PT","@id":"https:\/\/ikisbaby.com\/#\/schema\/logo\/image\/","url":"https:\/\/ikisbaby.com\/wp-content\/uploads\/2019\/02\/favicon.png","contentUrl":"https:\/\/ikisbaby.com\/wp-content\/uploads\/2019\/02\/favicon.png","width":512,"height":512,"caption":"Ikisbaby"},"image":{"@id":"https:\/\/ikisbaby.com\/#\/schema\/logo\/image\/"},"sameAs":["https:\/\/facebook.com\/ikisbaby","https:\/\/www.instagram.com\/ikisbaby\/"]}]}},"_links":{"self":[{"href":"https:\/\/ikisbaby.com\/index.php\/wp-json\/wp\/v2\/product\/27251","targetHints":{"allow":["GET"]}}],"collection":[{"href":"https:\/\/ikisbaby.com\/index.php\/wp-json\/wp\/v2\/product"}],"about":[{"href":"https:\/\/ikisbaby.com\/index.php\/wp-json\/wp\/v2\/types\/product"}],"replies":[{"embeddable":true,"href":"https:\/\/ikisbaby.com\/index.php\/wp-json\/wp\/v2\/comments?post=27251"}],"version-history":[{"count":2,"href":"https:\/\/ikisbaby.com\/index.php\/wp-json\/wp\/v2\/product\/27251\/revisions"}],"predecessor-version":[{"id":27827,"href":"https:\/\/ikisbaby.com\/index.php\/wp-json\/wp\/v2\/product\/27251\/revisions\/27827"}],"wp:featuredmedia":[{"embeddable":true,"href":"https:\/\/ikisbaby.com\/index.php\/wp-json\/wp\/v2\/media\/27253"}],"wp:attachment":[{"href":"https:\/\/ikisbaby.com\/index.php\/wp-json\/wp\/v2\/media?parent=27251"}],"wp:term":[{"taxonomy":"product_brand","embeddable":true,"href":"https:\/\/ikisbaby.com\/index.php\/wp-json\/wp\/v2\/product_brand?post=27251"},{"taxonomy":"product_cat","embeddable":true,"href":"https:\/\/ikisbaby.com\/index.php\/wp-json\/wp\/v2\/product_cat?post=27251"},{"taxonomy":"product_tag","embeddable":true,"href":"https:\/\/ikisbaby.com\/index.php\/wp-json\/wp\/v2\/product_tag?post=27251"}],"curies":[{"name":"wp","href":"https:\/\/api.w.org\/{rel}","templated":true}]}}