{"id":26105,"date":"2021-05-05T11:15:28","date_gmt":"2021-05-05T10:15:28","guid":{"rendered":"https:\/\/ikisbaby.com\/?post_type=product&#038;p=26105"},"modified":"2024-06-20T16:22:44","modified_gmt":"2024-06-20T15:22:44","slug":"carapins-malha-tricot","status":"publish","type":"product","link":"https:\/\/ikisbaby.com\/index.php\/produto\/carapins-malha-tricot\/","title":{"rendered":"Carapins Tricot com La\u00e7o"},"content":{"rendered":"<div class=\"woocommerce-product-details__short-description\">\n<p>Carapins de beb\u00e9 em tricot com la\u00e7o aplicado e dobra no tornozelo.<\/p>\n<p>Design delicado. Para completar o look do seu beb\u00e9, e deixa-lo ainda mais confort\u00e1vel.<\/p>\n<p>Tamanho \u00fanico (<strong>Primeiros meses<\/strong>).<\/p>\n<p>Composi\u00e7\u00e3o: 100% acr\u00edlico.<\/p>\n<\/div>\n","protected":false},"excerpt":{"rendered":"<p>Carapins de beb\u00e9 em tricot com la\u00e7o em cetin aplicado e dobra do tornozelo.<\/p>\n<p>Design delicado. Para completar o look do seu beb\u00e9, e deixa-lo ainda mais confort\u00e1vel.<\/p>\n<p>Tamanho \u00fanico (<strong>Primeiros meses<\/strong>).<\/p>\n<p>Composi\u00e7\u00e3o: 100% acr\u00edlico.<\/p>\n","protected":false},"featured_media":26140,"comment_status":"closed","ping_status":"closed","template":"","meta":[],"product_brand":[],"product_cat":[71],"product_tag":[],"class_list":{"0":"post-26105","1":"product","2":"type-product","3":"status-publish","6":"product_cat-meias-carapins","8":"first","9":"instock","10":"taxable","11":"shipping-taxable","12":"purchasable","13":"product-type-variable"},"yoast_head":"<!-- This site is optimized with the Yoast SEO plugin v27.0 - https:\/\/yoast.com\/product\/yoast-seo-wordpress\/ -->\n<title>Carapins de beb\u00e9 tricot - Ikisbaby - Loja Beb\u00e9 Online<\/title>\n<meta name=\"description\" content=\"Carapins de beb\u00e9 em tricot com tran\u00e7a, la\u00e7o de cetin e dobra no tornozelo. Para completar o look do seu beb\u00e9 de forma confort\u00e1vel.\" \/>\n<meta name=\"robots\" content=\"index, follow, max-snippet:-1, max-image-preview:large, max-video-preview:-1\" \/>\n<link rel=\"canonical\" href=\"https:\/\/ikisbaby.com\/index.php\/produto\/carapins-malha-tricot\/\" \/>\n<meta property=\"og:locale\" content=\"pt_PT\" \/>\n<meta property=\"og:type\" content=\"article\" \/>\n<meta property=\"og:title\" content=\"Carapins de beb\u00e9 tricot - Ikisbaby - Loja Beb\u00e9 Online\" \/>\n<meta property=\"og:description\" content=\"Carapins de beb\u00e9 em tricot com tran\u00e7a, la\u00e7o de cetin e dobra no tornozelo. Para completar o look do seu beb\u00e9 de forma confort\u00e1vel.\" \/>\n<meta property=\"og:url\" content=\"https:\/\/ikisbaby.com\/index.php\/produto\/carapins-malha-tricot\/\" \/>\n<meta property=\"og:site_name\" content=\"Ikisbaby\" \/>\n<meta property=\"article:publisher\" content=\"https:\/\/facebook.com\/ikisbaby\" \/>\n<meta property=\"article:modified_time\" content=\"2024-06-20T15:22:44+00:00\" \/>\n<meta property=\"og:image\" content=\"https:\/\/ikisbaby.com\/wp-content\/uploads\/2021\/05\/IMG_20210505_095255-01-768x768-01-e1620296534619.jpeg\" \/>\n\t<meta property=\"og:image:width\" content=\"600\" \/>\n\t<meta property=\"og:image:height\" content=\"600\" \/>\n\t<meta property=\"og:image:type\" content=\"image\/jpeg\" \/>\n<script type=\"application\/ld+json\" class=\"yoast-schema-graph\">{\"@context\":\"https:\/\/schema.org\",\"@graph\":[{\"@type\":\"WebPage\",\"@id\":\"https:\/\/ikisbaby.com\/index.php\/produto\/carapins-malha-tricot\/\",\"url\":\"https:\/\/ikisbaby.com\/index.php\/produto\/carapins-malha-tricot\/\",\"name\":\"Carapins de beb\u00e9 tricot - Ikisbaby - Loja Beb\u00e9 Online\",\"isPartOf\":{\"@id\":\"https:\/\/ikisbaby.com\/#website\"},\"primaryImageOfPage\":{\"@id\":\"https:\/\/ikisbaby.com\/index.php\/produto\/carapins-malha-tricot\/#primaryimage\"},\"image\":{\"@id\":\"https:\/\/ikisbaby.com\/index.php\/produto\/carapins-malha-tricot\/#primaryimage\"},\"thumbnailUrl\":\"https:\/\/ikisbaby.com\/wp-content\/uploads\/2021\/05\/IMG_20210505_095255-01-768x768-01-e1620296534619.jpeg\",\"datePublished\":\"2021-05-05T10:15:28+00:00\",\"dateModified\":\"2024-06-20T15:22:44+00:00\",\"description\":\"Carapins de beb\u00e9 em tricot com tran\u00e7a, la\u00e7o de cetin e dobra no tornozelo. Para completar o look do seu beb\u00e9 de forma confort\u00e1vel.\",\"breadcrumb\":{\"@id\":\"https:\/\/ikisbaby.com\/index.php\/produto\/carapins-malha-tricot\/#breadcrumb\"},\"inLanguage\":\"pt-PT\",\"potentialAction\":[{\"@type\":\"ReadAction\",\"target\":[\"https:\/\/ikisbaby.com\/index.php\/produto\/carapins-malha-tricot\/\"]}]},{\"@type\":\"ImageObject\",\"inLanguage\":\"pt-PT\",\"@id\":\"https:\/\/ikisbaby.com\/index.php\/produto\/carapins-malha-tricot\/#primaryimage\",\"url\":\"https:\/\/ikisbaby.com\/wp-content\/uploads\/2021\/05\/IMG_20210505_095255-01-768x768-01-e1620296534619.jpeg\",\"contentUrl\":\"https:\/\/ikisbaby.com\/wp-content\/uploads\/2021\/05\/IMG_20210505_095255-01-768x768-01-e1620296534619.jpeg\",\"width\":600,\"height\":600,\"caption\":\"carapins em tricot\"},{\"@type\":\"BreadcrumbList\",\"@id\":\"https:\/\/ikisbaby.com\/index.php\/produto\/carapins-malha-tricot\/#breadcrumb\",\"itemListElement\":[{\"@type\":\"ListItem\",\"position\":1,\"name\":\"In\u00edcio\",\"item\":\"https:\/\/ikisbaby.com\/\"},{\"@type\":\"ListItem\",\"position\":2,\"name\":\"Loja\",\"item\":\"https:\/\/ikisbaby.com\/index.php\/loja-roupa-para-bebe\/\"},{\"@type\":\"ListItem\",\"position\":3,\"name\":\"Carapins Tricot com La\u00e7o\"}]},{\"@type\":\"WebSite\",\"@id\":\"https:\/\/ikisbaby.com\/#website\",\"url\":\"https:\/\/ikisbaby.com\/\",\"name\":\"Ikisbaby\",\"description\":\"Loja Online para Beb\u00e9\",\"publisher\":{\"@id\":\"https:\/\/ikisbaby.com\/#organization\"},\"potentialAction\":[{\"@type\":\"SearchAction\",\"target\":{\"@type\":\"EntryPoint\",\"urlTemplate\":\"https:\/\/ikisbaby.com\/?s={search_term_string}\"},\"query-input\":{\"@type\":\"PropertyValueSpecification\",\"valueRequired\":true,\"valueName\":\"search_term_string\"}}],\"inLanguage\":\"pt-PT\"},{\"@type\":\"Organization\",\"@id\":\"https:\/\/ikisbaby.com\/#organization\",\"name\":\"Ikisbaby\",\"url\":\"https:\/\/ikisbaby.com\/\",\"logo\":{\"@type\":\"ImageObject\",\"inLanguage\":\"pt-PT\",\"@id\":\"https:\/\/ikisbaby.com\/#\/schema\/logo\/image\/\",\"url\":\"https:\/\/ikisbaby.com\/wp-content\/uploads\/2019\/02\/favicon.png\",\"contentUrl\":\"https:\/\/ikisbaby.com\/wp-content\/uploads\/2019\/02\/favicon.png\",\"width\":512,\"height\":512,\"caption\":\"Ikisbaby\"},\"image\":{\"@id\":\"https:\/\/ikisbaby.com\/#\/schema\/logo\/image\/\"},\"sameAs\":[\"https:\/\/facebook.com\/ikisbaby\",\"https:\/\/www.instagram.com\/ikisbaby\/\"]}]}<\/script>\n<!-- \/ Yoast SEO plugin. -->","yoast_head_json":{"title":"Carapins de beb\u00e9 tricot - Ikisbaby - Loja Beb\u00e9 Online","description":"Carapins de beb\u00e9 em tricot com tran\u00e7a, la\u00e7o de cetin e dobra no tornozelo. Para completar o look do seu beb\u00e9 de forma confort\u00e1vel.","robots":{"index":"index","follow":"follow","max-snippet":"max-snippet:-1","max-image-preview":"max-image-preview:large","max-video-preview":"max-video-preview:-1"},"canonical":"https:\/\/ikisbaby.com\/index.php\/produto\/carapins-malha-tricot\/","og_locale":"pt_PT","og_type":"article","og_title":"Carapins de beb\u00e9 tricot - Ikisbaby - Loja Beb\u00e9 Online","og_description":"Carapins de beb\u00e9 em tricot com tran\u00e7a, la\u00e7o de cetin e dobra no tornozelo. Para completar o look do seu beb\u00e9 de forma confort\u00e1vel.","og_url":"https:\/\/ikisbaby.com\/index.php\/produto\/carapins-malha-tricot\/","og_site_name":"Ikisbaby","article_publisher":"https:\/\/facebook.com\/ikisbaby","article_modified_time":"2024-06-20T15:22:44+00:00","og_image":[{"width":600,"height":600,"url":"https:\/\/ikisbaby.com\/wp-content\/uploads\/2021\/05\/IMG_20210505_095255-01-768x768-01-e1620296534619.jpeg","type":"image\/jpeg"}],"schema":{"@context":"https:\/\/schema.org","@graph":[{"@type":"WebPage","@id":"https:\/\/ikisbaby.com\/index.php\/produto\/carapins-malha-tricot\/","url":"https:\/\/ikisbaby.com\/index.php\/produto\/carapins-malha-tricot\/","name":"Carapins de beb\u00e9 tricot - Ikisbaby - Loja Beb\u00e9 Online","isPartOf":{"@id":"https:\/\/ikisbaby.com\/#website"},"primaryImageOfPage":{"@id":"https:\/\/ikisbaby.com\/index.php\/produto\/carapins-malha-tricot\/#primaryimage"},"image":{"@id":"https:\/\/ikisbaby.com\/index.php\/produto\/carapins-malha-tricot\/#primaryimage"},"thumbnailUrl":"https:\/\/ikisbaby.com\/wp-content\/uploads\/2021\/05\/IMG_20210505_095255-01-768x768-01-e1620296534619.jpeg","datePublished":"2021-05-05T10:15:28+00:00","dateModified":"2024-06-20T15:22:44+00:00","description":"Carapins de beb\u00e9 em tricot com tran\u00e7a, la\u00e7o de cetin e dobra no tornozelo. Para completar o look do seu beb\u00e9 de forma confort\u00e1vel.","breadcrumb":{"@id":"https:\/\/ikisbaby.com\/index.php\/produto\/carapins-malha-tricot\/#breadcrumb"},"inLanguage":"pt-PT","potentialAction":[{"@type":"ReadAction","target":["https:\/\/ikisbaby.com\/index.php\/produto\/carapins-malha-tricot\/"]}]},{"@type":"ImageObject","inLanguage":"pt-PT","@id":"https:\/\/ikisbaby.com\/index.php\/produto\/carapins-malha-tricot\/#primaryimage","url":"https:\/\/ikisbaby.com\/wp-content\/uploads\/2021\/05\/IMG_20210505_095255-01-768x768-01-e1620296534619.jpeg","contentUrl":"https:\/\/ikisbaby.com\/wp-content\/uploads\/2021\/05\/IMG_20210505_095255-01-768x768-01-e1620296534619.jpeg","width":600,"height":600,"caption":"carapins em tricot"},{"@type":"BreadcrumbList","@id":"https:\/\/ikisbaby.com\/index.php\/produto\/carapins-malha-tricot\/#breadcrumb","itemListElement":[{"@type":"ListItem","position":1,"name":"In\u00edcio","item":"https:\/\/ikisbaby.com\/"},{"@type":"ListItem","position":2,"name":"Loja","item":"https:\/\/ikisbaby.com\/index.php\/loja-roupa-para-bebe\/"},{"@type":"ListItem","position":3,"name":"Carapins Tricot com La\u00e7o"}]},{"@type":"WebSite","@id":"https:\/\/ikisbaby.com\/#website","url":"https:\/\/ikisbaby.com\/","name":"Ikisbaby","description":"Loja Online para Beb\u00e9","publisher":{"@id":"https:\/\/ikisbaby.com\/#organization"},"potentialAction":[{"@type":"SearchAction","target":{"@type":"EntryPoint","urlTemplate":"https:\/\/ikisbaby.com\/?s={search_term_string}"},"query-input":{"@type":"PropertyValueSpecification","valueRequired":true,"valueName":"search_term_string"}}],"inLanguage":"pt-PT"},{"@type":"Organization","@id":"https:\/\/ikisbaby.com\/#organization","name":"Ikisbaby","url":"https:\/\/ikisbaby.com\/","logo":{"@type":"ImageObject","inLanguage":"pt-PT","@id":"https:\/\/ikisbaby.com\/#\/schema\/logo\/image\/","url":"https:\/\/ikisbaby.com\/wp-content\/uploads\/2019\/02\/favicon.png","contentUrl":"https:\/\/ikisbaby.com\/wp-content\/uploads\/2019\/02\/favicon.png","width":512,"height":512,"caption":"Ikisbaby"},"image":{"@id":"https:\/\/ikisbaby.com\/#\/schema\/logo\/image\/"},"sameAs":["https:\/\/facebook.com\/ikisbaby","https:\/\/www.instagram.com\/ikisbaby\/"]}]}},"_links":{"self":[{"href":"https:\/\/ikisbaby.com\/index.php\/wp-json\/wp\/v2\/product\/26105","targetHints":{"allow":["GET"]}}],"collection":[{"href":"https:\/\/ikisbaby.com\/index.php\/wp-json\/wp\/v2\/product"}],"about":[{"href":"https:\/\/ikisbaby.com\/index.php\/wp-json\/wp\/v2\/types\/product"}],"replies":[{"embeddable":true,"href":"https:\/\/ikisbaby.com\/index.php\/wp-json\/wp\/v2\/comments?post=26105"}],"version-history":[{"count":2,"href":"https:\/\/ikisbaby.com\/index.php\/wp-json\/wp\/v2\/product\/26105\/revisions"}],"predecessor-version":[{"id":28631,"href":"https:\/\/ikisbaby.com\/index.php\/wp-json\/wp\/v2\/product\/26105\/revisions\/28631"}],"wp:featuredmedia":[{"embeddable":true,"href":"https:\/\/ikisbaby.com\/index.php\/wp-json\/wp\/v2\/media\/26140"}],"wp:attachment":[{"href":"https:\/\/ikisbaby.com\/index.php\/wp-json\/wp\/v2\/media?parent=26105"}],"wp:term":[{"taxonomy":"product_brand","embeddable":true,"href":"https:\/\/ikisbaby.com\/index.php\/wp-json\/wp\/v2\/product_brand?post=26105"},{"taxonomy":"product_cat","embeddable":true,"href":"https:\/\/ikisbaby.com\/index.php\/wp-json\/wp\/v2\/product_cat?post=26105"},{"taxonomy":"product_tag","embeddable":true,"href":"https:\/\/ikisbaby.com\/index.php\/wp-json\/wp\/v2\/product_tag?post=26105"}],"curies":[{"name":"wp","href":"https:\/\/api.w.org\/{rel}","templated":true}]}}