{"id":25729,"date":"2021-02-23T23:00:41","date_gmt":"2021-02-23T23:00:41","guid":{"rendered":"https:\/\/ikisbaby.com\/?post_type=product&#038;p=25729"},"modified":"2023-08-03T17:43:12","modified_gmt":"2023-08-03T16:43:12","slug":"babygrow-com-gola","status":"publish","type":"product","link":"https:\/\/ikisbaby.com\/index.php\/produto\/babygrow-com-gola\/","title":{"rendered":"Babygrow com Gola"},"content":{"rendered":"<p><strong>Babygrow com gola<\/strong> em veludo, a roupinha ideal para <strong> envolver o beb\u00e9 nas primeiras semanas.<\/strong><\/p>\n<p>Pensado para o m\u00e1ximo conforto e m\u00e1ximo relaxamento &#8211; azul beb\u00e9<\/p>\n<ul>\n<li>Abertura f\u00e1cil com molas na lateral<\/li>\n<li>Gola em tecido plumeti<\/li>\n<li>Decorado com la\u00e7os na frente<\/li>\n<li>As molas de press\u00e3o que resistem a repetidas trocas<\/li>\n<li>Composi\u00e7\u00e3o: 80% Algod\u00e3o, 20% Poli\u00e9ster<\/li>\n<li>Cor: azul<\/li>\n<\/ul>\n","protected":false},"excerpt":{"rendered":"<p><strong>Babygrow com gola<\/strong> em veludo, a roupinha ideal para <strong> envolver o beb\u00e9 nas primeiras semanas.<\/strong><\/p>\n<p>Pensado para o m\u00e1ximo conforto e m\u00e1ximo relaxamento &#8211; azul beb\u00e9<\/p>\n<ul>\n<li>Abertura f\u00e1cil com molas na lateral<\/li>\n<li>Gola em tecido plumeti<\/li>\n<li>Decorado com la\u00e7os na frente<\/li>\n<li>As molas de press\u00e3o que resistem a repetidas trocas<\/li>\n<li>Composi\u00e7\u00e3o: 80% Algod\u00e3o, 20% Poli\u00e9ster<\/li>\n<li>Cor: azul<\/li>\n<\/ul>\n","protected":false},"featured_media":25730,"comment_status":"closed","ping_status":"closed","template":"","meta":[],"product_brand":[],"product_cat":[55],"product_tag":[94,325],"class_list":{"0":"post-25729","1":"product","2":"type-product","3":"status-publish","6":"product_cat-babygrows-menino","7":"product_tag-babygrow","8":"product_tag-babygrow-de-veludo","10":"first","11":"instock","12":"taxable","13":"shipping-taxable","14":"purchasable","15":"product-type-variable"},"yoast_head":"<!-- This site is optimized with the Yoast SEO plugin v27.0 - https:\/\/yoast.com\/product\/yoast-seo-wordpress\/ -->\n<title>Babygrow com Gola - Ikisbaby - Loja Online<\/title>\n<meta name=\"description\" content=\"Babygrow com gola em tecido, a roupinha ideal para envolver o beb\u00e9 nas primeiras semanas. Pensado para o m\u00e1ximo conforto e suavidade, veludo.\" \/>\n<meta name=\"robots\" content=\"index, follow, max-snippet:-1, max-image-preview:large, max-video-preview:-1\" \/>\n<link rel=\"canonical\" href=\"https:\/\/ikisbaby.com\/index.php\/produto\/babygrow-com-gola\/\" \/>\n<meta property=\"og:locale\" content=\"pt_PT\" \/>\n<meta property=\"og:type\" content=\"article\" \/>\n<meta property=\"og:title\" content=\"Babygrow com Gola - Ikisbaby - Loja Online\" \/>\n<meta property=\"og:description\" content=\"Babygrow com gola em tecido, a roupinha ideal para envolver o beb\u00e9 nas primeiras semanas. Pensado para o m\u00e1ximo conforto e suavidade, veludo.\" \/>\n<meta property=\"og:url\" content=\"https:\/\/ikisbaby.com\/index.php\/produto\/babygrow-com-gola\/\" \/>\n<meta property=\"og:site_name\" content=\"Ikisbaby\" \/>\n<meta property=\"article:publisher\" content=\"https:\/\/facebook.com\/ikisbaby\" \/>\n<meta property=\"article:modified_time\" content=\"2023-08-03T16:43:12+00:00\" \/>\n<meta property=\"og:image\" content=\"https:\/\/ikisbaby.com\/wp-content\/uploads\/2021\/02\/b-azul-e1614120327611.jpg\" \/>\n\t<meta property=\"og:image:width\" content=\"600\" \/>\n\t<meta property=\"og:image:height\" content=\"601\" \/>\n\t<meta property=\"og:image:type\" content=\"image\/jpeg\" \/>\n<script type=\"application\/ld+json\" class=\"yoast-schema-graph\">{\"@context\":\"https:\/\/schema.org\",\"@graph\":[{\"@type\":\"WebPage\",\"@id\":\"https:\/\/ikisbaby.com\/index.php\/produto\/babygrow-com-gola\/\",\"url\":\"https:\/\/ikisbaby.com\/index.php\/produto\/babygrow-com-gola\/\",\"name\":\"Babygrow com Gola - Ikisbaby - Loja Online\",\"isPartOf\":{\"@id\":\"https:\/\/ikisbaby.com\/#website\"},\"primaryImageOfPage\":{\"@id\":\"https:\/\/ikisbaby.com\/index.php\/produto\/babygrow-com-gola\/#primaryimage\"},\"image\":{\"@id\":\"https:\/\/ikisbaby.com\/index.php\/produto\/babygrow-com-gola\/#primaryimage\"},\"thumbnailUrl\":\"https:\/\/ikisbaby.com\/wp-content\/uploads\/2021\/02\/b-azul-e1614120327611.jpg\",\"datePublished\":\"2021-02-23T23:00:41+00:00\",\"dateModified\":\"2023-08-03T16:43:12+00:00\",\"description\":\"Babygrow com gola em tecido, a roupinha ideal para envolver o beb\u00e9 nas primeiras semanas. Pensado para o m\u00e1ximo conforto e suavidade, veludo.\",\"breadcrumb\":{\"@id\":\"https:\/\/ikisbaby.com\/index.php\/produto\/babygrow-com-gola\/#breadcrumb\"},\"inLanguage\":\"pt-PT\",\"potentialAction\":[{\"@type\":\"ReadAction\",\"target\":[\"https:\/\/ikisbaby.com\/index.php\/produto\/babygrow-com-gola\/\"]}]},{\"@type\":\"ImageObject\",\"inLanguage\":\"pt-PT\",\"@id\":\"https:\/\/ikisbaby.com\/index.php\/produto\/babygrow-com-gola\/#primaryimage\",\"url\":\"https:\/\/ikisbaby.com\/wp-content\/uploads\/2021\/02\/b-azul-e1614120327611.jpg\",\"contentUrl\":\"https:\/\/ikisbaby.com\/wp-content\/uploads\/2021\/02\/b-azul-e1614120327611.jpg\",\"width\":600,\"height\":601,\"caption\":\"babygrow com gola\"},{\"@type\":\"BreadcrumbList\",\"@id\":\"https:\/\/ikisbaby.com\/index.php\/produto\/babygrow-com-gola\/#breadcrumb\",\"itemListElement\":[{\"@type\":\"ListItem\",\"position\":1,\"name\":\"In\u00edcio\",\"item\":\"https:\/\/ikisbaby.com\/\"},{\"@type\":\"ListItem\",\"position\":2,\"name\":\"Loja\",\"item\":\"https:\/\/ikisbaby.com\/index.php\/loja-roupa-para-bebe\/\"},{\"@type\":\"ListItem\",\"position\":3,\"name\":\"Babygrow com Gola\"}]},{\"@type\":\"WebSite\",\"@id\":\"https:\/\/ikisbaby.com\/#website\",\"url\":\"https:\/\/ikisbaby.com\/\",\"name\":\"Ikisbaby\",\"description\":\"Loja Online para Beb\u00e9\",\"publisher\":{\"@id\":\"https:\/\/ikisbaby.com\/#organization\"},\"potentialAction\":[{\"@type\":\"SearchAction\",\"target\":{\"@type\":\"EntryPoint\",\"urlTemplate\":\"https:\/\/ikisbaby.com\/?s={search_term_string}\"},\"query-input\":{\"@type\":\"PropertyValueSpecification\",\"valueRequired\":true,\"valueName\":\"search_term_string\"}}],\"inLanguage\":\"pt-PT\"},{\"@type\":\"Organization\",\"@id\":\"https:\/\/ikisbaby.com\/#organization\",\"name\":\"Ikisbaby\",\"url\":\"https:\/\/ikisbaby.com\/\",\"logo\":{\"@type\":\"ImageObject\",\"inLanguage\":\"pt-PT\",\"@id\":\"https:\/\/ikisbaby.com\/#\/schema\/logo\/image\/\",\"url\":\"https:\/\/ikisbaby.com\/wp-content\/uploads\/2019\/02\/favicon.png\",\"contentUrl\":\"https:\/\/ikisbaby.com\/wp-content\/uploads\/2019\/02\/favicon.png\",\"width\":512,\"height\":512,\"caption\":\"Ikisbaby\"},\"image\":{\"@id\":\"https:\/\/ikisbaby.com\/#\/schema\/logo\/image\/\"},\"sameAs\":[\"https:\/\/facebook.com\/ikisbaby\",\"https:\/\/www.instagram.com\/ikisbaby\/\"]}]}<\/script>\n<!-- \/ Yoast SEO plugin. -->","yoast_head_json":{"title":"Babygrow com Gola - Ikisbaby - Loja Online","description":"Babygrow com gola em tecido, a roupinha ideal para envolver o beb\u00e9 nas primeiras semanas. Pensado para o m\u00e1ximo conforto e suavidade, veludo.","robots":{"index":"index","follow":"follow","max-snippet":"max-snippet:-1","max-image-preview":"max-image-preview:large","max-video-preview":"max-video-preview:-1"},"canonical":"https:\/\/ikisbaby.com\/index.php\/produto\/babygrow-com-gola\/","og_locale":"pt_PT","og_type":"article","og_title":"Babygrow com Gola - Ikisbaby - Loja Online","og_description":"Babygrow com gola em tecido, a roupinha ideal para envolver o beb\u00e9 nas primeiras semanas. Pensado para o m\u00e1ximo conforto e suavidade, veludo.","og_url":"https:\/\/ikisbaby.com\/index.php\/produto\/babygrow-com-gola\/","og_site_name":"Ikisbaby","article_publisher":"https:\/\/facebook.com\/ikisbaby","article_modified_time":"2023-08-03T16:43:12+00:00","og_image":[{"width":600,"height":601,"url":"https:\/\/ikisbaby.com\/wp-content\/uploads\/2021\/02\/b-azul-e1614120327611.jpg","type":"image\/jpeg"}],"schema":{"@context":"https:\/\/schema.org","@graph":[{"@type":"WebPage","@id":"https:\/\/ikisbaby.com\/index.php\/produto\/babygrow-com-gola\/","url":"https:\/\/ikisbaby.com\/index.php\/produto\/babygrow-com-gola\/","name":"Babygrow com Gola - Ikisbaby - Loja Online","isPartOf":{"@id":"https:\/\/ikisbaby.com\/#website"},"primaryImageOfPage":{"@id":"https:\/\/ikisbaby.com\/index.php\/produto\/babygrow-com-gola\/#primaryimage"},"image":{"@id":"https:\/\/ikisbaby.com\/index.php\/produto\/babygrow-com-gola\/#primaryimage"},"thumbnailUrl":"https:\/\/ikisbaby.com\/wp-content\/uploads\/2021\/02\/b-azul-e1614120327611.jpg","datePublished":"2021-02-23T23:00:41+00:00","dateModified":"2023-08-03T16:43:12+00:00","description":"Babygrow com gola em tecido, a roupinha ideal para envolver o beb\u00e9 nas primeiras semanas. Pensado para o m\u00e1ximo conforto e suavidade, veludo.","breadcrumb":{"@id":"https:\/\/ikisbaby.com\/index.php\/produto\/babygrow-com-gola\/#breadcrumb"},"inLanguage":"pt-PT","potentialAction":[{"@type":"ReadAction","target":["https:\/\/ikisbaby.com\/index.php\/produto\/babygrow-com-gola\/"]}]},{"@type":"ImageObject","inLanguage":"pt-PT","@id":"https:\/\/ikisbaby.com\/index.php\/produto\/babygrow-com-gola\/#primaryimage","url":"https:\/\/ikisbaby.com\/wp-content\/uploads\/2021\/02\/b-azul-e1614120327611.jpg","contentUrl":"https:\/\/ikisbaby.com\/wp-content\/uploads\/2021\/02\/b-azul-e1614120327611.jpg","width":600,"height":601,"caption":"babygrow com gola"},{"@type":"BreadcrumbList","@id":"https:\/\/ikisbaby.com\/index.php\/produto\/babygrow-com-gola\/#breadcrumb","itemListElement":[{"@type":"ListItem","position":1,"name":"In\u00edcio","item":"https:\/\/ikisbaby.com\/"},{"@type":"ListItem","position":2,"name":"Loja","item":"https:\/\/ikisbaby.com\/index.php\/loja-roupa-para-bebe\/"},{"@type":"ListItem","position":3,"name":"Babygrow com Gola"}]},{"@type":"WebSite","@id":"https:\/\/ikisbaby.com\/#website","url":"https:\/\/ikisbaby.com\/","name":"Ikisbaby","description":"Loja Online para Beb\u00e9","publisher":{"@id":"https:\/\/ikisbaby.com\/#organization"},"potentialAction":[{"@type":"SearchAction","target":{"@type":"EntryPoint","urlTemplate":"https:\/\/ikisbaby.com\/?s={search_term_string}"},"query-input":{"@type":"PropertyValueSpecification","valueRequired":true,"valueName":"search_term_string"}}],"inLanguage":"pt-PT"},{"@type":"Organization","@id":"https:\/\/ikisbaby.com\/#organization","name":"Ikisbaby","url":"https:\/\/ikisbaby.com\/","logo":{"@type":"ImageObject","inLanguage":"pt-PT","@id":"https:\/\/ikisbaby.com\/#\/schema\/logo\/image\/","url":"https:\/\/ikisbaby.com\/wp-content\/uploads\/2019\/02\/favicon.png","contentUrl":"https:\/\/ikisbaby.com\/wp-content\/uploads\/2019\/02\/favicon.png","width":512,"height":512,"caption":"Ikisbaby"},"image":{"@id":"https:\/\/ikisbaby.com\/#\/schema\/logo\/image\/"},"sameAs":["https:\/\/facebook.com\/ikisbaby","https:\/\/www.instagram.com\/ikisbaby\/"]}]}},"_links":{"self":[{"href":"https:\/\/ikisbaby.com\/index.php\/wp-json\/wp\/v2\/product\/25729","targetHints":{"allow":["GET"]}}],"collection":[{"href":"https:\/\/ikisbaby.com\/index.php\/wp-json\/wp\/v2\/product"}],"about":[{"href":"https:\/\/ikisbaby.com\/index.php\/wp-json\/wp\/v2\/types\/product"}],"replies":[{"embeddable":true,"href":"https:\/\/ikisbaby.com\/index.php\/wp-json\/wp\/v2\/comments?post=25729"}],"version-history":[{"count":0,"href":"https:\/\/ikisbaby.com\/index.php\/wp-json\/wp\/v2\/product\/25729\/revisions"}],"wp:featuredmedia":[{"embeddable":true,"href":"https:\/\/ikisbaby.com\/index.php\/wp-json\/wp\/v2\/media\/25730"}],"wp:attachment":[{"href":"https:\/\/ikisbaby.com\/index.php\/wp-json\/wp\/v2\/media?parent=25729"}],"wp:term":[{"taxonomy":"product_brand","embeddable":true,"href":"https:\/\/ikisbaby.com\/index.php\/wp-json\/wp\/v2\/product_brand?post=25729"},{"taxonomy":"product_cat","embeddable":true,"href":"https:\/\/ikisbaby.com\/index.php\/wp-json\/wp\/v2\/product_cat?post=25729"},{"taxonomy":"product_tag","embeddable":true,"href":"https:\/\/ikisbaby.com\/index.php\/wp-json\/wp\/v2\/product_tag?post=25729"}],"curies":[{"name":"wp","href":"https:\/\/api.w.org\/{rel}","templated":true}]}}