{"id":23461,"date":"2020-01-27T16:10:59","date_gmt":"2020-01-27T16:10:59","guid":{"rendered":"https:\/\/ikisbaby.com\/?post_type=product&#038;p=23461"},"modified":"2024-07-15T17:24:16","modified_gmt":"2024-07-15T16:24:16","slug":"tapa-fraldas-vermelho-para-menino","status":"publish","type":"product","link":"https:\/\/ikisbaby.com\/index.php\/produto\/tapa-fraldas-vermelho-para-menino\/","title":{"rendered":"Tapa Fraldas Estrelas Vermelho"},"content":{"rendered":"<p>Tapa fraldas vermelho para menino em tecido estampado.<\/p>\n<p>Linda estampa de estrelas que combina com v\u00e1rios looks.<\/p>\n<p>Aperta com molas de press\u00e3o na frente.<\/p>\n<p>Composi\u00e7\u00e3o: 100% algod\u00e3o;<\/p>\n","protected":false},"excerpt":{"rendered":"<p>Tapa fraldas vermelho para menino em tecido estampado.<\/p>\n<p>Linda estampa de estrelas que combina com v\u00e1rios looks.<\/p>\n<p>Aperta com molas de press\u00e3o na frente.<\/p>\n<p>Composi\u00e7\u00e3o: 100% algod\u00e3o;<\/p>\n","protected":false},"featured_media":23466,"comment_status":"open","ping_status":"closed","template":"","meta":[],"product_brand":[],"product_cat":[640,264,66],"product_tag":[594,595],"class_list":{"0":"post-23461","1":"product","2":"type-product","3":"status-publish","6":"product_cat-tapa-fraldas","7":"product_cat-saldos","8":"product_cat-acessorios","9":"product_tag-tapa-fralda","10":"product_tag-tapa-fraldas-de-tecido","12":"first","13":"instock","14":"taxable","15":"shipping-taxable","16":"purchasable","17":"product-type-variable"},"yoast_head":"<!-- This site is optimized with the Yoast SEO plugin v27.0 - https:\/\/yoast.com\/product\/yoast-seo-wordpress\/ -->\n<title>Tapa fraldas vermelho para menino - Ikisbaby - Loja Online<\/title>\n<meta name=\"description\" content=\"Tapa fraldas vermelho para menino em tecido estampado.Linda estampa de estrelas que combina com v\u00e1rios looks.Aperta com molas de press\u00e3o na frente.\" \/>\n<meta name=\"robots\" content=\"index, follow, max-snippet:-1, max-image-preview:large, max-video-preview:-1\" \/>\n<link rel=\"canonical\" href=\"https:\/\/ikisbaby.com\/index.php\/produto\/tapa-fraldas-vermelho-para-menino\/\" \/>\n<meta property=\"og:locale\" content=\"pt_PT\" \/>\n<meta property=\"og:type\" content=\"article\" \/>\n<meta property=\"og:title\" content=\"Tapa fraldas vermelho para menino - Ikisbaby - Loja Online\" \/>\n<meta property=\"og:description\" content=\"Tapa fraldas vermelho para menino em tecido estampado.Linda estampa de estrelas que combina com v\u00e1rios looks.Aperta com molas de press\u00e3o na frente.\" \/>\n<meta property=\"og:url\" content=\"https:\/\/ikisbaby.com\/index.php\/produto\/tapa-fraldas-vermelho-para-menino\/\" \/>\n<meta property=\"og:site_name\" content=\"Ikisbaby\" \/>\n<meta property=\"article:publisher\" content=\"https:\/\/facebook.com\/ikisbaby\" \/>\n<meta property=\"article:modified_time\" content=\"2024-07-15T16:24:16+00:00\" \/>\n<meta property=\"og:image\" content=\"https:\/\/ikisbaby.com\/wp-content\/uploads\/2020\/01\/tapa_fraldas_estrela_menino_vermelho.jpg\" \/>\n\t<meta property=\"og:image:width\" content=\"768\" \/>\n\t<meta property=\"og:image:height\" content=\"1024\" \/>\n\t<meta property=\"og:image:type\" content=\"image\/jpeg\" \/>\n<script type=\"application\/ld+json\" class=\"yoast-schema-graph\">{\"@context\":\"https:\/\/schema.org\",\"@graph\":[{\"@type\":\"WebPage\",\"@id\":\"https:\/\/ikisbaby.com\/index.php\/produto\/tapa-fraldas-vermelho-para-menino\/\",\"url\":\"https:\/\/ikisbaby.com\/index.php\/produto\/tapa-fraldas-vermelho-para-menino\/\",\"name\":\"Tapa fraldas vermelho para menino - Ikisbaby - Loja Online\",\"isPartOf\":{\"@id\":\"https:\/\/ikisbaby.com\/#website\"},\"primaryImageOfPage\":{\"@id\":\"https:\/\/ikisbaby.com\/index.php\/produto\/tapa-fraldas-vermelho-para-menino\/#primaryimage\"},\"image\":{\"@id\":\"https:\/\/ikisbaby.com\/index.php\/produto\/tapa-fraldas-vermelho-para-menino\/#primaryimage\"},\"thumbnailUrl\":\"https:\/\/ikisbaby.com\/wp-content\/uploads\/2020\/01\/tapa_fraldas_estrela_menino_vermelho.jpg\",\"datePublished\":\"2020-01-27T16:10:59+00:00\",\"dateModified\":\"2024-07-15T16:24:16+00:00\",\"description\":\"Tapa fraldas vermelho para menino em tecido estampado.Linda estampa de estrelas que combina com v\u00e1rios looks.Aperta com molas de press\u00e3o na frente.\",\"breadcrumb\":{\"@id\":\"https:\/\/ikisbaby.com\/index.php\/produto\/tapa-fraldas-vermelho-para-menino\/#breadcrumb\"},\"inLanguage\":\"pt-PT\",\"potentialAction\":[{\"@type\":\"ReadAction\",\"target\":[\"https:\/\/ikisbaby.com\/index.php\/produto\/tapa-fraldas-vermelho-para-menino\/\"]}]},{\"@type\":\"ImageObject\",\"inLanguage\":\"pt-PT\",\"@id\":\"https:\/\/ikisbaby.com\/index.php\/produto\/tapa-fraldas-vermelho-para-menino\/#primaryimage\",\"url\":\"https:\/\/ikisbaby.com\/wp-content\/uploads\/2020\/01\/tapa_fraldas_estrela_menino_vermelho.jpg\",\"contentUrl\":\"https:\/\/ikisbaby.com\/wp-content\/uploads\/2020\/01\/tapa_fraldas_estrela_menino_vermelho.jpg\",\"width\":768,\"height\":1024,\"caption\":\"Tapa fraldas vermelho para menino\"},{\"@type\":\"BreadcrumbList\",\"@id\":\"https:\/\/ikisbaby.com\/index.php\/produto\/tapa-fraldas-vermelho-para-menino\/#breadcrumb\",\"itemListElement\":[{\"@type\":\"ListItem\",\"position\":1,\"name\":\"In\u00edcio\",\"item\":\"https:\/\/ikisbaby.com\/\"},{\"@type\":\"ListItem\",\"position\":2,\"name\":\"Loja\",\"item\":\"https:\/\/ikisbaby.com\/index.php\/loja-roupa-para-bebe\/\"},{\"@type\":\"ListItem\",\"position\":3,\"name\":\"Tapa Fraldas Estrelas Vermelho\"}]},{\"@type\":\"WebSite\",\"@id\":\"https:\/\/ikisbaby.com\/#website\",\"url\":\"https:\/\/ikisbaby.com\/\",\"name\":\"Ikisbaby\",\"description\":\"Loja Online para Beb\u00e9\",\"publisher\":{\"@id\":\"https:\/\/ikisbaby.com\/#organization\"},\"potentialAction\":[{\"@type\":\"SearchAction\",\"target\":{\"@type\":\"EntryPoint\",\"urlTemplate\":\"https:\/\/ikisbaby.com\/?s={search_term_string}\"},\"query-input\":{\"@type\":\"PropertyValueSpecification\",\"valueRequired\":true,\"valueName\":\"search_term_string\"}}],\"inLanguage\":\"pt-PT\"},{\"@type\":\"Organization\",\"@id\":\"https:\/\/ikisbaby.com\/#organization\",\"name\":\"Ikisbaby\",\"url\":\"https:\/\/ikisbaby.com\/\",\"logo\":{\"@type\":\"ImageObject\",\"inLanguage\":\"pt-PT\",\"@id\":\"https:\/\/ikisbaby.com\/#\/schema\/logo\/image\/\",\"url\":\"https:\/\/ikisbaby.com\/wp-content\/uploads\/2019\/02\/favicon.png\",\"contentUrl\":\"https:\/\/ikisbaby.com\/wp-content\/uploads\/2019\/02\/favicon.png\",\"width\":512,\"height\":512,\"caption\":\"Ikisbaby\"},\"image\":{\"@id\":\"https:\/\/ikisbaby.com\/#\/schema\/logo\/image\/\"},\"sameAs\":[\"https:\/\/facebook.com\/ikisbaby\",\"https:\/\/www.instagram.com\/ikisbaby\/\"]}]}<\/script>\n<!-- \/ Yoast SEO plugin. -->","yoast_head_json":{"title":"Tapa fraldas vermelho para menino - Ikisbaby - Loja Online","description":"Tapa fraldas vermelho para menino em tecido estampado.Linda estampa de estrelas que combina com v\u00e1rios looks.Aperta com molas de press\u00e3o na frente.","robots":{"index":"index","follow":"follow","max-snippet":"max-snippet:-1","max-image-preview":"max-image-preview:large","max-video-preview":"max-video-preview:-1"},"canonical":"https:\/\/ikisbaby.com\/index.php\/produto\/tapa-fraldas-vermelho-para-menino\/","og_locale":"pt_PT","og_type":"article","og_title":"Tapa fraldas vermelho para menino - Ikisbaby - Loja Online","og_description":"Tapa fraldas vermelho para menino em tecido estampado.Linda estampa de estrelas que combina com v\u00e1rios looks.Aperta com molas de press\u00e3o na frente.","og_url":"https:\/\/ikisbaby.com\/index.php\/produto\/tapa-fraldas-vermelho-para-menino\/","og_site_name":"Ikisbaby","article_publisher":"https:\/\/facebook.com\/ikisbaby","article_modified_time":"2024-07-15T16:24:16+00:00","og_image":[{"width":768,"height":1024,"url":"https:\/\/ikisbaby.com\/wp-content\/uploads\/2020\/01\/tapa_fraldas_estrela_menino_vermelho.jpg","type":"image\/jpeg"}],"schema":{"@context":"https:\/\/schema.org","@graph":[{"@type":"WebPage","@id":"https:\/\/ikisbaby.com\/index.php\/produto\/tapa-fraldas-vermelho-para-menino\/","url":"https:\/\/ikisbaby.com\/index.php\/produto\/tapa-fraldas-vermelho-para-menino\/","name":"Tapa fraldas vermelho para menino - Ikisbaby - Loja Online","isPartOf":{"@id":"https:\/\/ikisbaby.com\/#website"},"primaryImageOfPage":{"@id":"https:\/\/ikisbaby.com\/index.php\/produto\/tapa-fraldas-vermelho-para-menino\/#primaryimage"},"image":{"@id":"https:\/\/ikisbaby.com\/index.php\/produto\/tapa-fraldas-vermelho-para-menino\/#primaryimage"},"thumbnailUrl":"https:\/\/ikisbaby.com\/wp-content\/uploads\/2020\/01\/tapa_fraldas_estrela_menino_vermelho.jpg","datePublished":"2020-01-27T16:10:59+00:00","dateModified":"2024-07-15T16:24:16+00:00","description":"Tapa fraldas vermelho para menino em tecido estampado.Linda estampa de estrelas que combina com v\u00e1rios looks.Aperta com molas de press\u00e3o na frente.","breadcrumb":{"@id":"https:\/\/ikisbaby.com\/index.php\/produto\/tapa-fraldas-vermelho-para-menino\/#breadcrumb"},"inLanguage":"pt-PT","potentialAction":[{"@type":"ReadAction","target":["https:\/\/ikisbaby.com\/index.php\/produto\/tapa-fraldas-vermelho-para-menino\/"]}]},{"@type":"ImageObject","inLanguage":"pt-PT","@id":"https:\/\/ikisbaby.com\/index.php\/produto\/tapa-fraldas-vermelho-para-menino\/#primaryimage","url":"https:\/\/ikisbaby.com\/wp-content\/uploads\/2020\/01\/tapa_fraldas_estrela_menino_vermelho.jpg","contentUrl":"https:\/\/ikisbaby.com\/wp-content\/uploads\/2020\/01\/tapa_fraldas_estrela_menino_vermelho.jpg","width":768,"height":1024,"caption":"Tapa fraldas vermelho para menino"},{"@type":"BreadcrumbList","@id":"https:\/\/ikisbaby.com\/index.php\/produto\/tapa-fraldas-vermelho-para-menino\/#breadcrumb","itemListElement":[{"@type":"ListItem","position":1,"name":"In\u00edcio","item":"https:\/\/ikisbaby.com\/"},{"@type":"ListItem","position":2,"name":"Loja","item":"https:\/\/ikisbaby.com\/index.php\/loja-roupa-para-bebe\/"},{"@type":"ListItem","position":3,"name":"Tapa Fraldas Estrelas Vermelho"}]},{"@type":"WebSite","@id":"https:\/\/ikisbaby.com\/#website","url":"https:\/\/ikisbaby.com\/","name":"Ikisbaby","description":"Loja Online para Beb\u00e9","publisher":{"@id":"https:\/\/ikisbaby.com\/#organization"},"potentialAction":[{"@type":"SearchAction","target":{"@type":"EntryPoint","urlTemplate":"https:\/\/ikisbaby.com\/?s={search_term_string}"},"query-input":{"@type":"PropertyValueSpecification","valueRequired":true,"valueName":"search_term_string"}}],"inLanguage":"pt-PT"},{"@type":"Organization","@id":"https:\/\/ikisbaby.com\/#organization","name":"Ikisbaby","url":"https:\/\/ikisbaby.com\/","logo":{"@type":"ImageObject","inLanguage":"pt-PT","@id":"https:\/\/ikisbaby.com\/#\/schema\/logo\/image\/","url":"https:\/\/ikisbaby.com\/wp-content\/uploads\/2019\/02\/favicon.png","contentUrl":"https:\/\/ikisbaby.com\/wp-content\/uploads\/2019\/02\/favicon.png","width":512,"height":512,"caption":"Ikisbaby"},"image":{"@id":"https:\/\/ikisbaby.com\/#\/schema\/logo\/image\/"},"sameAs":["https:\/\/facebook.com\/ikisbaby","https:\/\/www.instagram.com\/ikisbaby\/"]}]}},"_links":{"self":[{"href":"https:\/\/ikisbaby.com\/index.php\/wp-json\/wp\/v2\/product\/23461","targetHints":{"allow":["GET"]}}],"collection":[{"href":"https:\/\/ikisbaby.com\/index.php\/wp-json\/wp\/v2\/product"}],"about":[{"href":"https:\/\/ikisbaby.com\/index.php\/wp-json\/wp\/v2\/types\/product"}],"replies":[{"embeddable":true,"href":"https:\/\/ikisbaby.com\/index.php\/wp-json\/wp\/v2\/comments?post=23461"}],"version-history":[{"count":1,"href":"https:\/\/ikisbaby.com\/index.php\/wp-json\/wp\/v2\/product\/23461\/revisions"}],"predecessor-version":[{"id":27990,"href":"https:\/\/ikisbaby.com\/index.php\/wp-json\/wp\/v2\/product\/23461\/revisions\/27990"}],"wp:featuredmedia":[{"embeddable":true,"href":"https:\/\/ikisbaby.com\/index.php\/wp-json\/wp\/v2\/media\/23466"}],"wp:attachment":[{"href":"https:\/\/ikisbaby.com\/index.php\/wp-json\/wp\/v2\/media?parent=23461"}],"wp:term":[{"taxonomy":"product_brand","embeddable":true,"href":"https:\/\/ikisbaby.com\/index.php\/wp-json\/wp\/v2\/product_brand?post=23461"},{"taxonomy":"product_cat","embeddable":true,"href":"https:\/\/ikisbaby.com\/index.php\/wp-json\/wp\/v2\/product_cat?post=23461"},{"taxonomy":"product_tag","embeddable":true,"href":"https:\/\/ikisbaby.com\/index.php\/wp-json\/wp\/v2\/product_tag?post=23461"}],"curies":[{"name":"wp","href":"https:\/\/api.w.org\/{rel}","templated":true}]}}