{"id":22840,"date":"2021-03-10T11:17:09","date_gmt":"2021-03-10T11:17:09","guid":{"rendered":"https:\/\/ikisbaby.com\/?post_type=product&#038;p=22840"},"modified":"2021-07-07T16:38:22","modified_gmt":"2021-07-07T15:38:22","slug":"conjunto-de-malha-estrela-perola","status":"publish","type":"product","link":"https:\/\/ikisbaby.com\/index.php\/produto\/conjunto-de-malha-estrela-perola\/","title":{"rendered":"Conjunto Malha Estrela"},"content":{"rendered":"<p>Conjunto de malha estrela p\u00e9rola para beb\u00e9.<\/p>\n<p>Conjunto de malha composto por camisola com bordado de estrela e cal\u00e7as com p\u00e9.<\/p>\n<p>Camisola de trespasse a apertar com bot\u00f5es de madeira nas laterais.<\/p>\n<p>Composi\u00e7\u00e3o: 50% algod\u00e3o e 50% acr\u00edlico.<\/p>\n<p><strong>Informa\u00e7\u00f5es sobre tamanho:<\/strong><br \/>\n<strong>0-1M &#8211; 50-56cm<\/strong><br \/>\n<strong>1-3M &#8211; 56-62cm<\/strong><br \/>\n<strong>3-6M &#8211; 62-68cm<\/strong><\/p>\n<p>&nbsp;<\/p>\n","protected":false},"excerpt":{"rendered":"<p>Conjunto de malha composto por camisola com bordado de estrela e cal\u00e7as com p\u00e9.<\/p>\n<p>Camisola de trespasse a apertar com bot\u00f5es de madeira nas laterais.<\/p>\n<p>Composi\u00e7\u00e3o: 50% algod\u00e3o e 50% acr\u00edlico.<\/p>\n<p><strong>Informa\u00e7\u00f5es sobre tamanho:<\/strong><br \/>\n<strong>0-1M &#8211; 50-56cm<\/strong><br \/>\n<strong>1-3M &#8211; 56-62cm<\/strong><br \/>\n<strong>3-6M &#8211; 62-68cm<\/strong><\/p>\n","protected":false},"featured_media":25952,"comment_status":"closed","ping_status":"closed","template":"","meta":[],"product_brand":[],"product_cat":[642,641,303,64],"product_tag":[95,625],"class_list":{"0":"post-22840","1":"product","2":"type-product","3":"status-publish","6":"product_cat-malha-bebe-menina","7":"product_cat-malha-bebe-menino","8":"product_cat-primavera-verao-2024","9":"product_cat-malhas","10":"product_tag-conjunto-de-bebe","11":"product_tag-conjunto-malha","13":"first","14":"instock","15":"taxable","16":"shipping-taxable","17":"purchasable","18":"product-type-variable"},"yoast_head":"<!-- This site is optimized with the Yoast SEO plugin v27.0 - https:\/\/yoast.com\/product\/yoast-seo-wordpress\/ -->\n<title>Conjunto de malha estrela p\u00e9rola - Ikisbaby - Loja Beb\u00e9 Online<\/title>\n<meta name=\"description\" content=\"Conjunto de malha estrela p\u00e9rola para beb\u00e9. Conjunto de malha composto por camisola com bordado de estrela e cal\u00e7as com p\u00e9. Camisola de trespasse.\" \/>\n<meta name=\"robots\" content=\"index, follow, max-snippet:-1, max-image-preview:large, max-video-preview:-1\" \/>\n<link rel=\"canonical\" href=\"https:\/\/ikisbaby.com\/index.php\/produto\/conjunto-de-malha-estrela-perola\/\" \/>\n<meta property=\"og:locale\" content=\"pt_PT\" \/>\n<meta property=\"og:type\" content=\"article\" \/>\n<meta property=\"og:title\" content=\"Conjunto de malha estrela p\u00e9rola - Ikisbaby - Loja Beb\u00e9 Online\" \/>\n<meta property=\"og:description\" content=\"Conjunto de malha estrela p\u00e9rola para beb\u00e9. Conjunto de malha composto por camisola com bordado de estrela e cal\u00e7as com p\u00e9. Camisola de trespasse.\" \/>\n<meta property=\"og:url\" content=\"https:\/\/ikisbaby.com\/index.php\/produto\/conjunto-de-malha-estrela-perola\/\" \/>\n<meta property=\"og:site_name\" content=\"Ikisbaby\" \/>\n<meta property=\"article:publisher\" content=\"https:\/\/facebook.com\/ikisbaby\" \/>\n<meta property=\"article:modified_time\" content=\"2021-07-07T15:38:22+00:00\" \/>\n<meta property=\"og:image\" content=\"https:\/\/ikisbaby.com\/wp-content\/uploads\/2019\/12\/IMG_20201012_012931_BURST002-01-01-scaled-e1619199345438.jpeg\" \/>\n\t<meta property=\"og:image:width\" content=\"600\" \/>\n\t<meta property=\"og:image:height\" content=\"600\" \/>\n\t<meta property=\"og:image:type\" content=\"image\/jpeg\" \/>\n<script type=\"application\/ld+json\" class=\"yoast-schema-graph\">{\"@context\":\"https:\/\/schema.org\",\"@graph\":[{\"@type\":\"WebPage\",\"@id\":\"https:\/\/ikisbaby.com\/index.php\/produto\/conjunto-de-malha-estrela-perola\/\",\"url\":\"https:\/\/ikisbaby.com\/index.php\/produto\/conjunto-de-malha-estrela-perola\/\",\"name\":\"Conjunto de malha estrela p\u00e9rola - Ikisbaby - Loja Beb\u00e9 Online\",\"isPartOf\":{\"@id\":\"https:\/\/ikisbaby.com\/#website\"},\"primaryImageOfPage\":{\"@id\":\"https:\/\/ikisbaby.com\/index.php\/produto\/conjunto-de-malha-estrela-perola\/#primaryimage\"},\"image\":{\"@id\":\"https:\/\/ikisbaby.com\/index.php\/produto\/conjunto-de-malha-estrela-perola\/#primaryimage\"},\"thumbnailUrl\":\"https:\/\/ikisbaby.com\/wp-content\/uploads\/2019\/12\/IMG_20201012_012931_BURST002-01-01-scaled-e1619199345438.jpeg\",\"datePublished\":\"2021-03-10T11:17:09+00:00\",\"dateModified\":\"2021-07-07T15:38:22+00:00\",\"description\":\"Conjunto de malha estrela p\u00e9rola para beb\u00e9. Conjunto de malha composto por camisola com bordado de estrela e cal\u00e7as com p\u00e9. Camisola de trespasse.\",\"breadcrumb\":{\"@id\":\"https:\/\/ikisbaby.com\/index.php\/produto\/conjunto-de-malha-estrela-perola\/#breadcrumb\"},\"inLanguage\":\"pt-PT\",\"potentialAction\":[{\"@type\":\"ReadAction\",\"target\":[\"https:\/\/ikisbaby.com\/index.php\/produto\/conjunto-de-malha-estrela-perola\/\"]}]},{\"@type\":\"ImageObject\",\"inLanguage\":\"pt-PT\",\"@id\":\"https:\/\/ikisbaby.com\/index.php\/produto\/conjunto-de-malha-estrela-perola\/#primaryimage\",\"url\":\"https:\/\/ikisbaby.com\/wp-content\/uploads\/2019\/12\/IMG_20201012_012931_BURST002-01-01-scaled-e1619199345438.jpeg\",\"contentUrl\":\"https:\/\/ikisbaby.com\/wp-content\/uploads\/2019\/12\/IMG_20201012_012931_BURST002-01-01-scaled-e1619199345438.jpeg\",\"width\":600,\"height\":600,\"caption\":\"burst\"},{\"@type\":\"BreadcrumbList\",\"@id\":\"https:\/\/ikisbaby.com\/index.php\/produto\/conjunto-de-malha-estrela-perola\/#breadcrumb\",\"itemListElement\":[{\"@type\":\"ListItem\",\"position\":1,\"name\":\"In\u00edcio\",\"item\":\"https:\/\/ikisbaby.com\/\"},{\"@type\":\"ListItem\",\"position\":2,\"name\":\"Loja\",\"item\":\"https:\/\/ikisbaby.com\/index.php\/loja-roupa-para-bebe\/\"},{\"@type\":\"ListItem\",\"position\":3,\"name\":\"Conjunto Malha Estrela\"}]},{\"@type\":\"WebSite\",\"@id\":\"https:\/\/ikisbaby.com\/#website\",\"url\":\"https:\/\/ikisbaby.com\/\",\"name\":\"Ikisbaby\",\"description\":\"Loja Online para Beb\u00e9\",\"publisher\":{\"@id\":\"https:\/\/ikisbaby.com\/#organization\"},\"potentialAction\":[{\"@type\":\"SearchAction\",\"target\":{\"@type\":\"EntryPoint\",\"urlTemplate\":\"https:\/\/ikisbaby.com\/?s={search_term_string}\"},\"query-input\":{\"@type\":\"PropertyValueSpecification\",\"valueRequired\":true,\"valueName\":\"search_term_string\"}}],\"inLanguage\":\"pt-PT\"},{\"@type\":\"Organization\",\"@id\":\"https:\/\/ikisbaby.com\/#organization\",\"name\":\"Ikisbaby\",\"url\":\"https:\/\/ikisbaby.com\/\",\"logo\":{\"@type\":\"ImageObject\",\"inLanguage\":\"pt-PT\",\"@id\":\"https:\/\/ikisbaby.com\/#\/schema\/logo\/image\/\",\"url\":\"https:\/\/ikisbaby.com\/wp-content\/uploads\/2019\/02\/favicon.png\",\"contentUrl\":\"https:\/\/ikisbaby.com\/wp-content\/uploads\/2019\/02\/favicon.png\",\"width\":512,\"height\":512,\"caption\":\"Ikisbaby\"},\"image\":{\"@id\":\"https:\/\/ikisbaby.com\/#\/schema\/logo\/image\/\"},\"sameAs\":[\"https:\/\/facebook.com\/ikisbaby\",\"https:\/\/www.instagram.com\/ikisbaby\/\"]}]}<\/script>\n<!-- \/ Yoast SEO plugin. -->","yoast_head_json":{"title":"Conjunto de malha estrela p\u00e9rola - Ikisbaby - Loja Beb\u00e9 Online","description":"Conjunto de malha estrela p\u00e9rola para beb\u00e9. Conjunto de malha composto por camisola com bordado de estrela e cal\u00e7as com p\u00e9. Camisola de trespasse.","robots":{"index":"index","follow":"follow","max-snippet":"max-snippet:-1","max-image-preview":"max-image-preview:large","max-video-preview":"max-video-preview:-1"},"canonical":"https:\/\/ikisbaby.com\/index.php\/produto\/conjunto-de-malha-estrela-perola\/","og_locale":"pt_PT","og_type":"article","og_title":"Conjunto de malha estrela p\u00e9rola - Ikisbaby - Loja Beb\u00e9 Online","og_description":"Conjunto de malha estrela p\u00e9rola para beb\u00e9. Conjunto de malha composto por camisola com bordado de estrela e cal\u00e7as com p\u00e9. Camisola de trespasse.","og_url":"https:\/\/ikisbaby.com\/index.php\/produto\/conjunto-de-malha-estrela-perola\/","og_site_name":"Ikisbaby","article_publisher":"https:\/\/facebook.com\/ikisbaby","article_modified_time":"2021-07-07T15:38:22+00:00","og_image":[{"width":600,"height":600,"url":"https:\/\/ikisbaby.com\/wp-content\/uploads\/2019\/12\/IMG_20201012_012931_BURST002-01-01-scaled-e1619199345438.jpeg","type":"image\/jpeg"}],"schema":{"@context":"https:\/\/schema.org","@graph":[{"@type":"WebPage","@id":"https:\/\/ikisbaby.com\/index.php\/produto\/conjunto-de-malha-estrela-perola\/","url":"https:\/\/ikisbaby.com\/index.php\/produto\/conjunto-de-malha-estrela-perola\/","name":"Conjunto de malha estrela p\u00e9rola - Ikisbaby - Loja Beb\u00e9 Online","isPartOf":{"@id":"https:\/\/ikisbaby.com\/#website"},"primaryImageOfPage":{"@id":"https:\/\/ikisbaby.com\/index.php\/produto\/conjunto-de-malha-estrela-perola\/#primaryimage"},"image":{"@id":"https:\/\/ikisbaby.com\/index.php\/produto\/conjunto-de-malha-estrela-perola\/#primaryimage"},"thumbnailUrl":"https:\/\/ikisbaby.com\/wp-content\/uploads\/2019\/12\/IMG_20201012_012931_BURST002-01-01-scaled-e1619199345438.jpeg","datePublished":"2021-03-10T11:17:09+00:00","dateModified":"2021-07-07T15:38:22+00:00","description":"Conjunto de malha estrela p\u00e9rola para beb\u00e9. Conjunto de malha composto por camisola com bordado de estrela e cal\u00e7as com p\u00e9. Camisola de trespasse.","breadcrumb":{"@id":"https:\/\/ikisbaby.com\/index.php\/produto\/conjunto-de-malha-estrela-perola\/#breadcrumb"},"inLanguage":"pt-PT","potentialAction":[{"@type":"ReadAction","target":["https:\/\/ikisbaby.com\/index.php\/produto\/conjunto-de-malha-estrela-perola\/"]}]},{"@type":"ImageObject","inLanguage":"pt-PT","@id":"https:\/\/ikisbaby.com\/index.php\/produto\/conjunto-de-malha-estrela-perola\/#primaryimage","url":"https:\/\/ikisbaby.com\/wp-content\/uploads\/2019\/12\/IMG_20201012_012931_BURST002-01-01-scaled-e1619199345438.jpeg","contentUrl":"https:\/\/ikisbaby.com\/wp-content\/uploads\/2019\/12\/IMG_20201012_012931_BURST002-01-01-scaled-e1619199345438.jpeg","width":600,"height":600,"caption":"burst"},{"@type":"BreadcrumbList","@id":"https:\/\/ikisbaby.com\/index.php\/produto\/conjunto-de-malha-estrela-perola\/#breadcrumb","itemListElement":[{"@type":"ListItem","position":1,"name":"In\u00edcio","item":"https:\/\/ikisbaby.com\/"},{"@type":"ListItem","position":2,"name":"Loja","item":"https:\/\/ikisbaby.com\/index.php\/loja-roupa-para-bebe\/"},{"@type":"ListItem","position":3,"name":"Conjunto Malha Estrela"}]},{"@type":"WebSite","@id":"https:\/\/ikisbaby.com\/#website","url":"https:\/\/ikisbaby.com\/","name":"Ikisbaby","description":"Loja Online para Beb\u00e9","publisher":{"@id":"https:\/\/ikisbaby.com\/#organization"},"potentialAction":[{"@type":"SearchAction","target":{"@type":"EntryPoint","urlTemplate":"https:\/\/ikisbaby.com\/?s={search_term_string}"},"query-input":{"@type":"PropertyValueSpecification","valueRequired":true,"valueName":"search_term_string"}}],"inLanguage":"pt-PT"},{"@type":"Organization","@id":"https:\/\/ikisbaby.com\/#organization","name":"Ikisbaby","url":"https:\/\/ikisbaby.com\/","logo":{"@type":"ImageObject","inLanguage":"pt-PT","@id":"https:\/\/ikisbaby.com\/#\/schema\/logo\/image\/","url":"https:\/\/ikisbaby.com\/wp-content\/uploads\/2019\/02\/favicon.png","contentUrl":"https:\/\/ikisbaby.com\/wp-content\/uploads\/2019\/02\/favicon.png","width":512,"height":512,"caption":"Ikisbaby"},"image":{"@id":"https:\/\/ikisbaby.com\/#\/schema\/logo\/image\/"},"sameAs":["https:\/\/facebook.com\/ikisbaby","https:\/\/www.instagram.com\/ikisbaby\/"]}]}},"_links":{"self":[{"href":"https:\/\/ikisbaby.com\/index.php\/wp-json\/wp\/v2\/product\/22840","targetHints":{"allow":["GET"]}}],"collection":[{"href":"https:\/\/ikisbaby.com\/index.php\/wp-json\/wp\/v2\/product"}],"about":[{"href":"https:\/\/ikisbaby.com\/index.php\/wp-json\/wp\/v2\/types\/product"}],"replies":[{"embeddable":true,"href":"https:\/\/ikisbaby.com\/index.php\/wp-json\/wp\/v2\/comments?post=22840"}],"version-history":[{"count":1,"href":"https:\/\/ikisbaby.com\/index.php\/wp-json\/wp\/v2\/product\/22840\/revisions"}],"predecessor-version":[{"id":22845,"href":"https:\/\/ikisbaby.com\/index.php\/wp-json\/wp\/v2\/product\/22840\/revisions\/22845"}],"wp:featuredmedia":[{"embeddable":true,"href":"https:\/\/ikisbaby.com\/index.php\/wp-json\/wp\/v2\/media\/25952"}],"wp:attachment":[{"href":"https:\/\/ikisbaby.com\/index.php\/wp-json\/wp\/v2\/media?parent=22840"}],"wp:term":[{"taxonomy":"product_brand","embeddable":true,"href":"https:\/\/ikisbaby.com\/index.php\/wp-json\/wp\/v2\/product_brand?post=22840"},{"taxonomy":"product_cat","embeddable":true,"href":"https:\/\/ikisbaby.com\/index.php\/wp-json\/wp\/v2\/product_cat?post=22840"},{"taxonomy":"product_tag","embeddable":true,"href":"https:\/\/ikisbaby.com\/index.php\/wp-json\/wp\/v2\/product_tag?post=22840"}],"curies":[{"name":"wp","href":"https:\/\/api.w.org\/{rel}","templated":true}]}}