{"id":22421,"date":"2019-11-27T15:06:11","date_gmt":"2019-11-27T15:06:11","guid":{"rendered":"https:\/\/ikisbaby.com\/?post_type=product&#038;p=22421"},"modified":"2021-07-17T09:42:49","modified_gmt":"2021-07-17T08:42:49","slug":"camisola-malha-azul-marinho","status":"publish","type":"product","link":"https:\/\/ikisbaby.com\/index.php\/produto\/camisola-malha-azul-marinho\/","title":{"rendered":"Camisola Malha Bot\u00f5es"},"content":{"rendered":"<p>Camisola malha azul marinho para beb\u00e9.<\/p>\n<p>Camisola de beb\u00e9 em malha com bot\u00f5es.<\/p>\n<p>Trabalhado simples mas que torna os pequenitos muito elegantes!<\/p>\n<p>Facilita a passagem da cabe\u00e7a: bot\u00f5es frontais.<\/p>\n<p>Composi\u00e7\u00e3o: 100% acr\u00edlico<\/p>\n","protected":false},"excerpt":{"rendered":"<p>Camisola de beb\u00e9 em malha com bot\u00f5es.<\/p>\n<p>Trabalhado simples mas que torna os pequenitos muito elegantes!<\/p>\n<p>Facilita a passagem da cabe\u00e7a: bot\u00f5es frontais.<\/p>\n<p>Composi\u00e7\u00e3o: 100% acr\u00edlico<\/p>\n","protected":false},"featured_media":22425,"comment_status":"closed","ping_status":"closed","template":"","meta":[],"product_brand":[],"product_cat":[642,641,267,264,64],"product_tag":[],"class_list":{"0":"post-22421","1":"product","2":"type-product","3":"status-publish","6":"product_cat-malha-bebe-menina","7":"product_cat-malha-bebe-menino","8":"product_cat-outono-inverno-2022","9":"product_cat-saldos","10":"product_cat-malhas","12":"first","13":"instock","14":"taxable","15":"shipping-taxable","16":"purchasable","17":"product-type-variable"},"yoast_head":"<!-- This site is optimized with the Yoast SEO plugin v27.0 - https:\/\/yoast.com\/product\/yoast-seo-wordpress\/ -->\n<title>Camisola malha azul marinho - Ikisbaby - Loja Online<\/title>\n<meta name=\"description\" content=\"Camisola malha azul marinho para beb\u00e9.Camisola de beb\u00e9 em malha com bot\u00f5es.Trabalhado simples mas que torna os pequenitos muito elegantes!\" \/>\n<meta name=\"robots\" content=\"index, follow, max-snippet:-1, max-image-preview:large, max-video-preview:-1\" \/>\n<link rel=\"canonical\" href=\"https:\/\/ikisbaby.com\/index.php\/produto\/camisola-malha-azul-marinho\/\" \/>\n<meta property=\"og:locale\" content=\"pt_PT\" \/>\n<meta property=\"og:type\" content=\"article\" \/>\n<meta property=\"og:title\" content=\"Camisola malha azul marinho - Ikisbaby - Loja Online\" \/>\n<meta property=\"og:description\" content=\"Camisola malha azul marinho para beb\u00e9.Camisola de beb\u00e9 em malha com bot\u00f5es.Trabalhado simples mas que torna os pequenitos muito elegantes!\" \/>\n<meta property=\"og:url\" content=\"https:\/\/ikisbaby.com\/index.php\/produto\/camisola-malha-azul-marinho\/\" \/>\n<meta property=\"og:site_name\" content=\"Ikisbaby\" \/>\n<meta property=\"article:publisher\" content=\"https:\/\/facebook.com\/ikisbaby\" \/>\n<meta property=\"article:modified_time\" content=\"2021-07-17T08:42:49+00:00\" \/>\n<meta property=\"og:image\" content=\"https:\/\/ikisbaby.com\/wp-content\/uploads\/2019\/11\/camisola_malha-5.png\" \/>\n\t<meta property=\"og:image:width\" content=\"750\" \/>\n\t<meta property=\"og:image:height\" content=\"1000\" \/>\n\t<meta property=\"og:image:type\" content=\"image\/png\" \/>\n<script type=\"application\/ld+json\" class=\"yoast-schema-graph\">{\"@context\":\"https:\/\/schema.org\",\"@graph\":[{\"@type\":\"WebPage\",\"@id\":\"https:\/\/ikisbaby.com\/index.php\/produto\/camisola-malha-azul-marinho\/\",\"url\":\"https:\/\/ikisbaby.com\/index.php\/produto\/camisola-malha-azul-marinho\/\",\"name\":\"Camisola malha azul marinho - Ikisbaby - Loja Online\",\"isPartOf\":{\"@id\":\"https:\/\/ikisbaby.com\/#website\"},\"primaryImageOfPage\":{\"@id\":\"https:\/\/ikisbaby.com\/index.php\/produto\/camisola-malha-azul-marinho\/#primaryimage\"},\"image\":{\"@id\":\"https:\/\/ikisbaby.com\/index.php\/produto\/camisola-malha-azul-marinho\/#primaryimage\"},\"thumbnailUrl\":\"https:\/\/ikisbaby.com\/wp-content\/uploads\/2019\/11\/camisola_malha-5.png\",\"datePublished\":\"2019-11-27T15:06:11+00:00\",\"dateModified\":\"2021-07-17T08:42:49+00:00\",\"description\":\"Camisola malha azul marinho para beb\u00e9.Camisola de beb\u00e9 em malha com bot\u00f5es.Trabalhado simples mas que torna os pequenitos muito elegantes!\",\"breadcrumb\":{\"@id\":\"https:\/\/ikisbaby.com\/index.php\/produto\/camisola-malha-azul-marinho\/#breadcrumb\"},\"inLanguage\":\"pt-PT\",\"potentialAction\":[{\"@type\":\"ReadAction\",\"target\":[\"https:\/\/ikisbaby.com\/index.php\/produto\/camisola-malha-azul-marinho\/\"]}]},{\"@type\":\"ImageObject\",\"inLanguage\":\"pt-PT\",\"@id\":\"https:\/\/ikisbaby.com\/index.php\/produto\/camisola-malha-azul-marinho\/#primaryimage\",\"url\":\"https:\/\/ikisbaby.com\/wp-content\/uploads\/2019\/11\/camisola_malha-5.png\",\"contentUrl\":\"https:\/\/ikisbaby.com\/wp-content\/uploads\/2019\/11\/camisola_malha-5.png\",\"width\":750,\"height\":1000,\"caption\":\"Camisola malha azul marinho\"},{\"@type\":\"BreadcrumbList\",\"@id\":\"https:\/\/ikisbaby.com\/index.php\/produto\/camisola-malha-azul-marinho\/#breadcrumb\",\"itemListElement\":[{\"@type\":\"ListItem\",\"position\":1,\"name\":\"In\u00edcio\",\"item\":\"https:\/\/ikisbaby.com\/\"},{\"@type\":\"ListItem\",\"position\":2,\"name\":\"Loja\",\"item\":\"https:\/\/ikisbaby.com\/index.php\/loja-roupa-para-bebe\/\"},{\"@type\":\"ListItem\",\"position\":3,\"name\":\"Camisola Malha Bot\u00f5es\"}]},{\"@type\":\"WebSite\",\"@id\":\"https:\/\/ikisbaby.com\/#website\",\"url\":\"https:\/\/ikisbaby.com\/\",\"name\":\"Ikisbaby\",\"description\":\"Loja Online para Beb\u00e9\",\"publisher\":{\"@id\":\"https:\/\/ikisbaby.com\/#organization\"},\"potentialAction\":[{\"@type\":\"SearchAction\",\"target\":{\"@type\":\"EntryPoint\",\"urlTemplate\":\"https:\/\/ikisbaby.com\/?s={search_term_string}\"},\"query-input\":{\"@type\":\"PropertyValueSpecification\",\"valueRequired\":true,\"valueName\":\"search_term_string\"}}],\"inLanguage\":\"pt-PT\"},{\"@type\":\"Organization\",\"@id\":\"https:\/\/ikisbaby.com\/#organization\",\"name\":\"Ikisbaby\",\"url\":\"https:\/\/ikisbaby.com\/\",\"logo\":{\"@type\":\"ImageObject\",\"inLanguage\":\"pt-PT\",\"@id\":\"https:\/\/ikisbaby.com\/#\/schema\/logo\/image\/\",\"url\":\"https:\/\/ikisbaby.com\/wp-content\/uploads\/2019\/02\/favicon.png\",\"contentUrl\":\"https:\/\/ikisbaby.com\/wp-content\/uploads\/2019\/02\/favicon.png\",\"width\":512,\"height\":512,\"caption\":\"Ikisbaby\"},\"image\":{\"@id\":\"https:\/\/ikisbaby.com\/#\/schema\/logo\/image\/\"},\"sameAs\":[\"https:\/\/facebook.com\/ikisbaby\",\"https:\/\/www.instagram.com\/ikisbaby\/\"]}]}<\/script>\n<!-- \/ Yoast SEO plugin. -->","yoast_head_json":{"title":"Camisola malha azul marinho - Ikisbaby - Loja Online","description":"Camisola malha azul marinho para beb\u00e9.Camisola de beb\u00e9 em malha com bot\u00f5es.Trabalhado simples mas que torna os pequenitos muito elegantes!","robots":{"index":"index","follow":"follow","max-snippet":"max-snippet:-1","max-image-preview":"max-image-preview:large","max-video-preview":"max-video-preview:-1"},"canonical":"https:\/\/ikisbaby.com\/index.php\/produto\/camisola-malha-azul-marinho\/","og_locale":"pt_PT","og_type":"article","og_title":"Camisola malha azul marinho - Ikisbaby - Loja Online","og_description":"Camisola malha azul marinho para beb\u00e9.Camisola de beb\u00e9 em malha com bot\u00f5es.Trabalhado simples mas que torna os pequenitos muito elegantes!","og_url":"https:\/\/ikisbaby.com\/index.php\/produto\/camisola-malha-azul-marinho\/","og_site_name":"Ikisbaby","article_publisher":"https:\/\/facebook.com\/ikisbaby","article_modified_time":"2021-07-17T08:42:49+00:00","og_image":[{"width":750,"height":1000,"url":"https:\/\/ikisbaby.com\/wp-content\/uploads\/2019\/11\/camisola_malha-5.png","type":"image\/png"}],"schema":{"@context":"https:\/\/schema.org","@graph":[{"@type":"WebPage","@id":"https:\/\/ikisbaby.com\/index.php\/produto\/camisola-malha-azul-marinho\/","url":"https:\/\/ikisbaby.com\/index.php\/produto\/camisola-malha-azul-marinho\/","name":"Camisola malha azul marinho - Ikisbaby - Loja Online","isPartOf":{"@id":"https:\/\/ikisbaby.com\/#website"},"primaryImageOfPage":{"@id":"https:\/\/ikisbaby.com\/index.php\/produto\/camisola-malha-azul-marinho\/#primaryimage"},"image":{"@id":"https:\/\/ikisbaby.com\/index.php\/produto\/camisola-malha-azul-marinho\/#primaryimage"},"thumbnailUrl":"https:\/\/ikisbaby.com\/wp-content\/uploads\/2019\/11\/camisola_malha-5.png","datePublished":"2019-11-27T15:06:11+00:00","dateModified":"2021-07-17T08:42:49+00:00","description":"Camisola malha azul marinho para beb\u00e9.Camisola de beb\u00e9 em malha com bot\u00f5es.Trabalhado simples mas que torna os pequenitos muito elegantes!","breadcrumb":{"@id":"https:\/\/ikisbaby.com\/index.php\/produto\/camisola-malha-azul-marinho\/#breadcrumb"},"inLanguage":"pt-PT","potentialAction":[{"@type":"ReadAction","target":["https:\/\/ikisbaby.com\/index.php\/produto\/camisola-malha-azul-marinho\/"]}]},{"@type":"ImageObject","inLanguage":"pt-PT","@id":"https:\/\/ikisbaby.com\/index.php\/produto\/camisola-malha-azul-marinho\/#primaryimage","url":"https:\/\/ikisbaby.com\/wp-content\/uploads\/2019\/11\/camisola_malha-5.png","contentUrl":"https:\/\/ikisbaby.com\/wp-content\/uploads\/2019\/11\/camisola_malha-5.png","width":750,"height":1000,"caption":"Camisola malha azul marinho"},{"@type":"BreadcrumbList","@id":"https:\/\/ikisbaby.com\/index.php\/produto\/camisola-malha-azul-marinho\/#breadcrumb","itemListElement":[{"@type":"ListItem","position":1,"name":"In\u00edcio","item":"https:\/\/ikisbaby.com\/"},{"@type":"ListItem","position":2,"name":"Loja","item":"https:\/\/ikisbaby.com\/index.php\/loja-roupa-para-bebe\/"},{"@type":"ListItem","position":3,"name":"Camisola Malha Bot\u00f5es"}]},{"@type":"WebSite","@id":"https:\/\/ikisbaby.com\/#website","url":"https:\/\/ikisbaby.com\/","name":"Ikisbaby","description":"Loja Online para Beb\u00e9","publisher":{"@id":"https:\/\/ikisbaby.com\/#organization"},"potentialAction":[{"@type":"SearchAction","target":{"@type":"EntryPoint","urlTemplate":"https:\/\/ikisbaby.com\/?s={search_term_string}"},"query-input":{"@type":"PropertyValueSpecification","valueRequired":true,"valueName":"search_term_string"}}],"inLanguage":"pt-PT"},{"@type":"Organization","@id":"https:\/\/ikisbaby.com\/#organization","name":"Ikisbaby","url":"https:\/\/ikisbaby.com\/","logo":{"@type":"ImageObject","inLanguage":"pt-PT","@id":"https:\/\/ikisbaby.com\/#\/schema\/logo\/image\/","url":"https:\/\/ikisbaby.com\/wp-content\/uploads\/2019\/02\/favicon.png","contentUrl":"https:\/\/ikisbaby.com\/wp-content\/uploads\/2019\/02\/favicon.png","width":512,"height":512,"caption":"Ikisbaby"},"image":{"@id":"https:\/\/ikisbaby.com\/#\/schema\/logo\/image\/"},"sameAs":["https:\/\/facebook.com\/ikisbaby","https:\/\/www.instagram.com\/ikisbaby\/"]}]}},"_links":{"self":[{"href":"https:\/\/ikisbaby.com\/index.php\/wp-json\/wp\/v2\/product\/22421","targetHints":{"allow":["GET"]}}],"collection":[{"href":"https:\/\/ikisbaby.com\/index.php\/wp-json\/wp\/v2\/product"}],"about":[{"href":"https:\/\/ikisbaby.com\/index.php\/wp-json\/wp\/v2\/types\/product"}],"replies":[{"embeddable":true,"href":"https:\/\/ikisbaby.com\/index.php\/wp-json\/wp\/v2\/comments?post=22421"}],"version-history":[{"count":0,"href":"https:\/\/ikisbaby.com\/index.php\/wp-json\/wp\/v2\/product\/22421\/revisions"}],"wp:featuredmedia":[{"embeddable":true,"href":"https:\/\/ikisbaby.com\/index.php\/wp-json\/wp\/v2\/media\/22425"}],"wp:attachment":[{"href":"https:\/\/ikisbaby.com\/index.php\/wp-json\/wp\/v2\/media?parent=22421"}],"wp:term":[{"taxonomy":"product_brand","embeddable":true,"href":"https:\/\/ikisbaby.com\/index.php\/wp-json\/wp\/v2\/product_brand?post=22421"},{"taxonomy":"product_cat","embeddable":true,"href":"https:\/\/ikisbaby.com\/index.php\/wp-json\/wp\/v2\/product_cat?post=22421"},{"taxonomy":"product_tag","embeddable":true,"href":"https:\/\/ikisbaby.com\/index.php\/wp-json\/wp\/v2\/product_tag?post=22421"}],"curies":[{"name":"wp","href":"https:\/\/api.w.org\/{rel}","templated":true}]}}