{"id":20087,"date":"2019-08-30T16:26:14","date_gmt":"2019-08-30T15:26:14","guid":{"rendered":"https:\/\/ikisbaby.com\/?post_type=product&#038;p=20087"},"modified":"2024-06-20T16:49:59","modified_gmt":"2024-06-20T15:49:59","slug":"carapins-com-laco-grande","status":"publish","type":"product","link":"https:\/\/ikisbaby.com\/index.php\/produto\/carapins-com-laco-grande\/","title":{"rendered":"Carapins La\u00e7o Grande"},"content":{"rendered":"<p>Carapins com la\u00e7o grande para beb\u00e9 menina.<\/p>\n<p>Para deixar a sua princesa com um look super fofinho.<\/p>\n<p>100% poli\u00e9ster<\/p>\n","protected":false},"excerpt":{"rendered":"<p>Carapins com la\u00e7o grande para beb\u00e9 menina.<\/p>\n<p>Para deixar a sua princesa com um look super fofinho.<\/p>\n<p>100% poli\u00e9ster<\/p>\n","protected":false},"featured_media":20092,"comment_status":"closed","ping_status":"closed","template":"","meta":[],"product_brand":[],"product_cat":[264,71],"product_tag":[98],"class_list":{"0":"post-20087","1":"product","2":"type-product","3":"status-publish","6":"product_cat-saldos","7":"product_cat-meias-carapins","8":"product_tag-carapins","10":"first","11":"instock","12":"taxable","13":"shipping-taxable","14":"purchasable","15":"product-type-variable"},"yoast_head":"<!-- This site is optimized with the Yoast SEO plugin v27.0 - https:\/\/yoast.com\/product\/yoast-seo-wordpress\/ -->\n<title>Carapins com la\u00e7o grande para beb\u00e9 - ikisbaby - Loja Online<\/title>\n<meta name=\"description\" content=\"Carapins com la\u00e7o grande para beb\u00e9 menina. Para deixar a sua princesa com um look super fofinho.100% poli\u00e9ster. V\u00e1rias cores.\" \/>\n<meta name=\"robots\" content=\"index, follow, max-snippet:-1, max-image-preview:large, max-video-preview:-1\" \/>\n<link rel=\"canonical\" href=\"https:\/\/ikisbaby.com\/index.php\/produto\/carapins-com-laco-grande\/\" \/>\n<meta property=\"og:locale\" content=\"pt_PT\" \/>\n<meta property=\"og:type\" content=\"article\" \/>\n<meta property=\"og:title\" content=\"Carapins com la\u00e7o grande para beb\u00e9 - ikisbaby - Loja Online\" \/>\n<meta property=\"og:description\" content=\"Carapins com la\u00e7o grande para beb\u00e9 menina. Para deixar a sua princesa com um look super fofinho.100% poli\u00e9ster. V\u00e1rias cores.\" \/>\n<meta property=\"og:url\" content=\"https:\/\/ikisbaby.com\/index.php\/produto\/carapins-com-laco-grande\/\" \/>\n<meta property=\"og:site_name\" content=\"Ikisbaby\" \/>\n<meta property=\"article:publisher\" content=\"https:\/\/facebook.com\/ikisbaby\" \/>\n<meta property=\"article:modified_time\" content=\"2024-06-20T15:49:59+00:00\" \/>\n<meta property=\"og:image\" content=\"https:\/\/ikisbaby.com\/wp-content\/uploads\/2019\/08\/carapins_menina_laco-1.png\" \/>\n\t<meta property=\"og:image:width\" content=\"750\" \/>\n\t<meta property=\"og:image:height\" content=\"1000\" \/>\n\t<meta property=\"og:image:type\" content=\"image\/png\" \/>\n<script type=\"application\/ld+json\" class=\"yoast-schema-graph\">{\"@context\":\"https:\/\/schema.org\",\"@graph\":[{\"@type\":\"WebPage\",\"@id\":\"https:\/\/ikisbaby.com\/index.php\/produto\/carapins-com-laco-grande\/\",\"url\":\"https:\/\/ikisbaby.com\/index.php\/produto\/carapins-com-laco-grande\/\",\"name\":\"Carapins com la\u00e7o grande para beb\u00e9 - ikisbaby - Loja Online\",\"isPartOf\":{\"@id\":\"https:\/\/ikisbaby.com\/#website\"},\"primaryImageOfPage\":{\"@id\":\"https:\/\/ikisbaby.com\/index.php\/produto\/carapins-com-laco-grande\/#primaryimage\"},\"image\":{\"@id\":\"https:\/\/ikisbaby.com\/index.php\/produto\/carapins-com-laco-grande\/#primaryimage\"},\"thumbnailUrl\":\"https:\/\/ikisbaby.com\/wp-content\/uploads\/2019\/08\/carapins_menina_laco-1.png\",\"datePublished\":\"2019-08-30T15:26:14+00:00\",\"dateModified\":\"2024-06-20T15:49:59+00:00\",\"description\":\"Carapins com la\u00e7o grande para beb\u00e9 menina. Para deixar a sua princesa com um look super fofinho.100% poli\u00e9ster. V\u00e1rias cores.\",\"breadcrumb\":{\"@id\":\"https:\/\/ikisbaby.com\/index.php\/produto\/carapins-com-laco-grande\/#breadcrumb\"},\"inLanguage\":\"pt-PT\",\"potentialAction\":[{\"@type\":\"ReadAction\",\"target\":[\"https:\/\/ikisbaby.com\/index.php\/produto\/carapins-com-laco-grande\/\"]}]},{\"@type\":\"ImageObject\",\"inLanguage\":\"pt-PT\",\"@id\":\"https:\/\/ikisbaby.com\/index.php\/produto\/carapins-com-laco-grande\/#primaryimage\",\"url\":\"https:\/\/ikisbaby.com\/wp-content\/uploads\/2019\/08\/carapins_menina_laco-1.png\",\"contentUrl\":\"https:\/\/ikisbaby.com\/wp-content\/uploads\/2019\/08\/carapins_menina_laco-1.png\",\"width\":750,\"height\":1000,\"caption\":\"Carapins com la\u00e7o grande\"},{\"@type\":\"BreadcrumbList\",\"@id\":\"https:\/\/ikisbaby.com\/index.php\/produto\/carapins-com-laco-grande\/#breadcrumb\",\"itemListElement\":[{\"@type\":\"ListItem\",\"position\":1,\"name\":\"In\u00edcio\",\"item\":\"https:\/\/ikisbaby.com\/\"},{\"@type\":\"ListItem\",\"position\":2,\"name\":\"Loja\",\"item\":\"https:\/\/ikisbaby.com\/index.php\/loja-roupa-para-bebe\/\"},{\"@type\":\"ListItem\",\"position\":3,\"name\":\"Carapins La\u00e7o Grande\"}]},{\"@type\":\"WebSite\",\"@id\":\"https:\/\/ikisbaby.com\/#website\",\"url\":\"https:\/\/ikisbaby.com\/\",\"name\":\"Ikisbaby\",\"description\":\"Loja Online para Beb\u00e9\",\"publisher\":{\"@id\":\"https:\/\/ikisbaby.com\/#organization\"},\"potentialAction\":[{\"@type\":\"SearchAction\",\"target\":{\"@type\":\"EntryPoint\",\"urlTemplate\":\"https:\/\/ikisbaby.com\/?s={search_term_string}\"},\"query-input\":{\"@type\":\"PropertyValueSpecification\",\"valueRequired\":true,\"valueName\":\"search_term_string\"}}],\"inLanguage\":\"pt-PT\"},{\"@type\":\"Organization\",\"@id\":\"https:\/\/ikisbaby.com\/#organization\",\"name\":\"Ikisbaby\",\"url\":\"https:\/\/ikisbaby.com\/\",\"logo\":{\"@type\":\"ImageObject\",\"inLanguage\":\"pt-PT\",\"@id\":\"https:\/\/ikisbaby.com\/#\/schema\/logo\/image\/\",\"url\":\"https:\/\/ikisbaby.com\/wp-content\/uploads\/2019\/02\/favicon.png\",\"contentUrl\":\"https:\/\/ikisbaby.com\/wp-content\/uploads\/2019\/02\/favicon.png\",\"width\":512,\"height\":512,\"caption\":\"Ikisbaby\"},\"image\":{\"@id\":\"https:\/\/ikisbaby.com\/#\/schema\/logo\/image\/\"},\"sameAs\":[\"https:\/\/facebook.com\/ikisbaby\",\"https:\/\/www.instagram.com\/ikisbaby\/\"]}]}<\/script>\n<!-- \/ Yoast SEO plugin. -->","yoast_head_json":{"title":"Carapins com la\u00e7o grande para beb\u00e9 - ikisbaby - Loja Online","description":"Carapins com la\u00e7o grande para beb\u00e9 menina. Para deixar a sua princesa com um look super fofinho.100% poli\u00e9ster. V\u00e1rias cores.","robots":{"index":"index","follow":"follow","max-snippet":"max-snippet:-1","max-image-preview":"max-image-preview:large","max-video-preview":"max-video-preview:-1"},"canonical":"https:\/\/ikisbaby.com\/index.php\/produto\/carapins-com-laco-grande\/","og_locale":"pt_PT","og_type":"article","og_title":"Carapins com la\u00e7o grande para beb\u00e9 - ikisbaby - Loja Online","og_description":"Carapins com la\u00e7o grande para beb\u00e9 menina. Para deixar a sua princesa com um look super fofinho.100% poli\u00e9ster. V\u00e1rias cores.","og_url":"https:\/\/ikisbaby.com\/index.php\/produto\/carapins-com-laco-grande\/","og_site_name":"Ikisbaby","article_publisher":"https:\/\/facebook.com\/ikisbaby","article_modified_time":"2024-06-20T15:49:59+00:00","og_image":[{"width":750,"height":1000,"url":"https:\/\/ikisbaby.com\/wp-content\/uploads\/2019\/08\/carapins_menina_laco-1.png","type":"image\/png"}],"schema":{"@context":"https:\/\/schema.org","@graph":[{"@type":"WebPage","@id":"https:\/\/ikisbaby.com\/index.php\/produto\/carapins-com-laco-grande\/","url":"https:\/\/ikisbaby.com\/index.php\/produto\/carapins-com-laco-grande\/","name":"Carapins com la\u00e7o grande para beb\u00e9 - ikisbaby - Loja Online","isPartOf":{"@id":"https:\/\/ikisbaby.com\/#website"},"primaryImageOfPage":{"@id":"https:\/\/ikisbaby.com\/index.php\/produto\/carapins-com-laco-grande\/#primaryimage"},"image":{"@id":"https:\/\/ikisbaby.com\/index.php\/produto\/carapins-com-laco-grande\/#primaryimage"},"thumbnailUrl":"https:\/\/ikisbaby.com\/wp-content\/uploads\/2019\/08\/carapins_menina_laco-1.png","datePublished":"2019-08-30T15:26:14+00:00","dateModified":"2024-06-20T15:49:59+00:00","description":"Carapins com la\u00e7o grande para beb\u00e9 menina. Para deixar a sua princesa com um look super fofinho.100% poli\u00e9ster. V\u00e1rias cores.","breadcrumb":{"@id":"https:\/\/ikisbaby.com\/index.php\/produto\/carapins-com-laco-grande\/#breadcrumb"},"inLanguage":"pt-PT","potentialAction":[{"@type":"ReadAction","target":["https:\/\/ikisbaby.com\/index.php\/produto\/carapins-com-laco-grande\/"]}]},{"@type":"ImageObject","inLanguage":"pt-PT","@id":"https:\/\/ikisbaby.com\/index.php\/produto\/carapins-com-laco-grande\/#primaryimage","url":"https:\/\/ikisbaby.com\/wp-content\/uploads\/2019\/08\/carapins_menina_laco-1.png","contentUrl":"https:\/\/ikisbaby.com\/wp-content\/uploads\/2019\/08\/carapins_menina_laco-1.png","width":750,"height":1000,"caption":"Carapins com la\u00e7o grande"},{"@type":"BreadcrumbList","@id":"https:\/\/ikisbaby.com\/index.php\/produto\/carapins-com-laco-grande\/#breadcrumb","itemListElement":[{"@type":"ListItem","position":1,"name":"In\u00edcio","item":"https:\/\/ikisbaby.com\/"},{"@type":"ListItem","position":2,"name":"Loja","item":"https:\/\/ikisbaby.com\/index.php\/loja-roupa-para-bebe\/"},{"@type":"ListItem","position":3,"name":"Carapins La\u00e7o Grande"}]},{"@type":"WebSite","@id":"https:\/\/ikisbaby.com\/#website","url":"https:\/\/ikisbaby.com\/","name":"Ikisbaby","description":"Loja Online para Beb\u00e9","publisher":{"@id":"https:\/\/ikisbaby.com\/#organization"},"potentialAction":[{"@type":"SearchAction","target":{"@type":"EntryPoint","urlTemplate":"https:\/\/ikisbaby.com\/?s={search_term_string}"},"query-input":{"@type":"PropertyValueSpecification","valueRequired":true,"valueName":"search_term_string"}}],"inLanguage":"pt-PT"},{"@type":"Organization","@id":"https:\/\/ikisbaby.com\/#organization","name":"Ikisbaby","url":"https:\/\/ikisbaby.com\/","logo":{"@type":"ImageObject","inLanguage":"pt-PT","@id":"https:\/\/ikisbaby.com\/#\/schema\/logo\/image\/","url":"https:\/\/ikisbaby.com\/wp-content\/uploads\/2019\/02\/favicon.png","contentUrl":"https:\/\/ikisbaby.com\/wp-content\/uploads\/2019\/02\/favicon.png","width":512,"height":512,"caption":"Ikisbaby"},"image":{"@id":"https:\/\/ikisbaby.com\/#\/schema\/logo\/image\/"},"sameAs":["https:\/\/facebook.com\/ikisbaby","https:\/\/www.instagram.com\/ikisbaby\/"]}]}},"_links":{"self":[{"href":"https:\/\/ikisbaby.com\/index.php\/wp-json\/wp\/v2\/product\/20087","targetHints":{"allow":["GET"]}}],"collection":[{"href":"https:\/\/ikisbaby.com\/index.php\/wp-json\/wp\/v2\/product"}],"about":[{"href":"https:\/\/ikisbaby.com\/index.php\/wp-json\/wp\/v2\/types\/product"}],"replies":[{"embeddable":true,"href":"https:\/\/ikisbaby.com\/index.php\/wp-json\/wp\/v2\/comments?post=20087"}],"version-history":[{"count":1,"href":"https:\/\/ikisbaby.com\/index.php\/wp-json\/wp\/v2\/product\/20087\/revisions"}],"predecessor-version":[{"id":28185,"href":"https:\/\/ikisbaby.com\/index.php\/wp-json\/wp\/v2\/product\/20087\/revisions\/28185"}],"wp:featuredmedia":[{"embeddable":true,"href":"https:\/\/ikisbaby.com\/index.php\/wp-json\/wp\/v2\/media\/20092"}],"wp:attachment":[{"href":"https:\/\/ikisbaby.com\/index.php\/wp-json\/wp\/v2\/media?parent=20087"}],"wp:term":[{"taxonomy":"product_brand","embeddable":true,"href":"https:\/\/ikisbaby.com\/index.php\/wp-json\/wp\/v2\/product_brand?post=20087"},{"taxonomy":"product_cat","embeddable":true,"href":"https:\/\/ikisbaby.com\/index.php\/wp-json\/wp\/v2\/product_cat?post=20087"},{"taxonomy":"product_tag","embeddable":true,"href":"https:\/\/ikisbaby.com\/index.php\/wp-json\/wp\/v2\/product_tag?post=20087"}],"curies":[{"name":"wp","href":"https:\/\/api.w.org\/{rel}","templated":true}]}}