{"id":1755,"date":"2017-09-11T19:29:21","date_gmt":"2017-09-11T18:29:21","guid":{"rendered":"https:\/\/ikisbaby.com\/?post_type=product&#038;p=1755"},"modified":"2024-07-02T17:16:59","modified_gmt":"2024-07-02T16:16:59","slug":"body-com-gola-folho-bordado","status":"publish","type":"product","link":"https:\/\/ikisbaby.com\/index.php\/produto\/body-com-gola-folho-bordado\/","title":{"rendered":"Body Gola Folho Bordado"},"content":{"rendered":"<p>Body com gola folho bordado para beb\u00e9.<\/p>\n<p>Um pequeno toque fofura ao look do seu beb\u00e9.<\/p>\n<p>100% Algod\u00e3o respeita a suavidade da pele do seu beb\u00e9.<\/p>\n<p>SEM CARDA<\/p>\n","protected":false},"excerpt":{"rendered":"<p>Body com gola folho bordado para beb\u00e9.<\/p>\n<p>Um pequeno toque fofura ao look do seu beb\u00e9.<\/p>\n<p>100% Algod\u00e3o respeita a suavidade da pele do seu beb\u00e9.<\/p>\n<p>SEM CARDA<\/p>\n","protected":false},"featured_media":21838,"comment_status":"closed","ping_status":"closed","template":"","meta":[],"product_brand":[],"product_cat":[190,264,69],"product_tag":[182],"class_list":{"0":"post-1755","1":"product","2":"type-product","3":"status-publish","6":"product_cat-bodies-com-gola","7":"product_cat-saldos","8":"product_cat-bodys-bebe","9":"product_tag-body","11":"first","12":"instock","13":"taxable","14":"shipping-taxable","15":"purchasable","16":"product-type-variable"},"yoast_head":"<!-- This site is optimized with the Yoast SEO plugin v27.0 - https:\/\/yoast.com\/product\/yoast-seo-wordpress\/ -->\n<title>Body com gola folho bordado para beb\u00e9 - ikisbaby - Loja Online<\/title>\n<meta name=\"description\" content=\"Body com gola folho bordado para beb\u00e9.Um pequeno toque fofura ao look do seu beb\u00e9.100% Algod\u00e3o respeita a suavidade da pele do seu beb\u00e9.SEM CARDA\" \/>\n<meta name=\"robots\" content=\"index, follow, max-snippet:-1, max-image-preview:large, max-video-preview:-1\" \/>\n<link rel=\"canonical\" href=\"https:\/\/ikisbaby.com\/index.php\/produto\/body-com-gola-folho-bordado\/\" \/>\n<meta property=\"og:locale\" content=\"pt_PT\" \/>\n<meta property=\"og:type\" content=\"article\" \/>\n<meta property=\"og:title\" content=\"Body com gola folho bordado para beb\u00e9 - ikisbaby - Loja Online\" \/>\n<meta property=\"og:description\" content=\"Body com gola folho bordado para beb\u00e9.Um pequeno toque fofura ao look do seu beb\u00e9.100% Algod\u00e3o respeita a suavidade da pele do seu beb\u00e9.SEM CARDA\" \/>\n<meta property=\"og:url\" content=\"https:\/\/ikisbaby.com\/index.php\/produto\/body-com-gola-folho-bordado\/\" \/>\n<meta property=\"og:site_name\" content=\"Ikisbaby\" \/>\n<meta property=\"article:publisher\" content=\"https:\/\/facebook.com\/ikisbaby\" \/>\n<meta property=\"article:modified_time\" content=\"2024-07-02T16:16:59+00:00\" \/>\n<meta property=\"og:image\" content=\"https:\/\/ikisbaby.com\/wp-content\/uploads\/2017\/09\/body_gola_folho_bordado.jpg.png\" \/>\n\t<meta property=\"og:image:width\" content=\"750\" \/>\n\t<meta property=\"og:image:height\" content=\"1000\" \/>\n\t<meta property=\"og:image:type\" content=\"image\/png\" \/>\n<script type=\"application\/ld+json\" class=\"yoast-schema-graph\">{\"@context\":\"https:\/\/schema.org\",\"@graph\":[{\"@type\":\"WebPage\",\"@id\":\"https:\/\/ikisbaby.com\/index.php\/produto\/body-com-gola-folho-bordado\/\",\"url\":\"https:\/\/ikisbaby.com\/index.php\/produto\/body-com-gola-folho-bordado\/\",\"name\":\"Body com gola folho bordado para beb\u00e9 - ikisbaby - Loja Online\",\"isPartOf\":{\"@id\":\"https:\/\/ikisbaby.com\/#website\"},\"primaryImageOfPage\":{\"@id\":\"https:\/\/ikisbaby.com\/index.php\/produto\/body-com-gola-folho-bordado\/#primaryimage\"},\"image\":{\"@id\":\"https:\/\/ikisbaby.com\/index.php\/produto\/body-com-gola-folho-bordado\/#primaryimage\"},\"thumbnailUrl\":\"https:\/\/ikisbaby.com\/wp-content\/uploads\/2017\/09\/body_gola_folho_bordado.jpg.png\",\"datePublished\":\"2017-09-11T18:29:21+00:00\",\"dateModified\":\"2024-07-02T16:16:59+00:00\",\"description\":\"Body com gola folho bordado para beb\u00e9.Um pequeno toque fofura ao look do seu beb\u00e9.100% Algod\u00e3o respeita a suavidade da pele do seu beb\u00e9.SEM CARDA\",\"breadcrumb\":{\"@id\":\"https:\/\/ikisbaby.com\/index.php\/produto\/body-com-gola-folho-bordado\/#breadcrumb\"},\"inLanguage\":\"pt-PT\",\"potentialAction\":[{\"@type\":\"ReadAction\",\"target\":[\"https:\/\/ikisbaby.com\/index.php\/produto\/body-com-gola-folho-bordado\/\"]}]},{\"@type\":\"ImageObject\",\"inLanguage\":\"pt-PT\",\"@id\":\"https:\/\/ikisbaby.com\/index.php\/produto\/body-com-gola-folho-bordado\/#primaryimage\",\"url\":\"https:\/\/ikisbaby.com\/wp-content\/uploads\/2017\/09\/body_gola_folho_bordado.jpg.png\",\"contentUrl\":\"https:\/\/ikisbaby.com\/wp-content\/uploads\/2017\/09\/body_gola_folho_bordado.jpg.png\",\"width\":750,\"height\":1000,\"caption\":\"Body com gola folho bordado\"},{\"@type\":\"BreadcrumbList\",\"@id\":\"https:\/\/ikisbaby.com\/index.php\/produto\/body-com-gola-folho-bordado\/#breadcrumb\",\"itemListElement\":[{\"@type\":\"ListItem\",\"position\":1,\"name\":\"In\u00edcio\",\"item\":\"https:\/\/ikisbaby.com\/\"},{\"@type\":\"ListItem\",\"position\":2,\"name\":\"Loja\",\"item\":\"https:\/\/ikisbaby.com\/index.php\/loja-roupa-para-bebe\/\"},{\"@type\":\"ListItem\",\"position\":3,\"name\":\"Body Gola Folho Bordado\"}]},{\"@type\":\"WebSite\",\"@id\":\"https:\/\/ikisbaby.com\/#website\",\"url\":\"https:\/\/ikisbaby.com\/\",\"name\":\"Ikisbaby\",\"description\":\"Loja Online para Beb\u00e9\",\"publisher\":{\"@id\":\"https:\/\/ikisbaby.com\/#organization\"},\"potentialAction\":[{\"@type\":\"SearchAction\",\"target\":{\"@type\":\"EntryPoint\",\"urlTemplate\":\"https:\/\/ikisbaby.com\/?s={search_term_string}\"},\"query-input\":{\"@type\":\"PropertyValueSpecification\",\"valueRequired\":true,\"valueName\":\"search_term_string\"}}],\"inLanguage\":\"pt-PT\"},{\"@type\":\"Organization\",\"@id\":\"https:\/\/ikisbaby.com\/#organization\",\"name\":\"Ikisbaby\",\"url\":\"https:\/\/ikisbaby.com\/\",\"logo\":{\"@type\":\"ImageObject\",\"inLanguage\":\"pt-PT\",\"@id\":\"https:\/\/ikisbaby.com\/#\/schema\/logo\/image\/\",\"url\":\"https:\/\/ikisbaby.com\/wp-content\/uploads\/2019\/02\/favicon.png\",\"contentUrl\":\"https:\/\/ikisbaby.com\/wp-content\/uploads\/2019\/02\/favicon.png\",\"width\":512,\"height\":512,\"caption\":\"Ikisbaby\"},\"image\":{\"@id\":\"https:\/\/ikisbaby.com\/#\/schema\/logo\/image\/\"},\"sameAs\":[\"https:\/\/facebook.com\/ikisbaby\",\"https:\/\/www.instagram.com\/ikisbaby\/\"]}]}<\/script>\n<!-- \/ Yoast SEO plugin. -->","yoast_head_json":{"title":"Body com gola folho bordado para beb\u00e9 - ikisbaby - Loja Online","description":"Body com gola folho bordado para beb\u00e9.Um pequeno toque fofura ao look do seu beb\u00e9.100% Algod\u00e3o respeita a suavidade da pele do seu beb\u00e9.SEM CARDA","robots":{"index":"index","follow":"follow","max-snippet":"max-snippet:-1","max-image-preview":"max-image-preview:large","max-video-preview":"max-video-preview:-1"},"canonical":"https:\/\/ikisbaby.com\/index.php\/produto\/body-com-gola-folho-bordado\/","og_locale":"pt_PT","og_type":"article","og_title":"Body com gola folho bordado para beb\u00e9 - ikisbaby - Loja Online","og_description":"Body com gola folho bordado para beb\u00e9.Um pequeno toque fofura ao look do seu beb\u00e9.100% Algod\u00e3o respeita a suavidade da pele do seu beb\u00e9.SEM CARDA","og_url":"https:\/\/ikisbaby.com\/index.php\/produto\/body-com-gola-folho-bordado\/","og_site_name":"Ikisbaby","article_publisher":"https:\/\/facebook.com\/ikisbaby","article_modified_time":"2024-07-02T16:16:59+00:00","og_image":[{"width":750,"height":1000,"url":"https:\/\/ikisbaby.com\/wp-content\/uploads\/2017\/09\/body_gola_folho_bordado.jpg.png","type":"image\/png"}],"schema":{"@context":"https:\/\/schema.org","@graph":[{"@type":"WebPage","@id":"https:\/\/ikisbaby.com\/index.php\/produto\/body-com-gola-folho-bordado\/","url":"https:\/\/ikisbaby.com\/index.php\/produto\/body-com-gola-folho-bordado\/","name":"Body com gola folho bordado para beb\u00e9 - ikisbaby - Loja Online","isPartOf":{"@id":"https:\/\/ikisbaby.com\/#website"},"primaryImageOfPage":{"@id":"https:\/\/ikisbaby.com\/index.php\/produto\/body-com-gola-folho-bordado\/#primaryimage"},"image":{"@id":"https:\/\/ikisbaby.com\/index.php\/produto\/body-com-gola-folho-bordado\/#primaryimage"},"thumbnailUrl":"https:\/\/ikisbaby.com\/wp-content\/uploads\/2017\/09\/body_gola_folho_bordado.jpg.png","datePublished":"2017-09-11T18:29:21+00:00","dateModified":"2024-07-02T16:16:59+00:00","description":"Body com gola folho bordado para beb\u00e9.Um pequeno toque fofura ao look do seu beb\u00e9.100% Algod\u00e3o respeita a suavidade da pele do seu beb\u00e9.SEM CARDA","breadcrumb":{"@id":"https:\/\/ikisbaby.com\/index.php\/produto\/body-com-gola-folho-bordado\/#breadcrumb"},"inLanguage":"pt-PT","potentialAction":[{"@type":"ReadAction","target":["https:\/\/ikisbaby.com\/index.php\/produto\/body-com-gola-folho-bordado\/"]}]},{"@type":"ImageObject","inLanguage":"pt-PT","@id":"https:\/\/ikisbaby.com\/index.php\/produto\/body-com-gola-folho-bordado\/#primaryimage","url":"https:\/\/ikisbaby.com\/wp-content\/uploads\/2017\/09\/body_gola_folho_bordado.jpg.png","contentUrl":"https:\/\/ikisbaby.com\/wp-content\/uploads\/2017\/09\/body_gola_folho_bordado.jpg.png","width":750,"height":1000,"caption":"Body com gola folho bordado"},{"@type":"BreadcrumbList","@id":"https:\/\/ikisbaby.com\/index.php\/produto\/body-com-gola-folho-bordado\/#breadcrumb","itemListElement":[{"@type":"ListItem","position":1,"name":"In\u00edcio","item":"https:\/\/ikisbaby.com\/"},{"@type":"ListItem","position":2,"name":"Loja","item":"https:\/\/ikisbaby.com\/index.php\/loja-roupa-para-bebe\/"},{"@type":"ListItem","position":3,"name":"Body Gola Folho Bordado"}]},{"@type":"WebSite","@id":"https:\/\/ikisbaby.com\/#website","url":"https:\/\/ikisbaby.com\/","name":"Ikisbaby","description":"Loja Online para Beb\u00e9","publisher":{"@id":"https:\/\/ikisbaby.com\/#organization"},"potentialAction":[{"@type":"SearchAction","target":{"@type":"EntryPoint","urlTemplate":"https:\/\/ikisbaby.com\/?s={search_term_string}"},"query-input":{"@type":"PropertyValueSpecification","valueRequired":true,"valueName":"search_term_string"}}],"inLanguage":"pt-PT"},{"@type":"Organization","@id":"https:\/\/ikisbaby.com\/#organization","name":"Ikisbaby","url":"https:\/\/ikisbaby.com\/","logo":{"@type":"ImageObject","inLanguage":"pt-PT","@id":"https:\/\/ikisbaby.com\/#\/schema\/logo\/image\/","url":"https:\/\/ikisbaby.com\/wp-content\/uploads\/2019\/02\/favicon.png","contentUrl":"https:\/\/ikisbaby.com\/wp-content\/uploads\/2019\/02\/favicon.png","width":512,"height":512,"caption":"Ikisbaby"},"image":{"@id":"https:\/\/ikisbaby.com\/#\/schema\/logo\/image\/"},"sameAs":["https:\/\/facebook.com\/ikisbaby","https:\/\/www.instagram.com\/ikisbaby\/"]}]}},"_links":{"self":[{"href":"https:\/\/ikisbaby.com\/index.php\/wp-json\/wp\/v2\/product\/1755","targetHints":{"allow":["GET"]}}],"collection":[{"href":"https:\/\/ikisbaby.com\/index.php\/wp-json\/wp\/v2\/product"}],"about":[{"href":"https:\/\/ikisbaby.com\/index.php\/wp-json\/wp\/v2\/types\/product"}],"replies":[{"embeddable":true,"href":"https:\/\/ikisbaby.com\/index.php\/wp-json\/wp\/v2\/comments?post=1755"}],"version-history":[{"count":1,"href":"https:\/\/ikisbaby.com\/index.php\/wp-json\/wp\/v2\/product\/1755\/revisions"}],"predecessor-version":[{"id":28769,"href":"https:\/\/ikisbaby.com\/index.php\/wp-json\/wp\/v2\/product\/1755\/revisions\/28769"}],"wp:featuredmedia":[{"embeddable":true,"href":"https:\/\/ikisbaby.com\/index.php\/wp-json\/wp\/v2\/media\/21838"}],"wp:attachment":[{"href":"https:\/\/ikisbaby.com\/index.php\/wp-json\/wp\/v2\/media?parent=1755"}],"wp:term":[{"taxonomy":"product_brand","embeddable":true,"href":"https:\/\/ikisbaby.com\/index.php\/wp-json\/wp\/v2\/product_brand?post=1755"},{"taxonomy":"product_cat","embeddable":true,"href":"https:\/\/ikisbaby.com\/index.php\/wp-json\/wp\/v2\/product_cat?post=1755"},{"taxonomy":"product_tag","embeddable":true,"href":"https:\/\/ikisbaby.com\/index.php\/wp-json\/wp\/v2\/product_tag?post=1755"}],"curies":[{"name":"wp","href":"https:\/\/api.w.org\/{rel}","templated":true}]}}