{"id":16369,"date":"2019-03-30T16:20:56","date_gmt":"2019-03-30T16:20:56","guid":{"rendered":"https:\/\/ikisbaby.com\/?post_type=product&#038;p=16369"},"modified":"2019-10-06T17:29:00","modified_gmt":"2019-10-06T16:29:00","slug":"kit-chupeta-rosa-e-branco","status":"publish","type":"product","link":"https:\/\/ikisbaby.com\/index.php\/produto\/kit-chupeta-rosa-e-branco\/","title":{"rendered":"Kit Chupeta Rosa e Branco"},"content":{"rendered":"<p>Kit <a href=\"https:\/\/ikisbaby.com\/?s=chupeta&amp;page=pesquisar&amp;post_type=product\">chupeta<\/a> Rosa e branco.<\/p>\n<p>Kit de bolsa com fita para a chupeta do beb\u00e9.<\/p>\n<p>A fita tem 2 molas, uma de press\u00e3o para prender a chupeta e outra pl\u00e1stica resistente para segurar na roupa do beb\u00e9.<\/p>\n<p>A bolsa da chucha tem 2 molas de press\u00e3o. Uma na abertura e outra na parte lateral da pega para que possa prende-la em qualquer lugar.<\/p>\n<p>Este kit permite, manter as chuchas do beb\u00e9\u00a0 protegidas e sempre \u00e0 m\u00e3o.<\/p>\n<p>Assim sendo este acess\u00f3rio torna-se essencial no enxoval do seu beb\u00e9.<\/p>\n","protected":false},"excerpt":{"rendered":"<p>Bolsa com fita para a chupeta do beb\u00e9.<\/p>\n<p>A fita mant\u00e9m a chucha segura evitando que caia ao ch\u00e3o.<\/p>\n<p>A bolsa da chucha cont\u00e9m uma mola de press\u00e3o a abrir e outra na parte lateral da pega para que possa prende-la em qualquer lugar.<\/p>\n<p>Este kit permite, manter as chuchas do beb\u00e9 sempre protegidas e \u00e0 m\u00e3o.<\/p>\n","protected":false},"featured_media":16370,"comment_status":"closed","ping_status":"closed","template":"","meta":[],"product_brand":[],"product_cat":[66],"product_tag":[577,268],"class_list":{"0":"post-16369","1":"product","2":"type-product","3":"status-publish","6":"product_cat-acessorios","7":"product_tag-bolsa-de-bebe","8":"product_tag-porta-chupeta","10":"first","11":"instock","12":"taxable","13":"shipping-taxable","14":"purchasable","15":"product-type-simple"},"yoast_head":"<!-- This site is optimized with the Yoast SEO plugin v27.0 - https:\/\/yoast.com\/product\/yoast-seo-wordpress\/ -->\n<title>Kit chupeta rosa e branco para beb\u00e9 - Ikisbaby - Loja Online<\/title>\n<meta name=\"description\" content=\"Kit de bolsa com fita para a chupeta do beb\u00e9 em rosa e branco. Acess\u00f3rio essencial para o seu beb\u00e9. A fita mant\u00e9m a chucha segura evitando que caia.\" \/>\n<meta name=\"robots\" content=\"index, follow, max-snippet:-1, max-image-preview:large, max-video-preview:-1\" \/>\n<link rel=\"canonical\" href=\"https:\/\/ikisbaby.com\/index.php\/produto\/kit-chupeta-rosa-e-branco\/\" \/>\n<meta property=\"og:locale\" content=\"pt_PT\" \/>\n<meta property=\"og:type\" content=\"article\" \/>\n<meta property=\"og:title\" content=\"Kit chupeta rosa e branco para beb\u00e9 - Ikisbaby - Loja Online\" \/>\n<meta property=\"og:description\" content=\"Kit de bolsa com fita para a chupeta do beb\u00e9 em rosa e branco. Acess\u00f3rio essencial para o seu beb\u00e9. A fita mant\u00e9m a chucha segura evitando que caia.\" \/>\n<meta property=\"og:url\" content=\"https:\/\/ikisbaby.com\/index.php\/produto\/kit-chupeta-rosa-e-branco\/\" \/>\n<meta property=\"og:site_name\" content=\"Ikisbaby\" \/>\n<meta property=\"article:publisher\" content=\"https:\/\/facebook.com\/ikisbaby\" \/>\n<meta property=\"article:modified_time\" content=\"2019-10-06T16:29:00+00:00\" \/>\n<meta property=\"og:image\" content=\"https:\/\/ikisbaby.com\/wp-content\/uploads\/2019\/03\/kit_chupeta_rosa_pintas.jpg\" \/>\n\t<meta property=\"og:image:width\" content=\"768\" \/>\n\t<meta property=\"og:image:height\" content=\"1024\" \/>\n\t<meta property=\"og:image:type\" content=\"image\/jpeg\" \/>\n<script type=\"application\/ld+json\" class=\"yoast-schema-graph\">{\"@context\":\"https:\/\/schema.org\",\"@graph\":[{\"@type\":\"WebPage\",\"@id\":\"https:\/\/ikisbaby.com\/index.php\/produto\/kit-chupeta-rosa-e-branco\/\",\"url\":\"https:\/\/ikisbaby.com\/index.php\/produto\/kit-chupeta-rosa-e-branco\/\",\"name\":\"Kit chupeta rosa e branco para beb\u00e9 - Ikisbaby - Loja Online\",\"isPartOf\":{\"@id\":\"https:\/\/ikisbaby.com\/#website\"},\"primaryImageOfPage\":{\"@id\":\"https:\/\/ikisbaby.com\/index.php\/produto\/kit-chupeta-rosa-e-branco\/#primaryimage\"},\"image\":{\"@id\":\"https:\/\/ikisbaby.com\/index.php\/produto\/kit-chupeta-rosa-e-branco\/#primaryimage\"},\"thumbnailUrl\":\"https:\/\/ikisbaby.com\/wp-content\/uploads\/2019\/03\/kit_chupeta_rosa_pintas.jpg\",\"datePublished\":\"2019-03-30T16:20:56+00:00\",\"dateModified\":\"2019-10-06T16:29:00+00:00\",\"description\":\"Kit de bolsa com fita para a chupeta do beb\u00e9 em rosa e branco. Acess\u00f3rio essencial para o seu beb\u00e9. A fita mant\u00e9m a chucha segura evitando que caia.\",\"breadcrumb\":{\"@id\":\"https:\/\/ikisbaby.com\/index.php\/produto\/kit-chupeta-rosa-e-branco\/#breadcrumb\"},\"inLanguage\":\"pt-PT\",\"potentialAction\":[{\"@type\":\"ReadAction\",\"target\":[\"https:\/\/ikisbaby.com\/index.php\/produto\/kit-chupeta-rosa-e-branco\/\"]}]},{\"@type\":\"ImageObject\",\"inLanguage\":\"pt-PT\",\"@id\":\"https:\/\/ikisbaby.com\/index.php\/produto\/kit-chupeta-rosa-e-branco\/#primaryimage\",\"url\":\"https:\/\/ikisbaby.com\/wp-content\/uploads\/2019\/03\/kit_chupeta_rosa_pintas.jpg\",\"contentUrl\":\"https:\/\/ikisbaby.com\/wp-content\/uploads\/2019\/03\/kit_chupeta_rosa_pintas.jpg\",\"width\":768,\"height\":1024,\"caption\":\"Kit chupeta rosa e branco\"},{\"@type\":\"BreadcrumbList\",\"@id\":\"https:\/\/ikisbaby.com\/index.php\/produto\/kit-chupeta-rosa-e-branco\/#breadcrumb\",\"itemListElement\":[{\"@type\":\"ListItem\",\"position\":1,\"name\":\"In\u00edcio\",\"item\":\"https:\/\/ikisbaby.com\/\"},{\"@type\":\"ListItem\",\"position\":2,\"name\":\"Loja\",\"item\":\"https:\/\/ikisbaby.com\/index.php\/loja-roupa-para-bebe\/\"},{\"@type\":\"ListItem\",\"position\":3,\"name\":\"Kit Chupeta Rosa e Branco\"}]},{\"@type\":\"WebSite\",\"@id\":\"https:\/\/ikisbaby.com\/#website\",\"url\":\"https:\/\/ikisbaby.com\/\",\"name\":\"Ikisbaby\",\"description\":\"Loja Online para Beb\u00e9\",\"publisher\":{\"@id\":\"https:\/\/ikisbaby.com\/#organization\"},\"potentialAction\":[{\"@type\":\"SearchAction\",\"target\":{\"@type\":\"EntryPoint\",\"urlTemplate\":\"https:\/\/ikisbaby.com\/?s={search_term_string}\"},\"query-input\":{\"@type\":\"PropertyValueSpecification\",\"valueRequired\":true,\"valueName\":\"search_term_string\"}}],\"inLanguage\":\"pt-PT\"},{\"@type\":\"Organization\",\"@id\":\"https:\/\/ikisbaby.com\/#organization\",\"name\":\"Ikisbaby\",\"url\":\"https:\/\/ikisbaby.com\/\",\"logo\":{\"@type\":\"ImageObject\",\"inLanguage\":\"pt-PT\",\"@id\":\"https:\/\/ikisbaby.com\/#\/schema\/logo\/image\/\",\"url\":\"https:\/\/ikisbaby.com\/wp-content\/uploads\/2019\/02\/favicon.png\",\"contentUrl\":\"https:\/\/ikisbaby.com\/wp-content\/uploads\/2019\/02\/favicon.png\",\"width\":512,\"height\":512,\"caption\":\"Ikisbaby\"},\"image\":{\"@id\":\"https:\/\/ikisbaby.com\/#\/schema\/logo\/image\/\"},\"sameAs\":[\"https:\/\/facebook.com\/ikisbaby\",\"https:\/\/www.instagram.com\/ikisbaby\/\"]}]}<\/script>\n<!-- \/ Yoast SEO plugin. -->","yoast_head_json":{"title":"Kit chupeta rosa e branco para beb\u00e9 - Ikisbaby - Loja Online","description":"Kit de bolsa com fita para a chupeta do beb\u00e9 em rosa e branco. Acess\u00f3rio essencial para o seu beb\u00e9. A fita mant\u00e9m a chucha segura evitando que caia.","robots":{"index":"index","follow":"follow","max-snippet":"max-snippet:-1","max-image-preview":"max-image-preview:large","max-video-preview":"max-video-preview:-1"},"canonical":"https:\/\/ikisbaby.com\/index.php\/produto\/kit-chupeta-rosa-e-branco\/","og_locale":"pt_PT","og_type":"article","og_title":"Kit chupeta rosa e branco para beb\u00e9 - Ikisbaby - Loja Online","og_description":"Kit de bolsa com fita para a chupeta do beb\u00e9 em rosa e branco. Acess\u00f3rio essencial para o seu beb\u00e9. A fita mant\u00e9m a chucha segura evitando que caia.","og_url":"https:\/\/ikisbaby.com\/index.php\/produto\/kit-chupeta-rosa-e-branco\/","og_site_name":"Ikisbaby","article_publisher":"https:\/\/facebook.com\/ikisbaby","article_modified_time":"2019-10-06T16:29:00+00:00","og_image":[{"width":768,"height":1024,"url":"https:\/\/ikisbaby.com\/wp-content\/uploads\/2019\/03\/kit_chupeta_rosa_pintas.jpg","type":"image\/jpeg"}],"schema":{"@context":"https:\/\/schema.org","@graph":[{"@type":"WebPage","@id":"https:\/\/ikisbaby.com\/index.php\/produto\/kit-chupeta-rosa-e-branco\/","url":"https:\/\/ikisbaby.com\/index.php\/produto\/kit-chupeta-rosa-e-branco\/","name":"Kit chupeta rosa e branco para beb\u00e9 - Ikisbaby - Loja Online","isPartOf":{"@id":"https:\/\/ikisbaby.com\/#website"},"primaryImageOfPage":{"@id":"https:\/\/ikisbaby.com\/index.php\/produto\/kit-chupeta-rosa-e-branco\/#primaryimage"},"image":{"@id":"https:\/\/ikisbaby.com\/index.php\/produto\/kit-chupeta-rosa-e-branco\/#primaryimage"},"thumbnailUrl":"https:\/\/ikisbaby.com\/wp-content\/uploads\/2019\/03\/kit_chupeta_rosa_pintas.jpg","datePublished":"2019-03-30T16:20:56+00:00","dateModified":"2019-10-06T16:29:00+00:00","description":"Kit de bolsa com fita para a chupeta do beb\u00e9 em rosa e branco. Acess\u00f3rio essencial para o seu beb\u00e9. A fita mant\u00e9m a chucha segura evitando que caia.","breadcrumb":{"@id":"https:\/\/ikisbaby.com\/index.php\/produto\/kit-chupeta-rosa-e-branco\/#breadcrumb"},"inLanguage":"pt-PT","potentialAction":[{"@type":"ReadAction","target":["https:\/\/ikisbaby.com\/index.php\/produto\/kit-chupeta-rosa-e-branco\/"]}]},{"@type":"ImageObject","inLanguage":"pt-PT","@id":"https:\/\/ikisbaby.com\/index.php\/produto\/kit-chupeta-rosa-e-branco\/#primaryimage","url":"https:\/\/ikisbaby.com\/wp-content\/uploads\/2019\/03\/kit_chupeta_rosa_pintas.jpg","contentUrl":"https:\/\/ikisbaby.com\/wp-content\/uploads\/2019\/03\/kit_chupeta_rosa_pintas.jpg","width":768,"height":1024,"caption":"Kit chupeta rosa e branco"},{"@type":"BreadcrumbList","@id":"https:\/\/ikisbaby.com\/index.php\/produto\/kit-chupeta-rosa-e-branco\/#breadcrumb","itemListElement":[{"@type":"ListItem","position":1,"name":"In\u00edcio","item":"https:\/\/ikisbaby.com\/"},{"@type":"ListItem","position":2,"name":"Loja","item":"https:\/\/ikisbaby.com\/index.php\/loja-roupa-para-bebe\/"},{"@type":"ListItem","position":3,"name":"Kit Chupeta Rosa e Branco"}]},{"@type":"WebSite","@id":"https:\/\/ikisbaby.com\/#website","url":"https:\/\/ikisbaby.com\/","name":"Ikisbaby","description":"Loja Online para Beb\u00e9","publisher":{"@id":"https:\/\/ikisbaby.com\/#organization"},"potentialAction":[{"@type":"SearchAction","target":{"@type":"EntryPoint","urlTemplate":"https:\/\/ikisbaby.com\/?s={search_term_string}"},"query-input":{"@type":"PropertyValueSpecification","valueRequired":true,"valueName":"search_term_string"}}],"inLanguage":"pt-PT"},{"@type":"Organization","@id":"https:\/\/ikisbaby.com\/#organization","name":"Ikisbaby","url":"https:\/\/ikisbaby.com\/","logo":{"@type":"ImageObject","inLanguage":"pt-PT","@id":"https:\/\/ikisbaby.com\/#\/schema\/logo\/image\/","url":"https:\/\/ikisbaby.com\/wp-content\/uploads\/2019\/02\/favicon.png","contentUrl":"https:\/\/ikisbaby.com\/wp-content\/uploads\/2019\/02\/favicon.png","width":512,"height":512,"caption":"Ikisbaby"},"image":{"@id":"https:\/\/ikisbaby.com\/#\/schema\/logo\/image\/"},"sameAs":["https:\/\/facebook.com\/ikisbaby","https:\/\/www.instagram.com\/ikisbaby\/"]}]}},"_links":{"self":[{"href":"https:\/\/ikisbaby.com\/index.php\/wp-json\/wp\/v2\/product\/16369","targetHints":{"allow":["GET"]}}],"collection":[{"href":"https:\/\/ikisbaby.com\/index.php\/wp-json\/wp\/v2\/product"}],"about":[{"href":"https:\/\/ikisbaby.com\/index.php\/wp-json\/wp\/v2\/types\/product"}],"replies":[{"embeddable":true,"href":"https:\/\/ikisbaby.com\/index.php\/wp-json\/wp\/v2\/comments?post=16369"}],"version-history":[{"count":0,"href":"https:\/\/ikisbaby.com\/index.php\/wp-json\/wp\/v2\/product\/16369\/revisions"}],"wp:featuredmedia":[{"embeddable":true,"href":"https:\/\/ikisbaby.com\/index.php\/wp-json\/wp\/v2\/media\/16370"}],"wp:attachment":[{"href":"https:\/\/ikisbaby.com\/index.php\/wp-json\/wp\/v2\/media?parent=16369"}],"wp:term":[{"taxonomy":"product_brand","embeddable":true,"href":"https:\/\/ikisbaby.com\/index.php\/wp-json\/wp\/v2\/product_brand?post=16369"},{"taxonomy":"product_cat","embeddable":true,"href":"https:\/\/ikisbaby.com\/index.php\/wp-json\/wp\/v2\/product_cat?post=16369"},{"taxonomy":"product_tag","embeddable":true,"href":"https:\/\/ikisbaby.com\/index.php\/wp-json\/wp\/v2\/product_tag?post=16369"}],"curies":[{"name":"wp","href":"https:\/\/api.w.org\/{rel}","templated":true}]}}