{"id":16117,"date":"2019-03-17T20:32:38","date_gmt":"2019-03-17T20:32:38","guid":{"rendered":"https:\/\/ikisbaby.com\/?post_type=product&#038;p=16117"},"modified":"2024-06-19T11:38:14","modified_gmt":"2024-06-19T10:38:14","slug":"conjunto-algodao-girafa","status":"publish","type":"product","link":"https:\/\/ikisbaby.com\/index.php\/produto\/conjunto-algodao-girafa\/","title":{"rendered":"Conjunto Algod\u00e3o Girafa"},"content":{"rendered":"<p>Conjunto Algod\u00e3o Girafa Rosa.<\/p>\n<p>Conjunto de 2 pe\u00e7as em algod\u00e3o com bordado fofinho de girafa e hipop\u00f3tamo.<\/p>\n<p>Conjunto de beb\u00e9 composto por cal\u00e7a com p\u00e9 e camisola com molas atr\u00e1s.<\/p>\n<p>Composi\u00e7\u00e3o: 100% Algod\u00e3o.<\/p>\n","protected":false},"excerpt":{"rendered":"<p>Conjunto Algod\u00e3o Girafa.<\/p>\n<p>Conjunto de 2 pe\u00e7as em algod\u00e3o com bordado fofinho de girafa e hipop\u00f3tamo.<\/p>\n<p>Conjunto de beb\u00e9 composto por cal\u00e7a com p\u00e9 e camisola com molas atr\u00e1s.<\/p>\n<p>Composi\u00e7\u00e3o: 100% Algod\u00e3o.<\/p>\n","protected":false},"featured_media":16120,"comment_status":"closed","ping_status":"closed","template":"","meta":[],"product_brand":[],"product_cat":[303,264,56],"product_tag":[95,314,318],"class_list":{"0":"post-16117","1":"product","2":"type-product","3":"status-publish","6":"product_cat-primavera-verao-2024","7":"product_cat-saldos","8":"product_cat-babygrows-menina","9":"product_tag-conjunto-de-bebe","10":"product_tag-enxoval-de-bebe","11":"product_tag-roupa-de-bebe","13":"first","14":"instock","15":"taxable","16":"shipping-taxable","17":"purchasable","18":"product-type-variable"},"yoast_head":"<!-- This site is optimized with the Yoast SEO plugin v27.0 - https:\/\/yoast.com\/product\/yoast-seo-wordpress\/ -->\n<title>Conjunto Algod\u00e3o Girafa Rosa - Ikisbaby - Loja Online<\/title>\n<meta name=\"description\" content=\"Conjunto Algod\u00e3o Girafa rosa.Conjunto de 2 pe\u00e7as em algod\u00e3o com bordado fofinho de girafa e hipop\u00f3tamo.Conjunto de beb\u00e9 composto por cal\u00e7a e camisola.\" \/>\n<meta name=\"robots\" content=\"index, follow, max-snippet:-1, max-image-preview:large, max-video-preview:-1\" \/>\n<link rel=\"canonical\" href=\"https:\/\/ikisbaby.com\/index.php\/produto\/conjunto-algodao-girafa\/\" \/>\n<meta property=\"og:locale\" content=\"pt_PT\" \/>\n<meta property=\"og:type\" content=\"article\" \/>\n<meta property=\"og:title\" content=\"Conjunto Algod\u00e3o Girafa Rosa - Ikisbaby - Loja Online\" \/>\n<meta property=\"og:description\" content=\"Conjunto Algod\u00e3o Girafa rosa.Conjunto de 2 pe\u00e7as em algod\u00e3o com bordado fofinho de girafa e hipop\u00f3tamo.Conjunto de beb\u00e9 composto por cal\u00e7a e camisola.\" \/>\n<meta property=\"og:url\" content=\"https:\/\/ikisbaby.com\/index.php\/produto\/conjunto-algodao-girafa\/\" \/>\n<meta property=\"og:site_name\" content=\"Ikisbaby\" \/>\n<meta property=\"article:publisher\" content=\"https:\/\/facebook.com\/ikisbaby\" \/>\n<meta property=\"article:modified_time\" content=\"2024-06-19T10:38:14+00:00\" \/>\n<meta property=\"og:image\" content=\"https:\/\/ikisbaby.com\/wp-content\/uploads\/2019\/03\/conj2pecas_girafa_chiclete.jpg\" \/>\n\t<meta property=\"og:image:width\" content=\"768\" \/>\n\t<meta property=\"og:image:height\" content=\"1024\" \/>\n\t<meta property=\"og:image:type\" content=\"image\/jpeg\" \/>\n<script type=\"application\/ld+json\" class=\"yoast-schema-graph\">{\"@context\":\"https:\/\/schema.org\",\"@graph\":[{\"@type\":\"WebPage\",\"@id\":\"https:\/\/ikisbaby.com\/index.php\/produto\/conjunto-algodao-girafa\/\",\"url\":\"https:\/\/ikisbaby.com\/index.php\/produto\/conjunto-algodao-girafa\/\",\"name\":\"Conjunto Algod\u00e3o Girafa Rosa - Ikisbaby - Loja Online\",\"isPartOf\":{\"@id\":\"https:\/\/ikisbaby.com\/#website\"},\"primaryImageOfPage\":{\"@id\":\"https:\/\/ikisbaby.com\/index.php\/produto\/conjunto-algodao-girafa\/#primaryimage\"},\"image\":{\"@id\":\"https:\/\/ikisbaby.com\/index.php\/produto\/conjunto-algodao-girafa\/#primaryimage\"},\"thumbnailUrl\":\"https:\/\/ikisbaby.com\/wp-content\/uploads\/2019\/03\/conj2pecas_girafa_chiclete.jpg\",\"datePublished\":\"2019-03-17T20:32:38+00:00\",\"dateModified\":\"2024-06-19T10:38:14+00:00\",\"description\":\"Conjunto Algod\u00e3o Girafa rosa.Conjunto de 2 pe\u00e7as em algod\u00e3o com bordado fofinho de girafa e hipop\u00f3tamo.Conjunto de beb\u00e9 composto por cal\u00e7a e camisola.\",\"breadcrumb\":{\"@id\":\"https:\/\/ikisbaby.com\/index.php\/produto\/conjunto-algodao-girafa\/#breadcrumb\"},\"inLanguage\":\"pt-PT\",\"potentialAction\":[{\"@type\":\"ReadAction\",\"target\":[\"https:\/\/ikisbaby.com\/index.php\/produto\/conjunto-algodao-girafa\/\"]}]},{\"@type\":\"ImageObject\",\"inLanguage\":\"pt-PT\",\"@id\":\"https:\/\/ikisbaby.com\/index.php\/produto\/conjunto-algodao-girafa\/#primaryimage\",\"url\":\"https:\/\/ikisbaby.com\/wp-content\/uploads\/2019\/03\/conj2pecas_girafa_chiclete.jpg\",\"contentUrl\":\"https:\/\/ikisbaby.com\/wp-content\/uploads\/2019\/03\/conj2pecas_girafa_chiclete.jpg\",\"width\":768,\"height\":1024,\"caption\":\"Conjunto Algod\u00e3o Girafa Rosa\"},{\"@type\":\"BreadcrumbList\",\"@id\":\"https:\/\/ikisbaby.com\/index.php\/produto\/conjunto-algodao-girafa\/#breadcrumb\",\"itemListElement\":[{\"@type\":\"ListItem\",\"position\":1,\"name\":\"In\u00edcio\",\"item\":\"https:\/\/ikisbaby.com\/\"},{\"@type\":\"ListItem\",\"position\":2,\"name\":\"Loja\",\"item\":\"https:\/\/ikisbaby.com\/index.php\/loja-roupa-para-bebe\/\"},{\"@type\":\"ListItem\",\"position\":3,\"name\":\"Conjunto Algod\u00e3o Girafa\"}]},{\"@type\":\"WebSite\",\"@id\":\"https:\/\/ikisbaby.com\/#website\",\"url\":\"https:\/\/ikisbaby.com\/\",\"name\":\"Ikisbaby\",\"description\":\"Loja Online para Beb\u00e9\",\"publisher\":{\"@id\":\"https:\/\/ikisbaby.com\/#organization\"},\"potentialAction\":[{\"@type\":\"SearchAction\",\"target\":{\"@type\":\"EntryPoint\",\"urlTemplate\":\"https:\/\/ikisbaby.com\/?s={search_term_string}\"},\"query-input\":{\"@type\":\"PropertyValueSpecification\",\"valueRequired\":true,\"valueName\":\"search_term_string\"}}],\"inLanguage\":\"pt-PT\"},{\"@type\":\"Organization\",\"@id\":\"https:\/\/ikisbaby.com\/#organization\",\"name\":\"Ikisbaby\",\"url\":\"https:\/\/ikisbaby.com\/\",\"logo\":{\"@type\":\"ImageObject\",\"inLanguage\":\"pt-PT\",\"@id\":\"https:\/\/ikisbaby.com\/#\/schema\/logo\/image\/\",\"url\":\"https:\/\/ikisbaby.com\/wp-content\/uploads\/2019\/02\/favicon.png\",\"contentUrl\":\"https:\/\/ikisbaby.com\/wp-content\/uploads\/2019\/02\/favicon.png\",\"width\":512,\"height\":512,\"caption\":\"Ikisbaby\"},\"image\":{\"@id\":\"https:\/\/ikisbaby.com\/#\/schema\/logo\/image\/\"},\"sameAs\":[\"https:\/\/facebook.com\/ikisbaby\",\"https:\/\/www.instagram.com\/ikisbaby\/\"]}]}<\/script>\n<!-- \/ Yoast SEO plugin. -->","yoast_head_json":{"title":"Conjunto Algod\u00e3o Girafa Rosa - Ikisbaby - Loja Online","description":"Conjunto Algod\u00e3o Girafa rosa.Conjunto de 2 pe\u00e7as em algod\u00e3o com bordado fofinho de girafa e hipop\u00f3tamo.Conjunto de beb\u00e9 composto por cal\u00e7a e camisola.","robots":{"index":"index","follow":"follow","max-snippet":"max-snippet:-1","max-image-preview":"max-image-preview:large","max-video-preview":"max-video-preview:-1"},"canonical":"https:\/\/ikisbaby.com\/index.php\/produto\/conjunto-algodao-girafa\/","og_locale":"pt_PT","og_type":"article","og_title":"Conjunto Algod\u00e3o Girafa Rosa - Ikisbaby - Loja Online","og_description":"Conjunto Algod\u00e3o Girafa rosa.Conjunto de 2 pe\u00e7as em algod\u00e3o com bordado fofinho de girafa e hipop\u00f3tamo.Conjunto de beb\u00e9 composto por cal\u00e7a e camisola.","og_url":"https:\/\/ikisbaby.com\/index.php\/produto\/conjunto-algodao-girafa\/","og_site_name":"Ikisbaby","article_publisher":"https:\/\/facebook.com\/ikisbaby","article_modified_time":"2024-06-19T10:38:14+00:00","og_image":[{"width":768,"height":1024,"url":"https:\/\/ikisbaby.com\/wp-content\/uploads\/2019\/03\/conj2pecas_girafa_chiclete.jpg","type":"image\/jpeg"}],"schema":{"@context":"https:\/\/schema.org","@graph":[{"@type":"WebPage","@id":"https:\/\/ikisbaby.com\/index.php\/produto\/conjunto-algodao-girafa\/","url":"https:\/\/ikisbaby.com\/index.php\/produto\/conjunto-algodao-girafa\/","name":"Conjunto Algod\u00e3o Girafa Rosa - Ikisbaby - Loja Online","isPartOf":{"@id":"https:\/\/ikisbaby.com\/#website"},"primaryImageOfPage":{"@id":"https:\/\/ikisbaby.com\/index.php\/produto\/conjunto-algodao-girafa\/#primaryimage"},"image":{"@id":"https:\/\/ikisbaby.com\/index.php\/produto\/conjunto-algodao-girafa\/#primaryimage"},"thumbnailUrl":"https:\/\/ikisbaby.com\/wp-content\/uploads\/2019\/03\/conj2pecas_girafa_chiclete.jpg","datePublished":"2019-03-17T20:32:38+00:00","dateModified":"2024-06-19T10:38:14+00:00","description":"Conjunto Algod\u00e3o Girafa rosa.Conjunto de 2 pe\u00e7as em algod\u00e3o com bordado fofinho de girafa e hipop\u00f3tamo.Conjunto de beb\u00e9 composto por cal\u00e7a e camisola.","breadcrumb":{"@id":"https:\/\/ikisbaby.com\/index.php\/produto\/conjunto-algodao-girafa\/#breadcrumb"},"inLanguage":"pt-PT","potentialAction":[{"@type":"ReadAction","target":["https:\/\/ikisbaby.com\/index.php\/produto\/conjunto-algodao-girafa\/"]}]},{"@type":"ImageObject","inLanguage":"pt-PT","@id":"https:\/\/ikisbaby.com\/index.php\/produto\/conjunto-algodao-girafa\/#primaryimage","url":"https:\/\/ikisbaby.com\/wp-content\/uploads\/2019\/03\/conj2pecas_girafa_chiclete.jpg","contentUrl":"https:\/\/ikisbaby.com\/wp-content\/uploads\/2019\/03\/conj2pecas_girafa_chiclete.jpg","width":768,"height":1024,"caption":"Conjunto Algod\u00e3o Girafa Rosa"},{"@type":"BreadcrumbList","@id":"https:\/\/ikisbaby.com\/index.php\/produto\/conjunto-algodao-girafa\/#breadcrumb","itemListElement":[{"@type":"ListItem","position":1,"name":"In\u00edcio","item":"https:\/\/ikisbaby.com\/"},{"@type":"ListItem","position":2,"name":"Loja","item":"https:\/\/ikisbaby.com\/index.php\/loja-roupa-para-bebe\/"},{"@type":"ListItem","position":3,"name":"Conjunto Algod\u00e3o Girafa"}]},{"@type":"WebSite","@id":"https:\/\/ikisbaby.com\/#website","url":"https:\/\/ikisbaby.com\/","name":"Ikisbaby","description":"Loja Online para Beb\u00e9","publisher":{"@id":"https:\/\/ikisbaby.com\/#organization"},"potentialAction":[{"@type":"SearchAction","target":{"@type":"EntryPoint","urlTemplate":"https:\/\/ikisbaby.com\/?s={search_term_string}"},"query-input":{"@type":"PropertyValueSpecification","valueRequired":true,"valueName":"search_term_string"}}],"inLanguage":"pt-PT"},{"@type":"Organization","@id":"https:\/\/ikisbaby.com\/#organization","name":"Ikisbaby","url":"https:\/\/ikisbaby.com\/","logo":{"@type":"ImageObject","inLanguage":"pt-PT","@id":"https:\/\/ikisbaby.com\/#\/schema\/logo\/image\/","url":"https:\/\/ikisbaby.com\/wp-content\/uploads\/2019\/02\/favicon.png","contentUrl":"https:\/\/ikisbaby.com\/wp-content\/uploads\/2019\/02\/favicon.png","width":512,"height":512,"caption":"Ikisbaby"},"image":{"@id":"https:\/\/ikisbaby.com\/#\/schema\/logo\/image\/"},"sameAs":["https:\/\/facebook.com\/ikisbaby","https:\/\/www.instagram.com\/ikisbaby\/"]}]}},"_links":{"self":[{"href":"https:\/\/ikisbaby.com\/index.php\/wp-json\/wp\/v2\/product\/16117","targetHints":{"allow":["GET"]}}],"collection":[{"href":"https:\/\/ikisbaby.com\/index.php\/wp-json\/wp\/v2\/product"}],"about":[{"href":"https:\/\/ikisbaby.com\/index.php\/wp-json\/wp\/v2\/types\/product"}],"replies":[{"embeddable":true,"href":"https:\/\/ikisbaby.com\/index.php\/wp-json\/wp\/v2\/comments?post=16117"}],"version-history":[{"count":1,"href":"https:\/\/ikisbaby.com\/index.php\/wp-json\/wp\/v2\/product\/16117\/revisions"}],"predecessor-version":[{"id":28710,"href":"https:\/\/ikisbaby.com\/index.php\/wp-json\/wp\/v2\/product\/16117\/revisions\/28710"}],"wp:featuredmedia":[{"embeddable":true,"href":"https:\/\/ikisbaby.com\/index.php\/wp-json\/wp\/v2\/media\/16120"}],"wp:attachment":[{"href":"https:\/\/ikisbaby.com\/index.php\/wp-json\/wp\/v2\/media?parent=16117"}],"wp:term":[{"taxonomy":"product_brand","embeddable":true,"href":"https:\/\/ikisbaby.com\/index.php\/wp-json\/wp\/v2\/product_brand?post=16117"},{"taxonomy":"product_cat","embeddable":true,"href":"https:\/\/ikisbaby.com\/index.php\/wp-json\/wp\/v2\/product_cat?post=16117"},{"taxonomy":"product_tag","embeddable":true,"href":"https:\/\/ikisbaby.com\/index.php\/wp-json\/wp\/v2\/product_tag?post=16117"}],"curies":[{"name":"wp","href":"https:\/\/api.w.org\/{rel}","templated":true}]}}