{"id":15107,"date":"2019-02-09T16:54:04","date_gmt":"2019-02-09T16:54:04","guid":{"rendered":"http:\/\/ikisbaby.com\/?page_id=15107"},"modified":"2025-02-19T09:40:52","modified_gmt":"2025-02-19T09:40:52","slug":"entregas-2","status":"publish","type":"page","link":"https:\/\/ikisbaby.com\/index.php\/entregas-2\/","title":{"rendered":"Envio de Encomendas"},"content":{"rendered":"\n<p>O valor dos portes \u00e9 de <strong>5,50\u20ac por encomenda<\/strong>.<\/p>\n\n\n\n<p><strong>Em compras superiores a 65\u20ac envio \u00e9 gratuito<\/strong>.<strong> <\/strong><\/p>\n\n\n\n<p>V\u00e1lido para Portugal continental e Ilhas.<\/p>\n\n\n\n<h4 class=\"wp-block-heading\"><strong>Prazo de entrega:<\/strong><br><\/h4>\n\n\n\n<p>As encomendas s\u00e3o enviadas atrav\u00e9s de <strong>Transportadora Expresso<\/strong> (Portugal Continental) ou <strong>CTT registado<\/strong> (Ilhas), o prazo previsto para entrega em Portugal Continental \u00e9 de <strong>2 a 3 dias \u00fateis<\/strong> ap\u00f3s expedi\u00e7\u00e3o. Para as Ilhas o prazo de entrega \u00e9 de 5 a 8 dias \u00fateis.<\/p>\n\n\n\n<p>Se por motivo de endere\u00e7o incorreto\/insuficiente, for necess\u00e1rio um  reenvio, os portes ser\u00e3o suportados pelo &#8220;Comprador&#8221;.<\/p>\n\n\n\n<h4 class=\"wp-block-heading\"><strong>Estado do pedido:<\/strong><\/h4>\n\n\n\n<p>\u2022 Aguarda pagamento \u2013 A encomenda foi recebida  e aguarda pagamento para ser processada.<\/p>\n\n\n\n<p>\u2022 Em processamento \u2013 A encomenda est\u00e1 a ser processada pelos servi\u00e7os de expedi\u00e7\u00e3o.<\/p>\n\n\n\n<p>\u2022 Conclu\u00eddo \u2013 Encomenda recebida pelo cliente. <\/p>\n","protected":false},"excerpt":{"rendered":"<p>O valor dos portes \u00e9 de 5,50\u20ac por encomenda. Em compras superiores a 65\u20ac envio \u00e9 gratuito. V\u00e1lido para Portugal continental e Ilhas. Prazo de entrega: As encomendas s\u00e3o enviadas<\/p>\n","protected":false},"author":1,"featured_media":0,"parent":0,"menu_order":0,"comment_status":"closed","ping_status":"closed","template":"","meta":{"footnotes":""},"class_list":{"1":"page","2":"type-page","3":"status-publish","4":"hentry"},"yoast_head":"<!-- This site is optimized with the Yoast SEO plugin v27.0 - https:\/\/yoast.com\/product\/yoast-seo-wordpress\/ -->\n<title>Envio de Encomendas - Ikisbaby<\/title>\n<meta name=\"robots\" content=\"index, follow, max-snippet:-1, max-image-preview:large, max-video-preview:-1\" \/>\n<link rel=\"canonical\" href=\"https:\/\/ikisbaby.com\/index.php\/entregas-2\/\" \/>\n<meta property=\"og:locale\" content=\"pt_PT\" \/>\n<meta property=\"og:type\" content=\"article\" \/>\n<meta property=\"og:title\" content=\"Envio de Encomendas - Ikisbaby\" \/>\n<meta property=\"og:description\" content=\"O valor dos portes \u00e9 de 5,50\u20ac por encomenda. Em compras superiores a 65\u20ac envio \u00e9 gratuito. V\u00e1lido para Portugal continental e Ilhas. Prazo de entrega: As encomendas s\u00e3o enviadas\" \/>\n<meta property=\"og:url\" content=\"https:\/\/ikisbaby.com\/index.php\/entregas-2\/\" \/>\n<meta property=\"og:site_name\" content=\"Ikisbaby\" \/>\n<meta property=\"article:publisher\" content=\"https:\/\/facebook.com\/ikisbaby\" \/>\n<meta property=\"article:modified_time\" content=\"2025-02-19T09:40:52+00:00\" \/>\n<meta property=\"og:image\" content=\"https:\/\/ikisbaby.com\/wp-content\/uploads\/2019\/02\/favicon.png\" \/>\n\t<meta property=\"og:image:width\" content=\"512\" \/>\n\t<meta property=\"og:image:height\" content=\"512\" \/>\n\t<meta property=\"og:image:type\" content=\"image\/png\" \/>\n<script type=\"application\/ld+json\" class=\"yoast-schema-graph\">{\"@context\":\"https:\/\/schema.org\",\"@graph\":[{\"@type\":\"WebPage\",\"@id\":\"https:\/\/ikisbaby.com\/index.php\/entregas-2\/\",\"url\":\"https:\/\/ikisbaby.com\/index.php\/entregas-2\/\",\"name\":\"Envio de Encomendas - Ikisbaby\",\"isPartOf\":{\"@id\":\"https:\/\/ikisbaby.com\/#website\"},\"datePublished\":\"2019-02-09T16:54:04+00:00\",\"dateModified\":\"2025-02-19T09:40:52+00:00\",\"breadcrumb\":{\"@id\":\"https:\/\/ikisbaby.com\/index.php\/entregas-2\/#breadcrumb\"},\"inLanguage\":\"pt-PT\",\"potentialAction\":[{\"@type\":\"ReadAction\",\"target\":[\"https:\/\/ikisbaby.com\/index.php\/entregas-2\/\"]}]},{\"@type\":\"BreadcrumbList\",\"@id\":\"https:\/\/ikisbaby.com\/index.php\/entregas-2\/#breadcrumb\",\"itemListElement\":[{\"@type\":\"ListItem\",\"position\":1,\"name\":\"In\u00edcio\",\"item\":\"https:\/\/ikisbaby.com\/\"},{\"@type\":\"ListItem\",\"position\":2,\"name\":\"Envio de Encomendas\"}]},{\"@type\":\"WebSite\",\"@id\":\"https:\/\/ikisbaby.com\/#website\",\"url\":\"https:\/\/ikisbaby.com\/\",\"name\":\"Ikisbaby\",\"description\":\"Loja Online para Beb\u00e9\",\"publisher\":{\"@id\":\"https:\/\/ikisbaby.com\/#organization\"},\"potentialAction\":[{\"@type\":\"SearchAction\",\"target\":{\"@type\":\"EntryPoint\",\"urlTemplate\":\"https:\/\/ikisbaby.com\/?s={search_term_string}\"},\"query-input\":{\"@type\":\"PropertyValueSpecification\",\"valueRequired\":true,\"valueName\":\"search_term_string\"}}],\"inLanguage\":\"pt-PT\"},{\"@type\":\"Organization\",\"@id\":\"https:\/\/ikisbaby.com\/#organization\",\"name\":\"Ikisbaby\",\"url\":\"https:\/\/ikisbaby.com\/\",\"logo\":{\"@type\":\"ImageObject\",\"inLanguage\":\"pt-PT\",\"@id\":\"https:\/\/ikisbaby.com\/#\/schema\/logo\/image\/\",\"url\":\"https:\/\/ikisbaby.com\/wp-content\/uploads\/2019\/02\/favicon.png\",\"contentUrl\":\"https:\/\/ikisbaby.com\/wp-content\/uploads\/2019\/02\/favicon.png\",\"width\":512,\"height\":512,\"caption\":\"Ikisbaby\"},\"image\":{\"@id\":\"https:\/\/ikisbaby.com\/#\/schema\/logo\/image\/\"},\"sameAs\":[\"https:\/\/facebook.com\/ikisbaby\",\"https:\/\/www.instagram.com\/ikisbaby\/\"]}]}<\/script>\n<!-- \/ Yoast SEO plugin. -->","yoast_head_json":{"title":"Envio de Encomendas - Ikisbaby","robots":{"index":"index","follow":"follow","max-snippet":"max-snippet:-1","max-image-preview":"max-image-preview:large","max-video-preview":"max-video-preview:-1"},"canonical":"https:\/\/ikisbaby.com\/index.php\/entregas-2\/","og_locale":"pt_PT","og_type":"article","og_title":"Envio de Encomendas - Ikisbaby","og_description":"O valor dos portes \u00e9 de 5,50\u20ac por encomenda. Em compras superiores a 65\u20ac envio \u00e9 gratuito. V\u00e1lido para Portugal continental e Ilhas. Prazo de entrega: As encomendas s\u00e3o enviadas","og_url":"https:\/\/ikisbaby.com\/index.php\/entregas-2\/","og_site_name":"Ikisbaby","article_publisher":"https:\/\/facebook.com\/ikisbaby","article_modified_time":"2025-02-19T09:40:52+00:00","og_image":[{"width":512,"height":512,"url":"https:\/\/ikisbaby.com\/wp-content\/uploads\/2019\/02\/favicon.png","type":"image\/png"}],"schema":{"@context":"https:\/\/schema.org","@graph":[{"@type":"WebPage","@id":"https:\/\/ikisbaby.com\/index.php\/entregas-2\/","url":"https:\/\/ikisbaby.com\/index.php\/entregas-2\/","name":"Envio de Encomendas - Ikisbaby","isPartOf":{"@id":"https:\/\/ikisbaby.com\/#website"},"datePublished":"2019-02-09T16:54:04+00:00","dateModified":"2025-02-19T09:40:52+00:00","breadcrumb":{"@id":"https:\/\/ikisbaby.com\/index.php\/entregas-2\/#breadcrumb"},"inLanguage":"pt-PT","potentialAction":[{"@type":"ReadAction","target":["https:\/\/ikisbaby.com\/index.php\/entregas-2\/"]}]},{"@type":"BreadcrumbList","@id":"https:\/\/ikisbaby.com\/index.php\/entregas-2\/#breadcrumb","itemListElement":[{"@type":"ListItem","position":1,"name":"In\u00edcio","item":"https:\/\/ikisbaby.com\/"},{"@type":"ListItem","position":2,"name":"Envio de Encomendas"}]},{"@type":"WebSite","@id":"https:\/\/ikisbaby.com\/#website","url":"https:\/\/ikisbaby.com\/","name":"Ikisbaby","description":"Loja Online para Beb\u00e9","publisher":{"@id":"https:\/\/ikisbaby.com\/#organization"},"potentialAction":[{"@type":"SearchAction","target":{"@type":"EntryPoint","urlTemplate":"https:\/\/ikisbaby.com\/?s={search_term_string}"},"query-input":{"@type":"PropertyValueSpecification","valueRequired":true,"valueName":"search_term_string"}}],"inLanguage":"pt-PT"},{"@type":"Organization","@id":"https:\/\/ikisbaby.com\/#organization","name":"Ikisbaby","url":"https:\/\/ikisbaby.com\/","logo":{"@type":"ImageObject","inLanguage":"pt-PT","@id":"https:\/\/ikisbaby.com\/#\/schema\/logo\/image\/","url":"https:\/\/ikisbaby.com\/wp-content\/uploads\/2019\/02\/favicon.png","contentUrl":"https:\/\/ikisbaby.com\/wp-content\/uploads\/2019\/02\/favicon.png","width":512,"height":512,"caption":"Ikisbaby"},"image":{"@id":"https:\/\/ikisbaby.com\/#\/schema\/logo\/image\/"},"sameAs":["https:\/\/facebook.com\/ikisbaby","https:\/\/www.instagram.com\/ikisbaby\/"]}]}},"_links":{"self":[{"href":"https:\/\/ikisbaby.com\/index.php\/wp-json\/wp\/v2\/pages\/15107","targetHints":{"allow":["GET"]}}],"collection":[{"href":"https:\/\/ikisbaby.com\/index.php\/wp-json\/wp\/v2\/pages"}],"about":[{"href":"https:\/\/ikisbaby.com\/index.php\/wp-json\/wp\/v2\/types\/page"}],"author":[{"embeddable":true,"href":"https:\/\/ikisbaby.com\/index.php\/wp-json\/wp\/v2\/users\/1"}],"replies":[{"embeddable":true,"href":"https:\/\/ikisbaby.com\/index.php\/wp-json\/wp\/v2\/comments?post=15107"}],"version-history":[{"count":10,"href":"https:\/\/ikisbaby.com\/index.php\/wp-json\/wp\/v2\/pages\/15107\/revisions"}],"predecessor-version":[{"id":28924,"href":"https:\/\/ikisbaby.com\/index.php\/wp-json\/wp\/v2\/pages\/15107\/revisions\/28924"}],"wp:attachment":[{"href":"https:\/\/ikisbaby.com\/index.php\/wp-json\/wp\/v2\/media?parent=15107"}],"curies":[{"name":"wp","href":"https:\/\/api.w.org\/{rel}","templated":true}]}}